000
CXUS51 KAKQ 090357
CF6RIC
PRELIMINARY LOCAL CLIMATOLOGICAL DATA (WS FORM: F-6)
STATION: RICHMOND VA
MONTH: JANUARY
YEAR: 2021
LATITUDE: 37 30 N
LONGITUDE: 77 20 W
TEMPERATURE IN F: :PCPN: SNOW: WIND :SUNSHINE: SKY :PK WND
================================================================================
1 2 3 4 5 6A 6B 7 8 9 10 11 12 13 14 15 16 17 18
12Z AVG MX 2MIN
DY MAX MIN AVG DEP HDD CDD WTR SNW DPTH SPD SPD DIR MIN PSBL S-S WX SPD DR
================================================================================
1 44 36 40 2 25 0 0.65 0.0 0 8.8 20 140 M M 10 18 21 140
2 66 37 52 14 13 0 0.01 0.0 0 6.9 14 290 M M 8 1 19 240
3 50 39 45 7 20 0 0.91 0.0 0 8.2 16 60 M M 10 1 20 60
4 47 34 41 3 24 0 0.00 0.0 0 5.9 16 360 M M 7 1 22 20
5 50 38 44 6 21 0 0.00 0.0 0 4.7 16 360 M M 9 21 350
6 48 32 40 2 25 0 0.00 0.0 0 9.7 22 340 M M 7 29 360
7 48 26 37 -1 28 0 0.00 0.0 0 4.7 16 340 M M 3 21 340
8 43 32 38 0 27 0 T T 0 7.6 15 350 M M 8 4 19 40
9 47 30 39 1 26 0 0.00 0.0 0 11.5 21 340 M M 1 25 340
10 52 27 40 2 25 0 0.00 0.0 0 4.9 20 360 M M 1 8 25 10
11 46 26 36 -2 29 0 0.02 0.0 0 2.8 9 240 M M 7 12 230
12 53 31 42 4 23 0 0.00 0.0 0 2.3 10 200 M M 3 1 12 60
13 54 26 40 2 25 0 0.00 0.0 0 3.4 13 210 M M 1 1 16 240
14 57 32 45 7 20 0 0.00 0.0 0 3.5 10 360 M M 5 13 360
15 55 29 42 4 23 0 0.17 0.0 0 6.4 17 180 M M 6 128 23 180
16 46 33 40 2 25 0 0.02 0.0 0 8.0 18 290 M M 7 1 23 300
17 50 29 40 2 25 0 0.00 0.0 0 9.8 18 260 M M 4 23 250
18 49 32 41 3 24 0 0.00 0.0 0 8.8 24 280 M M 7 30 300
19 57 26 42 4 23 0 0.00 0.0 0 8.0 22 250 M M 3 8 29 240
20 51 27 39 1 26 0 0.00 0.0 0 9.0 29 310 M M 3 36 290
21 58 25 42 4 23 0 0.00 0.0 0 7.9 18 260 M M 4 23 240
22 55 30 43 5 22 0 0.00 0.0 0 9.1 21 280 M M 2 26 280
23 40 24 32 -6 33 0 0.00 0.0 0 7.8 23 350 M M 1 32 350
24 43 19 31 -7 34 0 0.01 T 0 3.9 16 210 M M 5 21 210
25 44 34 39 1 26 0 0.62 0.0 0 4.8 13 50 M M 10 1 16 60
26 44 35 40 2 25 0 0.44 0.0 0 5.9 12 50 M M 10 1 15 120
27 50 37 44 6 21 0 0.00 0.0 0 7.7 15 30 M M 10 1 21 20
28 40 27 34 -4 31 0 0.01 0.2 T 16.1 31 350 M M 5 1 42 340
29 36 21 29 -9 36 0 0.00 0.0 0 9.3 22 340 M M 1 27 330
30 40 17 29 -9 36 0 0.00 0.0 0 3.6 14 350 M M 3 17 350
31 33 30 32 -7 33 0 0.72 3.0 1 8.3 15 360 M M 10 12 20 20
================================================================================
SM 1496 921 797 0 3.58 3.2 219.3 M 171
================================================================================
AV 48.3 29.7 7.1 FASTST M M 6 MAX(MPH)
MISC ----> 31 350 42 340
================================================================================
NOTES:
# LAST OF SEVERAL OCCURRENCES
COLUMN 17 PEAK WIND IN M.P.H.
PRELIMINARY LOCAL CLIMATOLOGICAL DATA (WS FORM: F-6) , PAGE 2
STATION: RICHMOND VA
MONTH: JANUARY
YEAR: 2021
LATITUDE: 37 30 N
LONGITUDE: 77 20 W
[TEMPERATURE DATA] [PRECIPITATION DATA] SYMBOLS USED IN COLUMN 16
AVERAGE MONTHLY: 39.0 TOTAL FOR MONTH: 3.58 1 = FOG OR MIST
DPTR FM NORMAL: 1.1 DPTR FM NORMAL: 0.54 2 = FOG REDUCING VISIBILITY
HIGHEST: 66 ON 2 GRTST 24HR 0.91 ON 3- 3 TO 1/4 MILE OR LESS
LOWEST: 17 ON 30 3 = THUNDER
SNOW, ICE PELLETS, HAIL 4 = ICE PELLETS
TOTAL MONTH: 3.2 INCHES 5 = HAIL
GRTST 24HR 3.0 ON 31-31 6 = FREEZING RAIN OR DRIZZLE
GRTST DEPTH: 1 ON 31 7 = DUSTSTORM OR SANDSTORM:
VSBY 1/2 MILE OR LESS
8 = SMOKE OR HAZE
[NO. OF DAYS WITH] [WEATHER - DAYS WITH] 9 = BLOWING SNOW
X = TORNADO
MAX 32 OR BELOW: 0 0.01 INCH OR MORE: 11
MAX 90 OR ABOVE: 0 0.10 INCH OR MORE: 6
MIN 32 OR BELOW: 22 0.50 INCH OR MORE: 4
MIN 0 OR BELOW: 0 1.00 INCH OR MORE: 0
[HDD (BASE 65) ]
TOTAL THIS MO. 797 CLEAR (SCALE 0-3) 9
DPTR FM NORMAL -45 PTCLDY (SCALE 4-7) 13
TOTAL FM JUL 1 1976 CLOUDY (SCALE 8-10) 9
DPTR FM NORMAL -279
[CDD (BASE 65) ]
TOTAL THIS MO. 0
DPTR FM NORMAL 0 [PRESSURE DATA]
TOTAL FM JAN 1 0 HIGHEST SLP 30.48 ON 1
DPTR FM NORMAL 0 LOWEST SLP 29.53 ON 16
[REMARKS]
#FINAL-01-21#