000
CXUS52 KFFC 011010
CF6RMG
PRELIMINARY LOCAL CLIMATOLOGICAL DATA (WS FORM: F-6)
STATION: ROME
MONTH: MARCH
YEAR: 2023
LATITUDE: 34 20 N
LONGITUDE: 85 10 W
TEMPERATURE IN F: :PCPN: SNOW: WIND :SUNSHINE: SKY :PK WND
================================================================================
1 2 3 4 5 6A 6B 7 8 9 10 11 12 13 14 15 16 17 18
12Z AVG MX 2MIN
DY MAX MIN AVG DEP HDD CDD WTR SNW DPTH SPD SPD DIR MIN PSBL S-S WX SPD DR
================================================================================
1 77 46 62 12 3 0 0.00 M M 2.2 15 180 M M 4 8 22 170
2 72 59 66 16 0 1 0.79 M M 4.7 17 280 M M 9 1 28 290
3 75 59 67 17 0 2 0.45 M M 13.2 33 170 M M 7 123 55 250
4 68 46 57 7 8 0 0.00 M M 4.4 13 340 M M 0 19 10
5 73 38 56 5 9 0 0.00 M M 2.5 13 100 M M 0 8 18 120
6 80 42 61 10 4 0 0.00 M M 2.1 9 210 M M 0 8 M M
7 79 52 66 15 0 1 0.00 M M 9.9 17 360 M M 0 30 350
8 M M M M M M 0.00 M M 5.8 M M M M 0 M M
9 60 M M M M M 0.07 M M 3.9 8 170 M M 10 1 12 170
10 66 47 57 5 8 0 0.25 M M 6.2 21 20 M M 9 1 25 20
11 62 38 50 -2 15 0 0.04 M M 5.1 14 360 M M 2 19 10
12 53 47 50 -2 15 0 1.23 M M 5.2 17 320 M M 10 138 25 140
13 55 36 46 -7 19 0 0.00 M M 9.9 18 320 M M 4 27 310
14 50 31 41 -12 24 0 0.00 M M 7.8 20 20 M M 1 27 20
15 61 31 46 -7 19 0 0.00 M M 4.1 13 360 M M 0 8 18 40
16 71 30 51 -2 14 0 0.00 M M 3.3 15 180 M M 0 20 170
17 63 41 52 -2 13 0 0.58 M M 6.0 16 350 M M 8 1 25 290
18 54 35 45 -9 20 0 0.00 M M 9.8 18 330 M M 0 27 320
19 45 30 38 -16 27 0 0.00 M M 9.8 17 360 M M 0 27 350
20 56 28 42 -12 23 0 0.00 M M 5.1 12 20 M M 1 8 15 10
21 63 28 46 -9 19 0 0.00 M M 4.7 16 170 M M 0 8 23 170
22 59 47 53 -2 12 0 0.20 M M 2.5 8 60 M M 8 18 12 160
23 84 46 65 10 0 0 0.00 M M 4.0 15 200 M M 2 12 22 200
24 81 53 67 11 0 2 0.00 M M 5.8 17 240 M M 4 26 220
25 82 59 71 15 0 6 1.23 M M 8.9 24 300 M M 4 13 46 300
26 78 52 65 9 0 0 0.28 M M 3.1 14 150 M M 6 13 18 170
27 81 62 72 16 0 7 0.00 M M 5.7 13 310 M M 3 20 310
28 81 49 65 9 0 0 0.00 M M 3.8 9 340 M M 0 M M
29 67 40 54 -3 11 0 0.00 M M 6.4 18 20 M M 0 25 20
30 74 37 56 -1 9 0 0.00 M M 1.7 10 110 M M 0 8 17 140
31 77 48 63 6 2 0 T M M 5.4 17 190 M M 6 26 180
================================================================================
SM 2047 1257 274 19 5.12 M 173.0 M 98
================================================================================
AV 68.2 43.3 5.6 FASTST M M 3 MAX(MPH)
MISC ----> 33 170 55 250
================================================================================
NOTES:
# LAST OF SEVERAL OCCURRENCES
COLUMN 17 PEAK WIND IN M.P.H.
PRELIMINARY LOCAL CLIMATOLOGICAL DATA (WS FORM: F-6) , PAGE 2
STATION: ROME
MONTH: MARCH
YEAR: 2023
LATITUDE: 34 20 N
LONGITUDE: 85 10 W
[TEMPERATURE DATA] [PRECIPITATION DATA] SYMBOLS USED IN COLUMN 16
AVERAGE MONTHLY: 55.8 TOTAL FOR MONTH: 5.12 1 = FOG OR MIST
DPTR FM NORMAL: 2.4 DPTR FM NORMAL: 0.13 2 = FOG REDUCING VISIBILITY
HIGHEST: 84 ON 23 GRTST 24HR 1.27 ON 11-12 TO 1/4 MILE OR LESS
LOWEST: 28 ON 21,20 3 = THUNDER
SNOW, ICE PELLETS, HAIL 4 = ICE PELLETS
TOTAL MONTH: M 5 = HAIL
GRTST 24HR M ON M 6 = FREEZING RAIN OR DRIZZLE
GRTST DEPTH: M ON M 7 = DUSTSTORM OR SANDSTORM:
VSBY 1/2 MILE OR LESS
8 = SMOKE OR HAZE
[NO. OF DAYS WITH] [WEATHER - DAYS WITH] 9 = BLOWING SNOW
X = TORNADO
MAX 32 OR BELOW: 0 0.01 INCH OR MORE: 10
MAX 90 OR ABOVE: 0 0.10 INCH OR MORE: 8
MIN 32 OR BELOW: 6 0.50 INCH OR MORE: 4
MIN 0 OR BELOW: 0 1.00 INCH OR MORE: 2
[HDD (BASE 65) ]
TOTAL THIS MO. 274 CLEAR (SCALE 0-3) 17
DPTR FM NORMAL -93 PTCLDY (SCALE 4-7) 9
TOTAL FM JUL 1 2191 CLOUDY (SCALE 8-10) 5
DPTR FM NORMAL -600
[CDD (BASE 65) ]
TOTAL THIS MO. 19
DPTR FM NORMAL 12 [PRESSURE DATA]
TOTAL FM JAN 1 30 HIGHEST SLP 30.43 ON 21
DPTR FM NORMAL 21 LOWEST SLP 29.24 ON 3
[REMARKS]
#FINAL-03-23#