000
CXUS51 KRNK 010817
CLSRNK
CLIMATE REPORT
NATIONAL WEATHER SERVICE BLACKSBURG, VA
417 AM EDT TUE JUN 01 2021
...................................
...THE BLACKSBURG VA CLIMATE SUMMARY FOR THE SEASON, FROM
3/1/2021 TO 5/31/2021...
CLIMATE NORMAL PERIOD: 1991 TO 2020
CLIMATE RECORD PERIOD: 1893 TO 2021
WEATHER OBSERVED NORMAL DEPART LAST YEAR`S
VALUE DATE(S) VALUE FROM VALUE
NORMAL
..............................................................
TEMPERATURE (F)
RECORD
HIGH 93 05/22/1941
LOW -2 03/17/1900
HIGHEST 85 05/26 86
LOWEST 18 03/07 20
AVG. MAXIMUM 64.9 63.0 1.9 63.1
AVG. MINIMUM 40.0 39.2 0.8 41.3
MEAN 52.5 51.1 1.4 52.2
DAYS MAX >= 90 0 0.0 0.0 0
DAYS MAX <= 32 0 1.1 -1.1 0
DAYS MIN <= 32 20 26.5 -6.5 16
DAYS MIN <= 0 0 0.0 0.0 0
PRECIPITATION (INCHES)
RECORD
MAXIMUM 18.52 1975
MINIMUM 4.35 1930
TOTALS 8.79 12.02 -3.23 18.42
DAYS >= .01 37 38.4 -1.4 52
DAYS >= .10 19 24.4 -5.4 33
DAYS >= .50 7 8.6 -1.6 12
DAYS >= 1.00 0 2.5 -2.5 6
GREATEST
24 HR. TOTAL 0.94 2.71
SNOWFALL (INCHES)
TOTALS T 0.2
DAYS >= TRACE 6 9
DAYS >= 1.0 0 0
GREATEST
24 HR TOTAL MM 0.2
DEGREE DAYS
HEATING TOTAL 1171 1316 -145 1189
COOLING TOTAL 48 36 12 36
..............................................................
WIND (MPH)
AVERAGE WIND SPEED 4.5
RESULTANT WIND SPEED/DIRECTION 2/300
HIGHEST WIND SPEED/DIRECTION 28/320 DATE 04/01
HIGHEST GUST SPEED/DIRECTION 38/270 DATE 04/30
SKY COVER
AVERAGE SKY COVER 0.39
AVERAGE RH (PERCENT) 66
WEATHER CONDITIONS. NUMBER OF DAYS WITH
THUNDERSTORM 7 MIXED PRECIP 0
HEAVY RAIN 8 RAIN 20
LIGHT RAIN 45 FREEZING RAIN 0
LT FREEZING RAIN 0 HAIL 0
HEAVY SNOW 0 SNOW 0
LIGHT SNOW 6 SLEET 0
FOG 29 FOG W/VIS <= 1/4 MILE 3
HAZE 0
- INDICATES NEGATIVE NUMBERS.
R INDICATES RECORD WAS SET OR TIED.
MM INDICATES DATA IS MISSING.
T INDICATES TRACE AMOUNT.
$$
RCS