000
CXUS55 KREV 011353
CF6RNO
PRELIMINARY LOCAL CLIMATOLOGICAL DATA (WS FORM: F-6)
STATION: RENO-TAHOE INTL AIRPORT NV
MONTH: MAY
YEAR: 2021
LATITUDE: 39 30 N
LONGITUDE: 119 47 W
TEMPERATURE IN F: :PCPN: SNOW: WIND :SUNSHINE: SKY :PK WND
================================================================================
1 2 3 4 5 6A 6B 7 8 9 10 11 12 13 14 15 16 17 18
12Z AVG MX 2MIN
DY MAX MIN AVG DEP HDD CDD WTR SNW DPTH SPD SPD DIR MIN PSBL S-S WX SPD DR
================================================================================
1 78 48 63 7 2 0 0.00 0.0 0 10.3 26 270 M M 4 35 270
2 67 49 58 2 7 0 T 0.0 0 9.7 20 330 M M 5 24 30
3 70 40 55 -1 10 0 0.00 0.0 0 4.1 14 30 M M 0 20 50
4 82 42 62 5 3 0 0.00 0.0 0 4.5 18 300 M M 1 22 300
5 85 49 67 10 0 2 0.00 0.0 0 5.3 17 280 M M 1 22 300
6 83 53 68 11 0 3 0.00 0.0 0 9.3 31 170 M M 4 39 180
7 76 51 64 6 1 0 0.00 0.0 0 10.8 24 350 M M 3 33 340
8 70 43 57 -1 8 0 0.00 0.0 0 5.9 16 350 M M 2 20 360
9 73 42 58 0 7 0 0.00 0.0 0 5.4 17 360 M M 3 23 10
10 72 45 59 0 6 0 0.00 0.0 0 5.1 17 10 M M 1 21 10
11 75 42 59 0 6 0 0.00 0.0 0 4.8 16 40 M M 2 22 30
12 85 46 66 7 0 1 0.00 0.0 0 6.9 20 280 M M 2 25 250
13 85 51 68 8 0 3 T 0.0 0 5.7 24 290 M M 2 30 290
14 87 50 69 9 0 4 T 0.0 0 8.3 25 290 M M 5 32 290
15 66 51 59 -1 6 0 0.01 0.0 0 7.0 31 290 M M 8 3 38 300
16 76 49 63 3 2 0 T 0.0 0 6.7 25 80 M M 7 3 38 80
17 83 50 67 6 0 2 0.00 0.0 0 8.2 25 280 M M 3 32 300
18 80 49 65 4 0 0 0.00 0.0 0 9.7 33 270 M M 1 46 260
19 75 48 62 1 3 0 0.00 0.0 0 11.4 36 180 M M 2 43 190
20 50 38 44 -18 21 0 T T 0 15.2 28 330 M M 6 33 340
21 53 36 45 -17 20 0 0.04 0.0 0 11.9 26 320 M M 9 1 34 310
22 58 40 49 -13 16 0 0.07 0.0 0 7.9 23 340 M M 9 1 31 320
23 63 42 53 -9 12 0 0.01 0.0 0 5.8 17 330 M M 7 21 20
24 77 38 58 -5 7 0 0.00 0.0 0 8.0 24 240 M M 3 31 270
25 74 53 64 1 1 0 0.00 0.0 0 9.4 28 280 M M 4 34 290
26 77 44 61 -2 4 0 0.00 0.0 0 4.5 14 320 M M 3 8 19 360
27 82 46 64 0 1 0 0.00 0.0 0 7.4 17 270 M M 2 25 280
28 82 50 66 2 0 1 0.00 0.0 0 5.5 16 340 M M 3 20 340
29 84 54 69 5 0 4 0.00 0.0 0 4.7 17 10 M M 6 24 10
30 87 53 70 6 0 5 0.00 0.0 0 4.8 15 50 M M 2 22 30
31 90 53 72 7 0 7 0.00 0.0 0 4.1 14 40 M M 2 19 70
================================================================================
SM 2345 1445 143 32 0.13 T 228.3 M 112
================================================================================
AV 75.6 46.6 7.4 FASTST M M 4 MAX(MPH)
MISC ----> 36 180 46 260
================================================================================
NOTES:
# LAST OF SEVERAL OCCURRENCES
COLUMN 17 PEAK WIND IN M.P.H.
PRELIMINARY LOCAL CLIMATOLOGICAL DATA (WS FORM: F-6) , PAGE 2
STATION: RENO-TAHOE INTL AIRPORT NV
MONTH: MAY
YEAR: 2021
LATITUDE: 39 30 N
LONGITUDE: 119 47 W
[TEMPERATURE DATA] [PRECIPITATION DATA] SYMBOLS USED IN COLUMN 16
AVERAGE MONTHLY: 61.1 TOTAL FOR MONTH: 0.13 1 = FOG OR MIST
DPTR FM NORMAL: 0.8 DPTR FM NORMAL: -0.42 2 = FOG REDUCING VISIBILITY
HIGHEST: 90 ON 31 GRTST 24HR 0.11 ON 21-22 TO 1/4 MILE OR LESS
LOWEST: 36 ON 21 3 = THUNDER
SNOW, ICE PELLETS, HAIL 4 = ICE PELLETS
TOTAL MONTH: T 5 = HAIL
GRTST 24HR T ON 20-20 6 = FREEZING RAIN OR DRIZZLE
GRTST DEPTH: 0 7 = DUSTSTORM OR SANDSTORM:
VSBY 1/2 MILE OR LESS
8 = SMOKE OR HAZE
[NO. OF DAYS WITH] [WEATHER - DAYS WITH] 9 = BLOWING SNOW
X = TORNADO
MAX 32 OR BELOW: 0 0.01 INCH OR MORE: 4
MAX 90 OR ABOVE: 1 0.10 INCH OR MORE: 0
MIN 32 OR BELOW: 0 0.50 INCH OR MORE: 0
MIN 0 OR BELOW: 0 1.00 INCH OR MORE: 0
[HDD (BASE 65) ]
TOTAL THIS MO. 143 CLEAR (SCALE 0-3) 17
DPTR FM NORMAL -44 PTCLDY (SCALE 4-7) 12
TOTAL FM JUL 1 4495 CLOUDY (SCALE 8-10) 2
DPTR FM NORMAL -127
[CDD (BASE 65) ]
TOTAL THIS MO. 32
DPTR FM NORMAL -11 [PRESSURE DATA]
TOTAL FM JAN 1 36 HIGHEST SLP M ON M
DPTR FM NORMAL -9 LOWEST SLP 29.68 ON 20
[REMARKS]
THE AVERAGE TEMPERATURE FOR MAY 2021 AT THE RENO-TAHOE INTERNATIONAL
AIRPORT WAS 61.1 DEGREES WHICH IS 0.8 DEGREES ABOVE NORMAL. THE
HIGHEST TEMPERATURE FOR MAY WAS 90 WHICH OCCURRED ON THE 31TH. THE
LOWEST TEMPERATURE FOR THE MONTH WAS 36 WHICH OCCURRED ON THE 21ST.
FOR MAY 2021, 0.13 INCHES OF PRECIPITATION WAS RECORDED AT THE RENO-
TAHOE INTERNATIONAL AIRPORT. THIS IS 0.42 INCHES BELOW NORMAL. A
TRACE OF SNOWFALL WAS REPORTED WHICH IS 0.3 INCHES BELOW NORMAL.
THE AVERAGE WIND SPEED FOR MAY 2021 WAS 7.4 MPH. THE PEAK WIND GUST
FOR THE MONTH WAS 46 MPH FROM THE WEST ON THE 18TH.
#FINAL-05-21#