720
CXUS54 KFWD 010731
CF6RPH
PRELIMINARY LOCAL CLIMATOLOGICAL DATA (WS FORM: F-6)
STATION: GRAHAM
MONTH: APRIL
YEAR: 2020
LATITUDE: 33 6 N
LONGITUDE: 98 30 W
TEMPERATURE IN F: :PCPN: SNOW: WIND :SUNSHINE: SKY :PK WND
================================================================================
1 2 3 4 5 6A 6B 7 8 9 10 11 12 13 14 15 16 17 18
12Z AVG MX 2MIN
DY MAX MIN AVG DEP HDD CDD WTR SNW DPTH SPD SPD DIR MIN PSBL S-S WX SPD DR
================================================================================
1 70 50 60 1 5 0 0.00 0.0 0 9.4 16 150 M M 0 22 150
2 71 58 65 6 0 0 0.00 0.0 0 11.0 15 140 M M 4 24 150
3 66 37 52 -8 13 0 0.01 0.0 0 12.2 18 340 M M 10 1 27 320
4 49 38 44 -16 21 0 0.06 0.0 0 5.5 14 330 M M 10 1 M M
5 68 45 57 -3 8 0 M 0.0 0 4.0 10 150 M M 8 1 17 140
6 69 56 63 3 2 0 0.00 0.0 0 5.9 10 150 M M 6 1 16 120
7 87 62 75 15 0 10 0.00 0.0 0 5.8 14 200 M M 0 22 210
8 92 58 75 14 0 10 0.00 0.0 0 5.2 13 220 M M 0 20 220
9 71 59 65 4 0 0 0.00 0.0 0 3.7 10 350 M M 1 8 M M
10 74 50 62 1 3 0 0.00 0.0 0 5.1 13 90 M M 1 18 90
11 70 55 63 2 2 0 0.02 0.0 0 7.4 12 140 M M 4 1 22 140
12 79 40 60 -2 5 0 0.03 0.0 0 12.9 23 330 M M 1 1 36 320
13 54 34 44 -18 21 0 0.00 0.0 0 9.8 16 340 M M 0 22 330
14 52 34 43 -19 22 0 0.00 0.0 0 7.1 12 350 M M 6 18 360
15 66 29 48 -14 17 0 0.00 0.0 0 3.7 12 130 M M 0 17 130
16 76 49 63 1 2 0 0.00 0.0 0 10.7 18 140 M M 0 28 140
17 63 38 51 -12 14 0 0.00 0.0 0 8.4 16 310 M M 5 24 330
18 61 32 47 -16 18 0 0.00 0.0 0 2.2 6 130 M M 6 1 M M
19 78 55 67 4 0 2 0.00 0.0 0 7.0 17 300 M M 2 1 23 300
20 78 46 62 -2 3 0 0.00 0.0 0 2.4 7 110 M M 3 12 M M
21 84 56 70 6 0 5 0.00 0.0 0 7.3 15 120 M M 0 8 21 120
22 87 57 72 8 0 7 0.00 0.0 0 9.8 22 240 M M 2 32 240
23 85 53 69 5 0 4 0.00 0.0 0 4.7 10 140 M M 0 17 140
24 83 57 70 5 0 5 0.00 0.0 0 12.8 20 320 M M 0 31 320
25 76 50 63 -2 2 0 0.00 0.0 0 5.6 14 350 M M 0 20 350
26 85 43 64 -1 1 0 0.00 0.0 0 4.9 9 140 M M 0 18 190
27 88 63 76 11 0 11 0.00 0.0 0 9.6 14 160 M M 0 25 160
28 92 66 79 13 0 14 0.04 0.0 0 7.8 14 150 M M 0 21 150
29 79 48 64 -2 1 0 0.00 0.0 0 8.1 18 350 M M 0 36 330
30 87 41 64 -2 1 0 0.00 0.0 0 4.0 9 130 M M 0 M M
================================================================================
SM 2240 1459 161 68 0.16 0.0 214.0 M 69
================================================================================
AV 74.7 48.6 7.1 FASTST M M 2 MAX(MPH)
MISC ----> # 23 330 # 36 320
================================================================================
NOTES:
# LAST OF SEVERAL OCCURRENCES
COLUMN 17 PEAK WIND IN M.P.H.
PRELIMINARY LOCAL CLIMATOLOGICAL DATA (WS FORM: F-6) , PAGE 2
STATION: GRAHAM
MONTH: APRIL
YEAR: 2020
LATITUDE: 33 6 N
LONGITUDE: 98 30 W
[TEMPERATURE DATA] [PRECIPITATION DATA] SYMBOLS USED IN COLUMN 16
AVERAGE MONTHLY: 61.7 TOTAL FOR MONTH: 0.16 1 = FOG OR MIST
DPTR FM NORMAL: -0.8 DPTR FM NORMAL: -2.30 2 = FOG REDUCING VISIBILITY
HIGHEST: 92 ON 28, 8 GRTST 24HR 0.06 ON 4- 4 TO 1/4 MILE OR LESS
LOWEST: 29 ON 15 3 = THUNDER
SNOW, ICE PELLETS, HAIL 4 = ICE PELLETS
TOTAL MONTH: 0.0 INCH 5 = HAIL
GRTST 24HR 0.0 6 = FREEZING RAIN OR DRIZZLE
GRTST DEPTH: 0 7 = DUSTSTORM OR SANDSTORM:
VSBY 1/2 MILE OR LESS
8 = SMOKE OR HAZE
[NO. OF DAYS WITH] [WEATHER - DAYS WITH] 9 = BLOWING SNOW
X = TORNADO
MAX 32 OR BELOW: 0 0.01 INCH OR MORE: 5
MAX 90 OR ABOVE: 2 0.10 INCH OR MORE: 0
MIN 32 OR BELOW: 2 0.50 INCH OR MORE: 0
MIN 0 OR BELOW: 0 1.00 INCH OR MORE: 0
[HDD (BASE 65) ]
TOTAL THIS MO. 161 CLEAR (SCALE 0-3) 21
DPTR FM NORMAL 17 PTCLDY (SCALE 4-7) 7
TOTAL FM JUL 1 2651 CLOUDY (SCALE 8-10) 2
DPTR FM NORMAL -231
[CDD (BASE 65) ]
TOTAL THIS MO. 68
DPTR FM NORMAL -1 [PRESSURE DATA]
TOTAL FM JAN 1 121 HIGHEST SLP M ON M
DPTR FM NORMAL 32 LOWEST SLP M ON M
[REMARKS]
#FINAL-04-20#