000
CXUS54 KFWD 280730
CF6RPH
PRELIMINARY LOCAL CLIMATOLOGICAL DATA (WS FORM: F-6)
STATION: GRAHAM
MONTH: MARCH
YEAR: 2024
LATITUDE: 33 6 N
LONGITUDE: 98 30 W
TEMPERATURE IN F: :PCPN: SNOW: WIND :SUNSHINE: SKY :PK WND
================================================================================
1 2 3 4 5 6A 6B 7 8 9 10 11 12 13 14 15 16 17 18
12Z AVG MX 2MIN
DY MAX MIN AVG DEP HDD CDD WTR SNW DPTH SPD SPD DIR MIN PSBL S-S WX SPD DR
================================================================================
1 76 36 56 6 9 0 0.00 M M 7.0 12 180 M M 1 1 16 210
2 83 52 68 18 0 3 0.00 M M 8.8 17 210 M M 0 26 230
3 85 59 72 21 0 7 0.00 M M 9.3 15 190 M M 0 22 190
4 83 60 72 21 0 7 0.00 M M 8.4 15 210 M M 0 20 200
5 73 47 60 9 5 0 0.00 M M 7.6 15 350 M M 0 22 10
6 78 43 61 9 4 0 T M M 4.4 10 170 M M 1 17 150
7 71 57 64 12 1 0 0.20 M M 8.9 18 150 M M 6 1 32 150
8 60 39 50 -2 15 0 T M M 10.7 22 320 M M 10 1 33 M
9 56 36 46 -7 19 0 0.00 M M 11.7 18 330 M M 4 1 25 330
10 65 29 47 -6 18 0 0.00 M M 3.5 8 130 M M 0 M M
11 72 48 60 7 5 0 0.00 M M 7.4 13 190 M M 3 22 200
12 81 54 68 14 0 3 0.00 M M 9.0 16 210 M M 0 22 210
13 86 61 74 20 0 9 0.00 M M 9.7 15 190 M M 0 23 190
14 82 68 75 21 0 10 0.00 M M 7.7 14 140 M M 6 23 140
15 67 50 59 5 6 0 0.04 M M 11.7 21 360 M M 6 1 30 360
16 56 48 52 -3 13 0 0.48 M M 6.8 13 360 M M 9 1 M M
17 65 52 59 4 6 0 T M M 7.5 13 20 M M 9 20 30
18 58 40 49 -6 16 0 0.00 M M 5.9 13 10 M M 1 18 10
19 70 34 52 -4 13 0 0.00 M M 5.5 10 210 M M 0 M M
20 74 48 61 5 4 0 0.00 M M 5.1 12 140 M M 1 M M
21 71 54 63 7 2 0 0.02 M M 5.3 8 150 M M 7 22 190
22 70 54 62 6 3 0 0.00 M M 9.9 17 340 M M 6 1 23 320
23 66 42 54 -3 11 0 0.00 M M 6.3 12 120 M M 0 8 20 130
24 71 59 65 8 0 0 T M M 12.6 20 160 M M 6 35 M
25 68 56 62 5 3 0 0.00 M M 9.1 18 340 M M 4 26 340
26 57 42 50 -8 15 0 0.00 M M 6.2 12 290 M M 0 8 17 310
27 66 35 51 -7 14 0 0.00 M M 5.8 13 140 M M 1 8 20 100
================================================================================
SM 1910 1303 182 39 0.74 M 211.5 M 81
================================================================================
AV 70.7 48.3 7.8 FASTST M M 3 MAX(MPH)
MISC ----> 22 320 35 9999
================================================================================
NOTES:
# LAST OF SEVERAL OCCURRENCES
COLUMN 17 PEAK WIND IN M.P.H.
PRELIMINARY LOCAL CLIMATOLOGICAL DATA (WS FORM: F-6) , PAGE 2
STATION: GRAHAM
MONTH: MARCH
YEAR: 2024
LATITUDE: 33 6 N
LONGITUDE: 98 30 W
[TEMPERATURE DATA] [PRECIPITATION DATA] SYMBOLS USED IN COLUMN 16
AVERAGE MONTHLY: 59.5 TOTAL FOR MONTH: 0.74 1 = FOG OR MIST
DPTR FM NORMAL: 5.4 DPTR FM NORMAL: -1.79 2 = FOG REDUCING VISIBILITY
HIGHEST: 86 ON 13 GRTST 24HR 0.48 ON 16-16 TO 1/4 MILE OR LESS
LOWEST: 29 ON 10 3 = THUNDER
SNOW, ICE PELLETS, HAIL 4 = ICE PELLETS
TOTAL MONTH: M 5 = HAIL
GRTST 24HR M ON M 6 = FREEZING RAIN OR DRIZZLE
GRTST DEPTH: M ON M 7 = DUSTSTORM OR SANDSTORM:
VSBY 1/2 MILE OR LESS
8 = SMOKE OR HAZE
[NO. OF DAYS WITH] [WEATHER - DAYS WITH] 9 = BLOWING SNOW
X = TORNADO
MAX 32 OR BELOW: 0 0.01 INCH OR MORE: 4
MAX 90 OR ABOVE: 0 0.10 INCH OR MORE: 2
MIN 32 OR BELOW: 1 0.50 INCH OR MORE: 0
MIN 0 OR BELOW: 0 1.00 INCH OR MORE: 0
[HDD (BASE 65) ]
TOTAL THIS MO. 182 CLEAR (SCALE 0-3) 16
DPTR FM NORMAL -128 PTCLDY (SCALE 4-7) 8
TOTAL FM JUL 1 2168 CLOUDY (SCALE 8-10) 3
DPTR FM NORMAL -539
[CDD (BASE 65) ]
TOTAL THIS MO. 39
DPTR FM NORMAL 28 [PRESSURE DATA]
TOTAL FM JAN 1 63 HIGHEST SLP M ON M
DPTR FM NORMAL 51 LOWEST SLP M ON M
[REMARKS]