000
CXUS56 KFGZ 010910
CF6RQE
PRELIMINARY LOCAL CLIMATOLOGICAL DATA (WS FORM: F-6)
STATION: WINDOW ROCK AZ AIRPORT
MONTH: SEPTEMBER
YEAR: 2021
LATITUDE: 35 39 N
LONGITUDE: 109 4 W
TEMPERATURE IN F: :PCPN: SNOW: WIND :SUNSHINE: SKY :PK WND
================================================================================
1 2 3 4 5 6A 6B 7 8 9 10 11 12 13 14 15 16 17 18
12Z AVG MX 2MIN
DY MAX MIN AVG DEP HDD CDD WTR SNW DPTH SPD SPD DIR MIN PSBL S-S WX SPD DR
================================================================================
1 73 58 66 1 0 1 0.31 M M 5.5 22 270 M M 6 1 26 280
2 79 55 67 2 0 2 0.00 M M 4.8 15 250 M M 5 21 250
3 84 49 67 2 0 2 0.00 M M 2.0 14 260 M M 1 1 17 260
4 87 48 68 3 0 3 0.00 M M 3.8 15 330 M M 2 20 320
5 88 44 66 2 0 1 0.00 M M 5.2 22 360 M M 0 25 10
6 91 42 67 3 0 2 0.00 0.0 M 4.0 16 350 M M 0 20 300
7 93 40 67 3 0 2 0.00 0.0 M 2.9 15 350 M M 0 18 350
8 92 44 68 4 0 3 0.00 M M 2.7 14 170 M M 0 19 140
9 93 54 74 11 0 9 0.00 M M 5.0 15 220 M M 1 8 23 200
10 91 59 75 12 0 10 0.00 M M 3.8 15 190 M M 0 21 200
11 87 47 67 4 0 2 0.00 M M 2.8 16 230 M M 0 23 230
12 90 46 68 6 0 3 0.00 M M 2.3 14 250 M M 0 19 230
13 88 45 67 5 0 2 0.00 M M 4.3 22 250 M M 1 27 250
14 87 54 71 9 0 6 0.00 M M 6.3 20 280 M M 2 28 270
15 87 42 65 4 0 0 0.00 M M 4.7 18 220 M M 0 27 260
16 83 44 64 3 1 0 0.00 M M 6.2 22 230 M M 0 8 41 230
17 86 45 66 6 0 1 0.00 M M 3.0 15 280 M M 0 20 300
18 87 48 68 8 0 3 T M M 5.7 29 240 M M 4 3 37 240
19 81 53 67 7 0 2 0.02 M M 8.2 26 220 M M 3 18 32 210
20 80 44 62 3 3 0 0.00 M M 5.7 18 310 M M 0 23 240
21 79 29 54 -5 11 0 0.00 M M 3.4 13 60 M M 0 16 50
22 83 31 57 -2 8 0 0.00 M M 2.6 14 300 M M 0 19 300
23 80 36 58 0 7 0 0.00 M M 5.1 20 220 M M 0 24 210
24 81 47 64 6 1 0 0.00 M M 4.4 16 40 M M 2 20 50
25 78 40 59 2 6 0 0.39 M M 3.3 26 180 M M 3 3 37 180
26 68 46 57 0 8 0 T M M 3.0 13 360 M M 7 18 15 220
27 64 48 56 -1 9 0 0.26 M M 2.6 14 360 M M 6 13 16 360
28 68 49 59 3 6 0 0.11 M M 5.3 18 240 M M 7 13 23 240
29 68 48 58 2 7 0 0.04 M M 6.9 20 230 M M 4 3 25 250
30 53 44 49 -6 16 0 0.38 M M 5.4 16 360 M M 10 20 360
================================================================================
SM 2449 1379 83 54 1.51 0.0 130.9 M 64
================================================================================
AV 81.6 46.0 4.4 FASTST M M 2 MAX(MPH)
MISC ----> 29 240 41 230
================================================================================
NOTES:
# LAST OF SEVERAL OCCURRENCES
COLUMN 17 PEAK WIND IN M.P.H.
PRELIMINARY LOCAL CLIMATOLOGICAL DATA (WS FORM: F-6) , PAGE 2
STATION: WINDOW ROCK AZ AIRPORT
MONTH: SEPTEMBER
YEAR: 2021
LATITUDE: 35 39 N
LONGITUDE: 109 4 W
[TEMPERATURE DATA] [PRECIPITATION DATA] SYMBOLS USED IN COLUMN 16
AVERAGE MONTHLY: 63.8 TOTAL FOR MONTH: 1.51 1 = FOG OR MIST
DPTR FM NORMAL: 3.0 DPTR FM NORMAL: 0.17 2 = FOG REDUCING VISIBILITY
HIGHEST: 93 ON 9, 7 GRTST 24HR 0.39 ON 25-25 TO 1/4 MILE OR LESS
LOWEST: 29 ON 21 3 = THUNDER
SNOW, ICE PELLETS, HAIL 4 = ICE PELLETS
TOTAL MONTH: 0.0 INCH 5 = HAIL
GRTST 24HR 0.0 6 = FREEZING RAIN OR DRIZZLE
GRTST DEPTH: M ON M 7 = DUSTSTORM OR SANDSTORM:
VSBY 1/2 MILE OR LESS
8 = SMOKE OR HAZE
[NO. OF DAYS WITH] [WEATHER - DAYS WITH] 9 = BLOWING SNOW
X = TORNADO
MAX 32 OR BELOW: 0 0.01 INCH OR MORE: 7
MAX 90 OR ABOVE: 6 0.10 INCH OR MORE: 5
MIN 32 OR BELOW: 2 0.50 INCH OR MORE: 0
MIN 0 OR BELOW: 0 1.00 INCH OR MORE: 0
[HDD (BASE 65) ]
TOTAL THIS MO. 83 CLEAR (SCALE 0-3) 22
DPTR FM NORMAL -59 PTCLDY (SCALE 4-7) 7
TOTAL FM JUL 1 85 CLOUDY (SCALE 8-10) 1
DPTR FM NORMAL -68
[CDD (BASE 65) ]
TOTAL THIS MO. 54
DPTR FM NORMAL 38 [PRESSURE DATA]
TOTAL FM JAN 1 599 HIGHEST SLP M ON M
DPTR FM NORMAL 186 LOWEST SLP 29.62 ON 1
[REMARKS]
#FINAL-09-21#