000
CXUS51 KBTV 010800
CF6RUT
PRELIMINARY LOCAL CLIMATOLOGICAL DATA (WS FORM: F-6)
STATION: RUTLAND VT
MONTH: JANUARY
YEAR: 2024
LATITUDE: 43 31 N
LONGITUDE: 72 57 W
TEMPERATURE IN F: :PCPN: SNOW: WIND :SUNSHINE: SKY :PK WND
================================================================================
1 2 3 4 5 6A 6B 7 8 9 10 11 12 13 14 15 16 17 18
12Z AVG MX 2MIN
DY MAX MIN AVG DEP HDD CDD WTR SNW DPTH SPD SPD DIR MIN PSBL S-S WX SPD DR
================================================================================
1 26 22 24 M 41 0 T M M 5.6 10 350 M M 10 M M
2 34 17 26 M 39 0 0.00 M M 3.8 9 240 M M 5 M M
3 35 28 32 M 33 0 T M M 3.7 8 240 M M 10 M M
4 35 14 25 M 40 0 T M M 7.7 21 350 M M 7 1 28 350
5 28 8 18 M 47 0 T M M 4.9 10 270 M M 8 M M
6 30 25 28 M 37 0 T M M 9.0 23 120 M M 10 1 40 100
7 27 23 25 M 40 0 0.09 M M 8.5 25 120 M M 10 12 35 110
8 34 19 27 M 38 0 T M M 4.3 10 330 M M 8 M M
9 34 19 27 M 38 0 0.22 M M 13.4 36 130 M M 5 12 49 110
10 44 35 40 M 25 0 0.85 M M 14.5 38 120 M M 10 1 51 130
11 36 32 34 M 31 0 T M M 7.4 16 260 M M 10 1 25 250
12 40 26 33 M 32 0 T M M 5.9 16 150 M M 5 1 38 160
13 43 32 38 M 27 0 0.34 M M 17.8 37 110 M M 10 1 55 120
14 32 19 26 M 39 0 T M M 11.6 22 250 M M 9 12 37 200
15 27 9 18 M 47 0 0.00 M M 7.1 13 240 M M 0 20 240
16 22 11 17 M 48 0 0.02 M M 6.1 12 170 M M 9 12 16 160
17 20 3 12 M 53 0 T M M 7.4 15 240 M M 7 1 22 220
18 25 11 18 M 47 0 T M M 6.5 12 210 M M 7 22 210
19 22 6 14 M 51 0 T M M 5.7 13 360 M M 6 1 17 340
20 9 2 6 M 59 0 T M M 5.7 9 320 M M 9 1 M M
21 20 0 10 M 55 0 T M M 4.7 8 340 M M 4 M M
22 30 -2 14 M 51 0 0.00 M M 5.6 14 230 M M 5 17 250
23 M M M M M M 0.03 M M 5.5 10 280 M M 10 23 250
24 M M M M M M 0.32 M M 9.5 15 110 M M 10 23 110
25 M M M M M M 0.17 M M 2.5 7 360 M M 10 128 M M
26 M M M M M M 0.48 M M 9.5 18 120 M M 10 12 24 120
27 M M M M M M T M M 2.2 8 350 M M 10 128 M M
28 M M M M M M 0.23 M M 2.9 10 80 M M 9 12 M M
29 M M M M M M 0.01 M M 8.5 14 330 M M 10 21 330
30 M M M M M M M M M 1.9 9 110 M M 10 M M
31 M M M M M M 0.00 M M 2.1 9 120 M M 10 M M
================================================================================
SM 653 359 918 0 2.76 M 211.5 M 253
================================================================================
AV 29.7 16.3 6.8 FASTST M M 8 MAX(MPH)
MISC ----> 38 120 55 120
================================================================================
NOTES:
# LAST OF SEVERAL OCCURRENCES
COLUMN 17 PEAK WIND IN M.P.H.
PRELIMINARY LOCAL CLIMATOLOGICAL DATA (WS FORM: F-6) , PAGE 2
STATION: RUTLAND VT
MONTH: JANUARY
YEAR: 2024
LATITUDE: 43 31 N
LONGITUDE: 72 57 W
[TEMPERATURE DATA] [PRECIPITATION DATA] SYMBOLS USED IN COLUMN 16
AVERAGE MONTHLY: 23.0 TOTAL FOR MONTH: 2.76 1 = FOG OR MIST
DPTR FM NORMAL: 0.0 DPTR FM NORMAL: M 2 = FOG REDUCING VISIBILITY
HIGHEST: 44 ON 10 GRTST 24HR 1.05 ON 9-10 TO 1/4 MILE OR LESS
LOWEST: -2 ON 22 3 = THUNDER
SNOW, ICE PELLETS, HAIL 4 = ICE PELLETS
TOTAL MONTH: M 5 = HAIL
GRTST 24HR M ON M 6 = FREEZING RAIN OR DRIZZLE
GRTST DEPTH: M ON M 7 = DUSTSTORM OR SANDSTORM:
VSBY 1/2 MILE OR LESS
8 = SMOKE OR HAZE
[NO. OF DAYS WITH] [WEATHER - DAYS WITH] 9 = BLOWING SNOW
X = TORNADO
MAX 32 OR BELOW: 13 0.01 INCH OR MORE: 11
MAX 90 OR ABOVE: 0 0.10 INCH OR MORE: 7
MIN 32 OR BELOW: 21 0.50 INCH OR MORE: 1
MIN 0 OR BELOW: 2 1.00 INCH OR MORE: 0
[HDD (BASE 65) ]
TOTAL THIS MO. 918 CLEAR (SCALE 0-3) 1
DPTR FM NORMAL M PTCLDY (SCALE 4-7) 9
TOTAL FM JUL 1 3250 CLOUDY (SCALE 8-10) 21
DPTR FM NORMAL M
[CDD (BASE 65) ]
TOTAL THIS MO. 0
DPTR FM NORMAL M [PRESSURE DATA]
TOTAL FM JAN 1 0 HIGHEST SLP M ON M
DPTR FM NORMAL M LOWEST SLP M ON M
[REMARKS]
#FINAL-01-24#