000
CXUS53 KMPX 042257
CF6RWF
PRELIMINARY LOCAL CLIMATOLOGICAL DATA (WS FORM: F-6)
STATION: REDWOOD FALLS MN
MONTH: DECEMBER
YEAR: 2022
LATITUDE: 44 32 N
LONGITUDE: 95 5 W
TEMPERATURE IN F: :PCPN: SNOW: WIND :SUNSHINE: SKY :PK WND
================================================================================
1 2 3 4 5 6A 6B 7 8 9 10 11 12 13 14 15 16 17 18
12Z AVG MX 2MIN
DY MAX MIN AVG DEP HDD CDD WTR SNW DPTH SPD SPD DIR MIN PSBL S-S WX SPD DR
================================================================================
1 32 4 18 -8 47 0 0.00 M M 14.3 30 150 M M 0 40 150
2 40 8 24 -1 41 0 0.00 M M 16.2 35 300 M M 4 8 55 290
3 19 2 11 -14 54 0 0.02 M M 10.6 28 290 M M 1 41 300
4 39 7 23 -1 42 0 0.00 M M 10.1 23 210 M M 0 30 220
5 31 14 23 -1 42 0 0.00 M M 8.5 15 330 M M 4 8 22 350
6 32 9 21 -2 44 0 0.00 M M 5.5 20 150 M M 2 23 140
7 22 5 14 -9 51 0 0.00 M M 5.5 12 310 M M 4 1 19 300
8 32 4 18 -4 47 0 0.03 M M 7.4 15 110 M M 5 18 20 110
9 32 27 30 8 35 0 0.00 M M 6.5 12 110 M M 10 18 17 70
10 36 28 32 10 33 0 0.00 M M 7.5 14 140 M M 10 18 17 140
11 30 24 27 6 38 0 0.00 M M 10.6 21 130 M M 10 18 27 120
12 34 29 32 11 33 0 0.00 M M 18.8 26 120 M M 10 18 37 120
13 36 33 35 14 30 0 0.10 M M 15.6 23 90 M M 10 18 38 80
14 37 31 34 14 31 0 0.42 M M 8.5 20 70 M M 10 1 31 80
15 34 25 30 10 35 0 0.15 M M 16.3 28 280 M M 10 12 39 280
16 28 18 23 3 42 0 0.69 M M 19.2 24 300 M M 10 18 38 300
17 18 2 10 -9 55 0 0.03 M M 17.1 24 300 M M 10 8 34 290
18 5 -4 1 -18 64 0 0.05 M M 9.1 17 290 M M 0 21 300
19 10 -4 3 -16 62 0 0.00 M M 5.7 20 290 M M 7 18 26 280
20 3 -8 -2 -20 67 0 0.06 M M 9.0 16 280 M M 1 22 280
21 -1 -10 -5 -23 70 0 0.00 M M 6.7 20 290 M M 8 8 28 310
22 -8 -14 -11 -29 76 0 0.39 M M 18.7 29 290 M M 8 8 37 310
23 -4 -11 -7 -25 72 0 0.00 M M 25.3 35 300 M M 10 8 54 290
24 1 -7 -3 -20 68 0 0.00 M M 19.5 28 300 M M 5 8 39 300
25 9 -6 2 -15 63 0 0.00 M M 9.1 22 280 M M 5 128 28 280
26 9 -5 2 -15 63 0 0.25 M M 8.2 14 280 M M 2 22 320
27 32 4 18 1 47 0 0.00 M M 14.3 21 140 M M 0 25 140
28 37 31 34 18 31 0 0.00 M M 9.0 21 160 M M 0 28 160
29 35 14 25 9 40 0 0.00 M M 10.3 22 310 M M 6 18 33 310
30 25 11 18 2 47 0 0.23 M M 7.6 16 280 M M 5 1 21 280
31 36 19 28 12 37 0 0.00 M M 10.8 20 140 M M 3 18 25 150
================================================================================
SM 721 280 1507 0 2.42 M 361.5 M 170
================================================================================
AV 23.3 9.0 11.7 FASTST M M 5 MAX(MPH)
MISC ----> # 35 300 55 290
================================================================================
NOTES:
# LAST OF SEVERAL OCCURRENCES
COLUMN 17 PEAK WIND IN M.P.H.
PRELIMINARY LOCAL CLIMATOLOGICAL DATA (WS FORM: F-6) , PAGE 2
STATION: REDWOOD FALLS MN
MONTH: DECEMBER
YEAR: 2022
LATITUDE: 44 32 N
LONGITUDE: 95 5 W
[TEMPERATURE DATA] [PRECIPITATION DATA] SYMBOLS USED IN COLUMN 16
AVERAGE MONTHLY: 16.1 TOTAL FOR MONTH: 2.42 1 = FOG OR MIST
DPTR FM NORMAL: -3.9 DPTR FM NORMAL: 1.73 2 = FOG REDUCING VISIBILITY
HIGHEST: 40 ON 2 GRTST 24HR 0.69 ON 16-16 TO 1/4 MILE OR LESS
LOWEST: -14 ON 22 3 = THUNDER
SNOW, ICE PELLETS, HAIL 4 = ICE PELLETS
TOTAL MONTH: M 5 = HAIL
GRTST 24HR M ON M 6 = FREEZING RAIN OR DRIZZLE
GRTST DEPTH: M ON M 7 = DUSTSTORM OR SANDSTORM:
VSBY 1/2 MILE OR LESS
8 = SMOKE OR HAZE
[NO. OF DAYS WITH] [WEATHER - DAYS WITH] 9 = BLOWING SNOW
X = TORNADO
MAX 32 OR BELOW: 21 0.01 INCH OR MORE: 12
MAX 90 OR ABOVE: 0 0.10 INCH OR MORE: 7
MIN 32 OR BELOW: 30 0.50 INCH OR MORE: 1
MIN 0 OR BELOW: 9 1.00 INCH OR MORE: 0
[HDD (BASE 65) ]
TOTAL THIS MO. 1507 CLEAR (SCALE 0-3) 10
DPTR FM NORMAL 111 PTCLDY (SCALE 4-7) 10
TOTAL FM JUL 1 3007 CLOUDY (SCALE 8-10) 11
DPTR FM NORMAL -49
[CDD (BASE 65) ]
TOTAL THIS MO. 0
DPTR FM NORMAL 0 [PRESSURE DATA]
TOTAL FM JAN 1 904 HIGHEST SLP 30.70 ON 20
DPTR FM NORMAL 214 LOWEST SLP 29.28 ON 15
[REMARKS]
#FINAL-12-22#
THE PRECIPITATION VALUES ARE FROM COCORAHS STATION
MN-RW-14 WITH AN OBSERVATION TIME OF 7 AM.