000
CXUS53 KMPX 031929
CF6RWF
PRELIMINARY LOCAL CLIMATOLOGICAL DATA (WS FORM: F-6)
STATION: REDWOOD FALLS MN
MONTH: DECEMBER
YEAR: 2021
LATITUDE: 44 32 N
LONGITUDE: 95 5 W
TEMPERATURE IN F: :PCPN: SNOW: WIND :SUNSHINE: SKY :PK WND
================================================================================
1 2 3 4 5 6A 6B 7 8 9 10 11 12 13 14 15 16 17 18
12Z AVG MX 2MIN
DY MAX MIN AVG DEP HDD CDD WTR SNW DPTH SPD SPD DIR MIN PSBL S-S WX SPD DR
================================================================================
1 56 33 45 19 20 0 0.27 M M 12.2 24 300 M M 3 1 35 300
2 49 35 42 17 23 0 0.06 M M 6.8 20 290 M M 5 28 320
3 43 28 36 11 29 0 T M M 7.3 16 340 M M 5 18 25 340
4 33 29 31 7 34 0 0.00 M M 6.5 17 120 M M 10 25 130
5 39 22 31 7 34 0 0.00 M M 20.8 35 300 M M 9 55 330
6 23 3 13 -10 52 0 T M M 14.6 32 320 M M 3 8 48 320
7 15 -2 7 -16 58 0 0.05 M M 7.5 17 160 M M 7 1 22 170
8 24 -5 10 -12 55 0 0.03 M M 7.3 21 130 M M 4 12 28 140
9 38 25 32 10 33 0 0.00 M M 11.6 23 140 M M 1 33 310
10 29 24 27 5 38 0 0.00 M M 6.6 17 350 M M 8 12 28 360
11 28 17 23 2 42 0 0.31 M M 11.3 17 230 M M 1 1 25 220
12 31 15 23 2 42 0 0.00 M M 8.3 17 210 M M 0 22 220
13 43 15 29 8 36 0 0.00 M M 4.4 13 280 M M 0 17 270
14 37 27 32 12 33 0 0.00 M M 10.4 20 140 M M 0 1 25 120
15 55 30 43 23 22 0 0.00 M M 15.0 52 290 M M 7 123 78 290
16 30 15 23 3 42 0 0.28 M M 18.9 43 280 M M 5 1289 61 290
17 21 13 17 -2 48 0 T M M 5.5 14 100 M M 8 1 21 100
18 19 4 12 -7 53 0 T M M 7.0 15 330 M M 6 18 24 340
19 32 4 18 -1 47 0 0.00 M M 13.7 29 170 M M 2 38 170
20 28 11 20 2 45 0 0.00 M M 9.9 24 320 M M 1 34 330
21 27 7 17 -1 48 0 0.02 M M 12.3 29 320 M M 5 18 43 320
22 31 8 20 2 45 0 T M M 8.8 16 160 M M 3 22 170
23 38 23 31 13 34 0 T M M 6.5 14 140 M M 2 16 140
24 48 18 33 16 32 0 0.00 M M 11.3 20 330 M M 1 29 340
25 22 12 17 0 48 0 0.00 M M 6.9 16 360 M M 4 25 360
26 32 11 22 5 43 0 0.00 M M 9.0 22 90 M M 6 16 34 90
27 35 6 21 4 44 0 0.09 M M 15.2 36 270 M M 3 16 47 270
28 22 -4 9 -7 56 0 0.00 M M 10.7 21 300 M M 8 18 28 300
29 8 -7 1 -15 64 0 T M M 4.1 16 310 M M 3 21 320
30 29 5 17 1 48 0 T M M 8.6 22 160 M M 5 1 27 170
31 9 -12 -1 -17 66 0 0.00 M M 11.0 18 320 M M 7 18 29 350
================================================================================
SM 974 410 1314 0 1.11 M 310.0 M 132
================================================================================
AV 31.4 13.2 10.0 FASTST M M 4 MAX(MPH)
MISC ----> 52 290 78 290
================================================================================
NOTES:
# LAST OF SEVERAL OCCURRENCES
COLUMN 17 PEAK WIND IN M.P.H.
PRELIMINARY LOCAL CLIMATOLOGICAL DATA (WS FORM: F-6) , PAGE 2
STATION: REDWOOD FALLS MN
MONTH: DECEMBER
YEAR: 2021
LATITUDE: 44 32 N
LONGITUDE: 95 5 W
[TEMPERATURE DATA] [PRECIPITATION DATA] SYMBOLS USED IN COLUMN 16
AVERAGE MONTHLY: 22.3 TOTAL FOR MONTH: 1.11 1 = FOG OR MIST
DPTR FM NORMAL: 2.3 DPTR FM NORMAL: 0.42 2 = FOG REDUCING VISIBILITY
HIGHEST: 56 ON 1 GRTST 24HR 0.31 ON 11-11 TO 1/4 MILE OR LESS
LOWEST: -12 ON 31 3 = THUNDER
SNOW, ICE PELLETS, HAIL 4 = ICE PELLETS
TOTAL MONTH: M 5 = HAIL
GRTST 24HR M ON M 6 = FREEZING RAIN OR DRIZZLE
GRTST DEPTH: M ON M 7 = DUSTSTORM OR SANDSTORM:
VSBY 1/2 MILE OR LESS
8 = SMOKE OR HAZE
[NO. OF DAYS WITH] [WEATHER - DAYS WITH] 9 = BLOWING SNOW
X = TORNADO
MAX 32 OR BELOW: 19 0.01 INCH OR MORE: 8
MAX 90 OR ABOVE: 0 0.10 INCH OR MORE: 3
MIN 32 OR BELOW: 29 0.50 INCH OR MORE: 0
MIN 0 OR BELOW: 5 1.00 INCH OR MORE: 0
[HDD (BASE 65) ]
TOTAL THIS MO. 1314 CLEAR (SCALE 0-3) 13
DPTR FM NORMAL -82 PTCLDY (SCALE 4-7) 15
TOTAL FM JUL 1 2577 CLOUDY (SCALE 8-10) 3
DPTR FM NORMAL -479
[CDD (BASE 65) ]
TOTAL THIS MO. 0
DPTR FM NORMAL 0 [PRESSURE DATA]
TOTAL FM JAN 1 985 HIGHEST SLP 30.42 ON 18
DPTR FM NORMAL 295 LOWEST SLP 28.89 ON 15
[REMARKS]
THE PRECIPITATION DATA IS FROM THE 8 INCH DIAMETER RAIN GAUGE AT THE
REDWOOD FALLS COOP STATION WITH AN OBSERVATION TIME OF 7 AM.
#FINAL-12-21#