000
CXUS55 KPIH 011100
CF6RXE
PRELIMINARY LOCAL CLIMATOLOGICAL DATA (WS FORM: F-6)
STATION: REXBURG
MONTH: AUGUST
YEAR: 2022
LATITUDE: 43 49 N
LONGITUDE: 111 48 W
TEMPERATURE IN F: :PCPN: SNOW: WIND :SUNSHINE: SKY :PK WND
================================================================================
1 2 3 4 5 6A 6B 7 8 9 10 11 12 13 14 15 16 17 18
12Z AVG MX 2MIN
DY MAX MIN AVG DEP HDD CDD WTR SNW DPTH SPD SPD DIR MIN PSBL S-S WX SPD DR
================================================================================
1 94 56 75 5 0 10 0.00 M M 4.5 16 200 M M 0 23 190
2 83 62 73 3 0 8 0.19 M M 8.2 20 230 M M 4 13 27 220
3 88 58 73 3 0 8 0.00 M M 4.8 12 220 M M 1 18 180
4 95 55 75 5 0 10 0.00 M M 9.2 31 200 M M 0 42 200
5 74 60 67 -3 0 2 0.05 M M 4.6 18 170 M M 6 3 26 170
6 74 56 65 -4 0 0 0.09 M M 5.3 24 270 M M 8 13 34 270
7 82 53 68 -1 0 3 0.00 M M 4.2 10 240 M M 1 16 230
8 90 50 70 1 0 5 0.00 M M 4.1 12 210 M M 0 18 210
9 95 51 73 4 0 8 0.00 M M 3.6 9 10 M M 0 8 13 360
10 89 58 74 5 0 9 0.00 M M 6.5 22 220 M M 1 8 33 220
11 90 63 77 9 0 12 0.01 M M 4.4 31 230 M M 2 45 220
12 93 60 77 9 0 12 0.02 M M 4.9 17 160 M M 1 3 26 140
13 92 62 77 9 0 12 T M M 6.6 25 60 M M 2 3 38 80
14 89 56 73 5 0 8 0.00 M M 4.3 16 20 M M 0 24 10
15 93 54 74 6 0 9 0.00 M M 2.9 12 200 M M 0 19 220
16 95 52 74 7 0 9 0.00 M M 3.3 10 180 M M 0 15 190
17 97 55 76 9 0 11 0.00 M M 2.9 9 60 M M 0 14 10
18 99 56 78 11 0 13 0.00 M M 3.5 10 230 M M 0 15 240
19 93 58 76 10 0 11 0.06 M M 5.6 23 150 M M 0 3 40 140
20 89 58 74 8 0 9 0.00 M M 4.2 20 170 M M 1 29 180
21 90 57 74 8 0 9 0.04 M M 4.5 18 220 M M 1 3 27 230
22 91 56 74 8 0 9 0.01 M M 4.3 13 360 M M 1 3 23 360
23 91 54 73 8 0 8 0.00 M M 5.0 7 140 M M 0 M M
24 95 55 75 10 0 10 0.00 M M 7.3 28 180 M M 1 40 180
25 90 59 75 10 0 10 0.00 M M 5.4 15 240 M M 1 21 230
26 88 54 71 7 0 6 0.00 M M 9.1 24 230 M M 0 36 230
27 85 52 69 5 0 4 0.00 M M 12.5 31 230 M M 0 43 230
28 81 58 70 6 0 5 0.00 M M 11.3 23 190 M M 0 35 190
29 86 46 66 3 0 1 0.00 M M 4.5 12 240 M M 0 16 240
30 93 48 71 8 0 6 0.00 M M 3.8 9 180 M M 0 15 210
31 96 53 75 12 0 10 0.00 M M 3.9 15 200 M M 0 19 200
================================================================================
SM 2780 1725 0 247 0.47 M 169.2 M 31
================================================================================
AV 89.7 55.6 5.5 FASTST M M 1 MAX(MPH)
MISC ----> # 31 200 45 220
================================================================================
NOTES:
# LAST OF SEVERAL OCCURRENCES
COLUMN 17 PEAK WIND IN M.P.H.
PRELIMINARY LOCAL CLIMATOLOGICAL DATA (WS FORM: F-6) , PAGE 2
STATION: REXBURG
MONTH: AUGUST
YEAR: 2022
LATITUDE: 43 49 N
LONGITUDE: 111 48 W
[TEMPERATURE DATA] [PRECIPITATION DATA] SYMBOLS USED IN COLUMN 16
AVERAGE MONTHLY: 72.7 TOTAL FOR MONTH: 0.47 1 = FOG OR MIST
DPTR FM NORMAL: 5.8 DPTR FM NORMAL: -0.28 2 = FOG REDUCING VISIBILITY
HIGHEST: 99 ON 18 GRTST 24HR 0.19 ON 2- 2 TO 1/4 MILE OR LESS
LOWEST: 46 ON 29 3 = THUNDER
SNOW, ICE PELLETS, HAIL 4 = ICE PELLETS
TOTAL MONTH: M 5 = HAIL
GRTST 24HR M ON M 6 = FREEZING RAIN OR DRIZZLE
GRTST DEPTH: M ON M 7 = DUSTSTORM OR SANDSTORM:
VSBY 1/2 MILE OR LESS
8 = SMOKE OR HAZE
[NO. OF DAYS WITH] [WEATHER - DAYS WITH] 9 = BLOWING SNOW
X = TORNADO
MAX 32 OR BELOW: 0 0.01 INCH OR MORE: 8
MAX 90 OR ABOVE: 19 0.10 INCH OR MORE: 1
MIN 32 OR BELOW: 0 0.50 INCH OR MORE: 0
MIN 0 OR BELOW: 0 1.00 INCH OR MORE: 0
[HDD (BASE 65) ]
TOTAL THIS MO. 0 CLEAR (SCALE 0-3) 28
DPTR FM NORMAL -38 PTCLDY (SCALE 4-7) 3
TOTAL FM JUL 1 0 CLOUDY (SCALE 8-10) 0
DPTR FM NORMAL -58
[CDD (BASE 65) ]
TOTAL THIS MO. 247
DPTR FM NORMAL 149 [PRESSURE DATA]
TOTAL FM JAN 1 570 HIGHEST SLP 30.22 ON 30
DPTR FM NORMAL 324 LOWEST SLP 29.62 ON 27
[REMARKS]
#FINAL-08-22#