000
CXUS54 KEWX 011110
CF6RYW
PRELIMINARY LOCAL CLIMATOLOGICAL DATA (WS FORM: F-6)
STATION: LAGO VISTA
MONTH: DECEMBER
YEAR: 2021
LATITUDE: 30 30 N
LONGITUDE: 97 58 W
TEMPERATURE IN F: :PCPN: SNOW: WIND :SUNSHINE: SKY :PK WND
================================================================================
1 2 3 4 5 6A 6B 7 8 9 10 11 12 13 14 15 16 17 18
12Z AVG MX 2MIN
DY MAX MIN AVG DEP HDD CDD WTR SNW DPTH SPD SPD DIR MIN PSBL S-S WX SPD DR
================================================================================
1 76 55 66 M 0 1 0.00 M M 5.2 9 240 M M 2 16 250
2 82 56 69 M 0 4 0.00 M M 4.8 8 200 M M 0 1 16 200
3 77 62 70 M 0 5 0.00 M M 5.5 8 140 M M 5 1 M M
4 78 63 71 M 0 6 0.00 M M 5.2 10 210 M M 7 1 18 210
5 76 66 71 M 0 6 0.00 M M 7.4 12 210 M M 9 21 200
6 71 42 57 M 8 0 0.00 M M 8.1 15 360 M M 4 1 28 360
7 70 37 54 M 11 0 0.00 M M 6.2 12 210 M M 0 18 190
8 79 46 63 M 2 0 0.00 M M 6.2 10 240 M M 0 M M
9 80 59 70 M 0 5 0.00 M M 9.1 13 220 M M 5 1 21 190
10 83 67 75 M 0 10 0.00 M M 7.6 13 210 M M 5 1 22 210
11 70 37 54 M 11 0 0.00 M M 7.1 18 360 M M 3 32 360
12 63 31 47 M 18 0 0.00 M M 3.6 7 10 M M 0 M M
13 69 44 57 M 8 0 0.00 M M 4.5 9 190 M M 8 8 M M
14 76 57 67 M 0 2 0.00 M M 4.8 10 180 M M 9 1 21 180
15 78 65 72 M 0 7 0.00 M M 9.5 15 190 M M 10 25 180
16 76 67 72 M 0 7 0.00 M M 6.4 15 190 M M 9 23 190
17 78 67 73 M 0 8 0.00 M M 8.2 13 190 M M 9 26 180
18 69 40 55 M 10 0 0.10 M M 8.4 16 10 M M 6 13 30 30
19 55 36 46 M 19 0 0.00 M M 5.0 10 20 M M 6 18 360
20 62 35 49 M 16 0 0.00 M M 2.9 6 140 M M 2 M M
21 69 37 53 M 12 0 0.00 M M 3.9 7 190 M M 0 M M
22 75 48 62 M 3 0 0.00 M M 6.2 10 220 M M 0 17 220
23 72 54 63 M 2 0 0.00 M M 8.4 12 180 M M 4 1 20 210
24 75 59 67 M 0 2 0.00 M M 12.3 17 210 M M 5 24 200
25 82 64 73 M 0 8 0.00 M M 5.9 14 210 M M 5 21 190
26 75 62 69 M 0 4 0.00 M M 7.3 14 190 M M 5 12 21 190
27 75 64 70 M 0 5 0.00 M M 7.8 14 200 M M 7 1 18 200
28 78 60 69 M 0 4 0.00 M M 5.6 10 180 M M 6 1 21 200
29 80 60 70 M 0 5 0.01 M M 4.4 8 320 M M 5 18 M M
30 84 55 70 M 0 5 0.00 M M 3.3 9 140 M M 1 1 M M
31 80 63 72 M 0 7 0.00 M M 7.3 12 150 M M 8 1 25 200
================================================================================
SM 2313 1658 120 101 0.11 M 198.0 M 145
================================================================================
AV 74.6 53.5 6.4 FASTST M M 5 MAX(MPH)
MISC ----> 18 360 32 360
================================================================================
NOTES:
# LAST OF SEVERAL OCCURRENCES
COLUMN 17 PEAK WIND IN M.P.H.
PRELIMINARY LOCAL CLIMATOLOGICAL DATA (WS FORM: F-6) , PAGE 2
STATION: LAGO VISTA
MONTH: DECEMBER
YEAR: 2021
LATITUDE: 30 30 N
LONGITUDE: 97 58 W
[TEMPERATURE DATA] [PRECIPITATION DATA] SYMBOLS USED IN COLUMN 16
AVERAGE MONTHLY: 64.0 TOTAL FOR MONTH: 0.11 1 = FOG OR MIST
DPTR FM NORMAL: 0.0 DPTR FM NORMAL: M 2 = FOG REDUCING VISIBILITY
HIGHEST: 84 ON 30 GRTST 24HR 0.10 ON 18-18 TO 1/4 MILE OR LESS
LOWEST: 31 ON 12 3 = THUNDER
SNOW, ICE PELLETS, HAIL 4 = ICE PELLETS
TOTAL MONTH: M 5 = HAIL
GRTST 24HR M ON M 6 = FREEZING RAIN OR DRIZZLE
GRTST DEPTH: M ON M 7 = DUSTSTORM OR SANDSTORM:
VSBY 1/2 MILE OR LESS
8 = SMOKE OR HAZE
[NO. OF DAYS WITH] [WEATHER - DAYS WITH] 9 = BLOWING SNOW
X = TORNADO
MAX 32 OR BELOW: 0 0.01 INCH OR MORE: 2
MAX 90 OR ABOVE: 0 0.10 INCH OR MORE: 1
MIN 32 OR BELOW: 1 0.50 INCH OR MORE: 0
MIN 0 OR BELOW: 0 1.00 INCH OR MORE: 0
[HDD (BASE 65) ]
TOTAL THIS MO. 120 CLEAR (SCALE 0-3) 9
DPTR FM NORMAL M PTCLDY (SCALE 4-7) 16
TOTAL FM JUL 1 268 CLOUDY (SCALE 8-10) 6
DPTR FM NORMAL M
[CDD (BASE 65) ]
TOTAL THIS MO. 101
DPTR FM NORMAL M [PRESSURE DATA]
TOTAL FM JAN 1 3046 HIGHEST SLP M ON M
DPTR FM NORMAL M LOWEST SLP M ON M
[REMARKS]
#FINAL-12-21#