000
CXUS56 KSTO 170106
CF6SAC
PRELIMINARY LOCAL CLIMATOLOGICAL DATA (WS FORM: F-6)
STATION: SACRAMENTO EXEC. AIRPORT CA
MONTH: FEBRUARY
YEAR: 2022
LATITUDE: 38 31 N
LONGITUDE: 121 30 W
TEMPERATURE IN F: :PCPN: SNOW: WIND :SUNSHINE: SKY :PK WND
================================================================================
1 2 3 4 5 6A 6B 7 8 9 10 11 12 13 14 15 16 17 18
12Z AVG MX 2MIN
DY MAX MIN AVG DEP HDD CDD WTR SNW DPTH SPD SPD DIR MIN PSBL S-S WX SPD DR
================================================================================
1 59 43 51 2 14 0 0.00 0.0 M 18.5 36 330 M M 0 44 340
2 59 39 49 0 16 0 0.00 M M 13.7 29 340 M M 0 36 330
3 60 32 46 -4 19 0 0.00 M M 1.4 16 350 M M 0 19 350
4 64 32 48 -2 17 0 0.00 0.0 M 1.2 7 180 M M 0 18 11 220
5 64 36 50 0 15 0 0.00 0.0 M 0.3 6 150 M M 0 18 9 240
6 66 33 50 0 15 0 0.00 0.0 M 1.8 7 90 M M 0 1 11 220
7 69 38 54 4 11 0 0.00 M M 2.4 12 340 M M 0 1 14 330
8 69 35 52 2 13 0 0.00 M M 0.5 7 170 M M 0 18 8 170
9 73 37 55 5 10 0 0.00 M M 1.2 8 200 M M 0 18 11 200
10 73 40 57 6 8 0 0.00 M M 2.6 9 130 M M 0 1 11 130
11 73 42 58 7 7 0 0.00 0.0 M 1.0 7 270 M M 0 18 12 300
12 75 41 58 7 7 0 0.00 0.0 M 0.9 7 290 M M 0 1 14 280
13 76 43 60 9 5 0 0.00 0.0 M 2.0 7 260 M M 0 1 11 240
14 61 41 51 0 14 0 0.00 M M 8.1 21 220 M M 1 18 27 230
15 62 38 50 -2 15 0 0.00 M M 14.1 29 330 M M 0 35 360
16 71 42 57 5 8 0 0.00 M M 12.5 25 330 M M 0 32 340
17 66 39 53 1 12 0 0.00 0.0 M 3.9 21 340 M M 0 29 350
18 68 38 53 1 12 0 0.00 0.0 M 0.7 7 310 M M 0 10 300
19 72 38 55 3 10 0 0.00 0.0 M 2.3 9 310 M M 0 1 12 320
20 61 43 52 0 13 0 0.00 M M 7.4 17 190 M M 0 24 190
21 59 34 47 -5 18 0 0.00 0.0 M 8.3 21 300 M M 1 1 29 310
22 55 35 45 -8 20 0 T M M 3.6 18 230 M M 3 8 22 240
23 55 32 44 -9 21 0 0.00 M M 8.6 20 340 M M 0 25 340
24 57 27 42 -11 23 0 0.00 M M 1.4 9 130 M M 0 12 130
25 61 28 45 -8 20 0 0.00 0.0 M 2.7 10 360 M M 0 15 330
26 60 31 46 -7 19 0 0.00 0.0 M 2.0 9 100 M M 0 12 90
27 70 39 55 2 10 0 0.00 0.0 M 4.7 13 300 M M 1 19 70
28 73 39 56 2 9 0 0.00 0.0 M 1.6 9 290 M M 0 13 300
================================================================================
SM 1831 1035 381 0 T 0.0 129.4 M 6
================================================================================
AV 65.4 37.0 4.6 FASTST M M 0 MAX(MPH)
MISC ----> 36 330 44 340
================================================================================
NOTES:
# LAST OF SEVERAL OCCURRENCES
COLUMN 17 PEAK WIND IN M.P.H.
PRELIMINARY LOCAL CLIMATOLOGICAL DATA (WS FORM: F-6) , PAGE 2
STATION: SACRAMENTO EXEC. AIRPORT CA
MONTH: FEBRUARY
YEAR: 2022
LATITUDE: 38 31 N
LONGITUDE: 121 30 W
[TEMPERATURE DATA] [PRECIPITATION DATA] SYMBOLS USED IN COLUMN 16
AVERAGE MONTHLY: 51.2 TOTAL FOR MONTH: T 1 = FOG OR MIST
DPTR FM NORMAL: -0.2 DPTR FM NORMAL: -3.49 2 = FOG REDUCING VISIBILITY
HIGHEST: 76 ON 13 GRTST 24HR T ON 22-22 TO 1/4 MILE OR LESS
LOWEST: 27 ON 24 3 = THUNDER
SNOW, ICE PELLETS, HAIL 4 = ICE PELLETS
TOTAL MONTH: 0.0 INCH 5 = HAIL
GRTST 24HR 0.0 6 = FREEZING RAIN OR DRIZZLE
GRTST DEPTH: M ON M 7 = DUSTSTORM OR SANDSTORM:
VSBY 1/2 MILE OR LESS
8 = SMOKE OR HAZE
[NO. OF DAYS WITH] [WEATHER - DAYS WITH] 9 = BLOWING SNOW
X = TORNADO
MAX 32 OR BELOW: 0 0.01 INCH OR MORE: 0
MAX 90 OR ABOVE: 0 0.10 INCH OR MORE: 0
MIN 32 OR BELOW: 6 0.50 INCH OR MORE: 0
MIN 0 OR BELOW: 0 1.00 INCH OR MORE: 0
[HDD (BASE 65) ]
TOTAL THIS MO. 381 CLEAR (SCALE 0-3) 28
DPTR FM NORMAL 0 PTCLDY (SCALE 4-7) 0
TOTAL FM JUL 1 1924 CLOUDY (SCALE 8-10) 0
DPTR FM NORMAL 35
[CDD (BASE 65) ]
TOTAL THIS MO. 0
DPTR FM NORMAL 0 [PRESSURE DATA]
TOTAL FM JAN 1 0 HIGHEST SLP 30.47 ON 4
DPTR FM NORMAL 0 LOWEST SLP 29.82 ON 20
[REMARKS]
#FINAL-02-22#