000
CXUS55 KTWC 010855
CF6SAD
PRELIMINARY LOCAL CLIMATOLOGICAL DATA (WS FORM: F-6)
STATION: SAFFORD AZ AIRPORT
MONTH: AUGUST
YEAR: 2022
LATITUDE: 32 50 N
LONGITUDE: 109 38 W
TEMPERATURE IN F: :PCPN: SNOW: WIND :SUNSHINE: SKY :PK WND
================================================================================
1 2 3 4 5 6A 6B 7 8 9 10 11 12 13 14 15 16 17 18
12Z AVG MX 2MIN
DY MAX MIN AVG DEP HDD CDD WTR SNW DPTH SPD SPD DIR MIN PSBL S-S WX SPD DR
================================================================================
1 99 74 87 2 0 22 0.02 M M 6.7 22 310 M M M 3 31 310
2 101 77 89 4 0 24 0.00 M M 10.6 32 280 M M M 3 42 280
3 99 76 88 3 0 23 T M M 12.2 25 300 M M M 3 33 300
4 89 68 79 -6 0 14 0.87 M M 6.8 39 70 M M M 13 58 60
5 96 71 84 -1 0 19 0.00 M M 6.8 15 270 M M M 22 260
6 100 71 86 1 0 21 0.04 M M 6.4 32 30 M M M 3 44 30
7 98 73 86 1 0 21 T M M 6.8 41 20 M M 2 3 57 30
8 95 70 83 -2 0 18 0.02 M M 5.2 28 160 M M 2 3 36 160
9 93 69 81 -4 0 16 0.00 M M 6.2 28 150 M M 2 3 38 150
10 94 67 81 -4 0 16 0.01 M M 6.9 18 70 M M 1 3 24 60
11 89 70 80 -5 0 15 0.04 M M 7.0 17 110 M M 1 23 120
12 95 70 83 -2 0 18 0.00 M M 7.9 35 40 M M 1 3 48 40
13 95 69 82 -3 0 17 0.02 M M 4.9 30 90 M M 2 3 42 90
14 93 69 81 -4 0 16 0.03 M M 6.3 23 10 M M 1 3 29 10
15 92 68 80 -5 0 15 0.00 M M 5.0 22 30 M M 0 3 31 40
16 96 69 83 -2 0 18 0.00 M M 6.2 17 40 M M 1 30 30
17 94 70 82 -3 0 17 T M M 7.4 24 150 M M 2 32 140
18 92 72 82 -3 0 17 0.04 M M 6.9 20 150 M M 5 3 28 160
19 86 69 78 -7 0 13 0.22 M M 7.2 22 190 M M 7 3 28 190
20 78 68 73 -12 0 8 0.40 M M 3.3 9 90 M M M 1 13 90
21 86 68 77 -7 0 12 T M M 5.6 22 10 M M 6 30 10
22 91 67 79 -5 0 14 0.00 M M 5.2 21 30 M M 1 3 31 40
23 92 67 80 -4 0 15 0.01 M M 8.9 29 40 M M 1 3 38 40
24 88 68 78 -6 0 13 0.00 M M 7.4 31 70 M M 1 3 44 70
25 92 69 81 -3 0 16 0.00 M M 6.9 15 150 M M 1 24 120
26 95 70 83 -1 0 18 0.00 M M 3.7 24 360 M M 1 3 34 360
27 95 69 82 -2 0 17 0.00 M M 8.2 26 310 M M 1 34 310
28 96 66 81 -3 0 16 0.00 M M 7.4 25 280 M M 0 3 36 10
29 99 64 82 -2 0 17 0.00 M M 5.6 16 320 M M 0 8 23 320
30 98 66 82 -1 0 17 T M M 7.6 43 50 M M 1 3 54 60
31 92 66 79 -4 0 14 0.00 M M 7.8 15 150 M M 1 21 150
================================================================================
SM 2898 2150 0 517 1.72 M 211.0 M 41
================================================================================
AV 93.5 69.4 6.8 FASTST M M 2 MAX(MPH)
MISC ----> 43 50 58 60
================================================================================
NOTES:
# LAST OF SEVERAL OCCURRENCES
COLUMN 17 PEAK WIND IN M.P.H.
PRELIMINARY LOCAL CLIMATOLOGICAL DATA (WS FORM: F-6) , PAGE 2
STATION: SAFFORD AZ AIRPORT
MONTH: AUGUST
YEAR: 2022
LATITUDE: 32 50 N
LONGITUDE: 109 38 W
[TEMPERATURE DATA] [PRECIPITATION DATA] SYMBOLS USED IN COLUMN 16
AVERAGE MONTHLY: 81.4 TOTAL FOR MONTH: 1.72 1 = FOG OR MIST
DPTR FM NORMAL: -3.2 DPTR FM NORMAL: 0.44 2 = FOG REDUCING VISIBILITY
HIGHEST: 101 ON 2 GRTST 24HR 0.87 ON 4- 4 TO 1/4 MILE OR LESS
LOWEST: 64 ON 29 3 = THUNDER
SNOW, ICE PELLETS, HAIL 4 = ICE PELLETS
TOTAL MONTH: M 5 = HAIL
GRTST 24HR M ON M 6 = FREEZING RAIN OR DRIZZLE
GRTST DEPTH: M ON M 7 = DUSTSTORM OR SANDSTORM:
VSBY 1/2 MILE OR LESS
8 = SMOKE OR HAZE
[NO. OF DAYS WITH] [WEATHER - DAYS WITH] 9 = BLOWING SNOW
X = TORNADO
MAX 32 OR BELOW: 0 0.01 INCH OR MORE: 12
MAX 90 OR ABOVE: 25 0.10 INCH OR MORE: 3
MIN 32 OR BELOW: 0 0.50 INCH OR MORE: 1
MIN 0 OR BELOW: 0 1.00 INCH OR MORE: 0
[HDD (BASE 65) ]
TOTAL THIS MO. 0 CLEAR (SCALE 0-3) 21
DPTR FM NORMAL 0 PTCLDY (SCALE 4-7) 3
TOTAL FM JUL 1 0 CLOUDY (SCALE 8-10) 7
DPTR FM NORMAL 0
[CDD (BASE 65) ]
TOTAL THIS MO. 517
DPTR FM NORMAL -91 [PRESSURE DATA]
TOTAL FM JAN 1 2197 HIGHEST SLP M ON M
DPTR FM NORMAL 34 LOWEST SLP 29.64 ON 27
[REMARKS]
#FINAL-08-22#