000
CXUS55 KTWC 010855
CF6SAD
PRELIMINARY LOCAL CLIMATOLOGICAL DATA (WS FORM: F-6)
STATION: SAFFORD AZ AIRPORT
MONTH: APRIL
YEAR: 2022
LATITUDE: 32 50 N
LONGITUDE: 109 38 W
TEMPERATURE IN F: :PCPN: SNOW: WIND :SUNSHINE: SKY :PK WND
================================================================================
1 2 3 4 5 6A 6B 7 8 9 10 11 12 13 14 15 16 17 18
12Z AVG MX 2MIN
DY MAX MIN AVG DEP HDD CDD WTR SNW DPTH SPD SPD DIR MIN PSBL S-S WX SPD DR
================================================================================
1 80 42 61 0 4 0 0.00 M M 4.6 16 310 M M 0 23 290
2 85 43 64 2 1 0 0.00 M M 5.3 15 300 M M 0 18 320
3 82 46 64 2 1 0 0.00 M M 5.1 18 300 M M 0 24 310
4 82 44 63 1 2 0 0.00 M M 9.9 24 290 M M 1 31 290
5 87 55 71 9 0 6 0.00 M M 14.9 32 300 M M 0 44 290
6 85 58 72 10 0 7 0.00 M M 14.6 31 290 M M 0 40 300
7 82 43 63 0 2 0 0.00 M M 6.8 17 160 M M 0 25 160
8 85 51 68 5 0 3 0.00 M M 9.1 18 130 M M 0 24 130
9 90 52 71 8 0 6 0.00 M M 11.4 30 290 M M 0 41 290
10 85 51 68 5 0 3 0.00 M M 13.1 31 300 M M 0 42 290
11 85 52 69 5 0 4 0.00 M M 10.1 26 270 M M 0 36 270
12 74 50 62 -2 3 0 0.00 M M 17.3 36 300 M M 0 50 290
13 71 35 53 -11 12 0 0.00 M M 10.2 21 300 M M 0 31 290
14 80 34 57 -7 8 0 0.00 M M 6.1 16 310 M M 0 23 320
15 84 42 63 -2 2 0 0.00 M M 8.3 23 310 M M 0 32 310
16 88 46 67 2 0 2 0.00 M M 8.5 30 280 M M 0 41 290
17 M M M M M M M M M M M M M M 0 M M
18 M M M M M M M M M M M M M M 0 M M
19 M M M M M M M M M M M M M M M M M
20 90 58 74 8 0 9 0.00 M M 11.5 29 300 M M M 41 310
21 91 47 69 3 0 4 0.00 M M 5.9 15 280 M M M 19 280
22 85 58 72 6 0 7 0.00 M M 8.5 29 240 M M M 46 240
23 76 51 64 -2 1 0 0.00 M M 12.4 22 290 M M M 33 290
24 80 41 61 -6 4 0 0.00 M M 8.3 23 300 M M M 33 290
25 85 42 64 -3 1 0 0.00 M M 5.2 16 90 M M 0 24 90
26 88 59 74 7 0 9 0.00 M M 14.0 23 130 M M 0 36 150
27 92 58 75 7 0 10 0.00 M M 9.1 28 270 M M 0 37 270
28 89 51 70 2 0 5 0.00 M M 9.0 24 260 M M 0 37 290
29 85 51 68 0 0 3 0.00 M M 11.7 24 290 M M 0 33 290
30 89 50 70 2 0 5 0.00 M M 5.9 15 320 M M 0 20 340
================================================================================
SM 2275 1310 41 83 0.00 M 256.8 M 1
================================================================================
AV 84.3 48.5 9.5 FASTST M M 0 MAX(MPH)
MISC ----> 36 300 50 290
================================================================================
NOTES:
# LAST OF SEVERAL OCCURRENCES
COLUMN 17 PEAK WIND IN M.P.H.
PRELIMINARY LOCAL CLIMATOLOGICAL DATA (WS FORM: F-6) , PAGE 2
STATION: SAFFORD AZ AIRPORT
MONTH: APRIL
YEAR: 2022
LATITUDE: 32 50 N
LONGITUDE: 109 38 W
[TEMPERATURE DATA] [PRECIPITATION DATA] SYMBOLS USED IN COLUMN 16
AVERAGE MONTHLY: 66.4 TOTAL FOR MONTH: 0.00 1 = FOG OR MIST
DPTR FM NORMAL: 1.6 DPTR FM NORMAL: -0.19 2 = FOG REDUCING VISIBILITY
HIGHEST: 92 ON 27 GRTST 24HR 0.00 ON 1- 1 TO 1/4 MILE OR LESS
LOWEST: 34 ON 14 3 = THUNDER
SNOW, ICE PELLETS, HAIL 4 = ICE PELLETS
TOTAL MONTH: M 5 = HAIL
GRTST 24HR M ON M 6 = FREEZING RAIN OR DRIZZLE
GRTST DEPTH: M ON M 7 = DUSTSTORM OR SANDSTORM:
VSBY 1/2 MILE OR LESS
8 = SMOKE OR HAZE
[NO. OF DAYS WITH] [WEATHER - DAYS WITH] 9 = BLOWING SNOW
X = TORNADO
MAX 32 OR BELOW: 0 0.01 INCH OR MORE: 0
MAX 90 OR ABOVE: 4 0.10 INCH OR MORE: 0
MIN 32 OR BELOW: 0 0.50 INCH OR MORE: 0
MIN 0 OR BELOW: 0 1.00 INCH OR MORE: 0
[HDD (BASE 65) ]
TOTAL THIS MO. 41 CLEAR (SCALE 0-3) 24
DPTR FM NORMAL -39 PTCLDY (SCALE 4-7) 0
TOTAL FM JUL 1 2151 CLOUDY (SCALE 8-10) 6
DPTR FM NORMAL -13
[CDD (BASE 65) ]
TOTAL THIS MO. 83
DPTR FM NORMAL 11 [PRESSURE DATA]
TOTAL FM JAN 1 85 HIGHEST SLP M ON M
DPTR FM NORMAL 5 LOWEST SLP 29.54 ON 10
[REMARKS]
#FINAL-04-22#