000
CXUS56 KSGX 011145
CF6SAN
PRELIMINARY LOCAL CLIMATOLOGICAL DATA (WS FORM: F-6)
STATION: SAN DIEGO INTL AIRPORT CA
MONTH: JANUARY
YEAR: 2024
LATITUDE: 32 43 N
LONGITUDE: 117 10 W
TEMPERATURE IN F: :PCPN: SNOW: WIND :SUNSHINE: SKY :PK WND
================================================================================
1 2 3 4 5 6A 6B 7 8 9 10 11 12 13 14 15 16 17 18
12Z AVG MX 2MIN
DY MAX MIN AVG DEP HDD CDD WTR SNW DPTH SPD SPD DIR MIN PSBL S-S WX SPD DR
================================================================================
1 64 48 56 -2 9 0 0.00 M M 2.7 12 320 M M 4 1 16 320
2 64 45 55 -3 10 0 0.00 M M 2.3 12 280 M M 4 18 190
3 61 52 57 -1 8 0 0.12 M M 6.8 20 280 M M 7 18 25 270
4 62 45 54 -4 11 0 0.00 M M 3.3 12 270 M M 2 17 280
5 65 42 54 -4 11 0 0.00 M M 2.7 9 320 M M 3 18 210
6 66 41 54 -4 11 0 0.00 M M 4.4 14 260 M M 4 24 200
7 60 47 54 -4 11 0 0.03 M M 12.2 24 290 M M 4 18 34 320
8 60 38 49 -9 16 0 0.00 M M 3.7 13 280 M M 0 15 320
9 63 38 51 -7 14 0 0.00 M M 2.1 12 280 M M 2 16 240
10 62 43 53 -5 12 0 T M M 5.8 18 280 M M 6 25 270
11 64 46 55 -3 10 0 0.13 M M 9.9 25 280 M M 6 18 33 280
12 62 40 51 -7 14 0 0.00 M M 2.7 12 290 M M 2 17 200
13 62 41 52 -6 13 0 0.00 M M 2.1 10 270 M M 2 15 230
14 62 45 54 -4 11 0 0.00 M M 2.3 8 220 M M 5 17 190
15 62 43 53 -5 12 0 0.00 M M 2.6 14 290 M M 4 1 17 290
16 65 49 57 -1 8 0 0.00 M M 3.5 14 280 M M 7 128 18 300
17 61 55 58 0 7 0 0.00 M M 3.4 13 270 M M 8 18 19 230
18 66 48 57 -1 8 0 0.00 M M 3.2 12 300 M M 5 17 300
19 72 50 61 3 4 0 0.00 M M 2.5 14 300 M M 7 18 17 300
20 62 56 59 0 6 0 0.33 M M 5.8 13 150 M M 9 18 23 160
21 62 56 59 0 6 0 0.26 M M 6.6 12 140 M M 9 1 27 180
22 62 58 60 1 5 0 2.73 M M 10.1 18 200 M M 10 1 29 210
23 63 56 60 1 5 0 0.05 M M 5.9 16 270 M M 8 1 20 270
24 61 54 58 -1 7 0 0.00 M M 3.5 13 280 M M 8 18 18 250
25 62 54 58 -1 7 0 T M M 4.6 9 290 M M 9 18 20 220
26 66 48 57 -2 8 0 0.00 M M 3.4 13 300 M M 4 17 300
27 72 46 59 0 6 0 0.00 M M 2.6 8 310 M M 4 13 230
28 78 47 63 4 2 0 0.00 M M 2.7 9 320 M M 6 12 320
29 75 48 62 3 3 0 0.00 M M 2.1 9 290 M M 2 8 13 260
30 73 48 61 2 4 0 0.00 M M 2.5 12 280 M M 2 12 15 240
31 63 50 57 -2 8 0 0.00 M M 4.4 12 210 M M 6 128 21 210
================================================================================
SM 2002 1477 267 0 3.65 M 132.4 M 159
================================================================================
AV 64.6 47.6 4.3 FASTST M M 5 MAX(MPH)
MISC ----> 25 280 34 320
================================================================================
NOTES:
# LAST OF SEVERAL OCCURRENCES
COLUMN 17 PEAK WIND IN M.P.H.
PRELIMINARY LOCAL CLIMATOLOGICAL DATA (WS FORM: F-6) , PAGE 2
STATION: SAN DIEGO INTL AIRPORT CA
MONTH: JANUARY
YEAR: 2024
LATITUDE: 32 43 N
LONGITUDE: 117 10 W
[TEMPERATURE DATA] [PRECIPITATION DATA] SYMBOLS USED IN COLUMN 16
AVERAGE MONTHLY: 56.1 TOTAL FOR MONTH: 3.65 1 = FOG OR MIST
DPTR FM NORMAL: -2.3 DPTR FM NORMAL: 1.67 2 = FOG REDUCING VISIBILITY
HIGHEST: 78 ON 28 GRTST 24HR 2.73 ON 22-22 TO 1/4 MILE OR LESS
LOWEST: 38 ON 9, 8 3 = THUNDER
SNOW, ICE PELLETS, HAIL 4 = ICE PELLETS
TOTAL MONTH: 0.0 INCH 5 = HAIL
GRTST 24HR M ON M 6 = FREEZING RAIN OR DRIZZLE
GRTST DEPTH: 0 7 = DUSTSTORM OR SANDSTORM:
VSBY 1/2 MILE OR LESS
8 = SMOKE OR HAZE
[NO. OF DAYS WITH] [WEATHER - DAYS WITH] 9 = BLOWING SNOW
X = TORNADO
MAX 32 OR BELOW: 0 0.01 INCH OR MORE: 7
MAX 90 OR ABOVE: 0 0.10 INCH OR MORE: 5
MIN 32 OR BELOW: 0 0.50 INCH OR MORE: 1
MIN 0 OR BELOW: 0 1.00 INCH OR MORE: 1
[HDD (BASE 65) ]
TOTAL THIS MO. 267 CLEAR (SCALE 0-3) 8
DPTR FM NORMAL 58 PTCLDY (SCALE 4-7) 18
TOTAL FM JUL 1 534 CLOUDY (SCALE 8-10) 5
DPTR FM NORMAL 2
[CDD (BASE 65) ]
TOTAL THIS MO. 0
DPTR FM NORMAL -3 [PRESSURE DATA]
TOTAL FM JAN 1 0 HIGHEST SLP 30.33 ON 8
DPTR FM NORMAL -3 LOWEST SLP 29.74 ON 22
[REMARKS]
#FINAL-01-24#