000
CXUS52 KCHS 020044
CLMSAV
CLIMATE REPORT
NATIONAL WEATHER SERVICE CHARLESTON SC
839 PM EDT TUE AUG 01 2023
...................................
...THE SAVANNAH GA CLIMATE SUMMARY FOR THE MONTH OF JULY 2023...
CLIMATE NORMAL PERIOD 1991 TO 2020
CLIMATE RECORD PERIOD 1871 TO 2023
WEATHER OBSERVED NORMAL DEPART LAST YEAR`S
VALUE DATE(S) VALUE FROM VALUE DATE(S)
NORMAL
................................................................
TEMPERATURE (F)
RECORD
HIGH 105 07/20/1986
07/12/1879
LOW 61 07/09/1972
07/23/1966
07/07/1964
HIGHEST 99 07/21 96 07/31
LOWEST 71 07/11 71 07/19
AVG. MAXIMUM 93.7 92.3 1.4 91.9
AVG. MINIMUM 75.1 73.7 1.4 74.1
MEAN 84.4 83.0 1.4 83.0
DAYS MAX >= 90 28 24.6 3.4 25
DAYS MAX <= 32 0 0.0 0.0 0
DAYS MIN <= 32 0 0.0 0.0 0
DAYS MIN <= 0 0 0.0 0.0 0
PRECIPITATION (INCHES)
RECORD
MAXIMUM 20.10 1964
MINIMUM 0.82 1888
TOTALS 3.06 5.75 -2.69 7.22
DAYS >= .01 11 12.4 -1.4 16
DAYS >= .10 4 8.5 -4.5 10
DAYS >= .50 2 4.3 -2.3 2
DAYS >= 1.00 1 1.8 -0.8 2
GREATEST
24 HR. TOTAL 1.49 07/28
DEGREE DAYS
HEATING TOTAL 0 0 0 0
SINCE 7/1 0 0 0
COOLING TOTAL 611 558 53 562
SINCE 1/1 1570 1474 96
................................................................
WIND (MPH)
AVERAGE WIND SPEED 6.5
HIGHEST WIND SPEED/DIRECTION 33/300
HIGHEST GUST SPEED/DIRECTION 43/300
WEATHER CONDITIONS. NUMBER OF DAYS WITH
THUNDERSTORM 21 MIXED PRECIP 0
HEAVY RAIN 5 RAIN 3
LIGHT RAIN 13 FREEZING RAIN 0
LT FREEZING RAIN 0 HAIL 0
HEAVY SNOW 0 SNOW 0
LIGHT SNOW 0 SLEET 0
FOG 9 FOG W/VIS <= 1/4 MILE 0
HAZE 9
- INDICATES NEGATIVE NUMBERS.
R INDICATES RECORD WAS SET OR TIED.
MM INDICATES DATA IS MISSING.
T INDICATES TRACE AMOUNT.
$$