000
CXUS53 KLMK 011253
CF6SDF
PRELIMINARY LOCAL CLIMATOLOGICAL DATA (WS FORM: F-6)
STATION: LOUISVILLE KY
MONTH: OCTOBER
YEAR: 2021
LATITUDE: 38 10 N
LONGITUDE: 85 44 W
TEMPERATURE IN F: :PCPN: SNOW: WIND :SUNSHINE: SKY :PK WND
================================================================================
1 2 3 4 5 6A 6B 7 8 9 10 11 12 13 14 15 16 17 18
12Z AVG MX 2MIN
DY MAX MIN AVG DEP HDD CDD WTR SNW DPTH SPD SPD DIR MIN PSBL S-S WX SPD DR
================================================================================
1 82 61 72 6 0 7 0.00 0.0 0 4.7 13 70 M M 6 1 17 90
2 83 64 74 8 0 9 0.01 0.0 0 6.8 16 220 M M 9 1 22 220
3 75 66 71 5 0 6 1.02 0.0 0 7.6 15 190 M M 9 13 19 190
4 78 64 71 6 0 6 0.00 0.0 0 4.0 12 260 M M 6 18 16 230
5 80 62 71 6 0 6 0.58 0.0 0 4.6 15 170 M M 6 128 19 160
6 77 68 73 9 0 8 0.12 0.0 0 4.7 16 120 M M 9 13 29 140
7 81 64 73 9 0 8 0.07 0.0 0 4.5 14 150 M M 7 1 18 160
8 82 62 72 8 0 7 0.00 0.0 0 4.3 14 250 M M 3 1 19 190
9 85 62 74 11 0 9 0.00 0.0 0 6.9 15 160 M M 4 1 18 170
10 86 67 77 14 0 12 0.00 0.0 0 8.7 17 160 M M 5 18 22 200
11 83 66 75 13 0 10 T 0.0 0 12.9 25 150 M M 6 33 160
12 77 62 70 8 0 5 T 0.0 0 9.1 17 250 M M 4 23 260
13 75 59 67 5 0 2 0.01 0.0 0 6.3 12 160 M M 9 1 20 140
14 85 67 76 15 0 11 T 0.0 0 6.5 14 170 M M 7 1 18 210
15 78 64 71 10 0 6 0.55 0.0 0 8.0 26 310 M M 9 138 43 320
16 65 49 57 -3 8 0 0.05 0.0 0 13.3 26 330 M M 4 1 37 340
17 71 46 59 -1 6 0 0.00 0.0 0 6.7 21 250 M M 0 26 260
18 73 47 60 0 5 0 0.00 0.0 0 2.8 13 290 M M 0 8 18 280
19 74 47 61 2 4 0 0.00 0.0 0 3.8 13 180 M M 3 17 180
20 75 50 63 4 2 0 0.00 0.0 0 6.6 16 160 M M 2 21 160
21 76 51 64 6 1 0 T 0.0 0 12.0 26 280 M M 6 36 250
22 59 50 55 -3 10 0 0.00 0.0 0 7.1 12 280 M M 10 14 280
23 65 47 56 -2 9 0 0.06 0.0 0 4.1 12 210 M M 7 15 210
24 80 57 69 12 0 4 0.18 0.0 0 10.3 21 210 M M 7 13 32 180
25 69 52 61 4 4 0 0.47 0.0 0 12.5 29 130 M M 9 13 36 130
26 62 47 55 -1 10 0 T 0.0 0 8.6 20 350 M M 6 8 26 340
27 62 40 51 -5 14 0 0.00 0.0 0 5.7 17 80 M M 6 23 80
28 56 48 52 -4 13 0 0.19 0.0 0 7.5 14 100 M M 9 1 20 140
29 64 53 59 4 6 0 0.35 0.0 0 5.2 12 270 M M 9 1 16 260
30 61 54 58 3 7 0 0.38 0.0 0 9.0 16 310 M M 10 1 23 300
31 65 48 57 3 8 0 0.00 0.0 0 9.2 17 300 M M 6 24 290
================================================================================
SM 2284 1744 107 116 4.04 0.0 224.0 M 193
================================================================================
AV 73.7 56.3 7.2 FASTST M M 6 MAX(MPH)
MISC ----> 29 130 43 320
================================================================================
NOTES:
# LAST OF SEVERAL OCCURRENCES
COLUMN 17 PEAK WIND IN M.P.H.
PRELIMINARY LOCAL CLIMATOLOGICAL DATA (WS FORM: F-6) , PAGE 2
STATION: LOUISVILLE KY
MONTH: OCTOBER
YEAR: 2021
LATITUDE: 38 10 N
LONGITUDE: 85 44 W
[TEMPERATURE DATA] [PRECIPITATION DATA] SYMBOLS USED IN COLUMN 16
AVERAGE MONTHLY: 65.0 TOTAL FOR MONTH: 4.04 1 = FOG OR MIST
DPTR FM NORMAL: 4.7 DPTR FM NORMAL: 0.32 2 = FOG REDUCING VISIBILITY
HIGHEST: 86 ON 10 GRTST 24HR 1.03 ON 2- 3 TO 1/4 MILE OR LESS
LOWEST: 40 ON 27 3 = THUNDER
SNOW, ICE PELLETS, HAIL 4 = ICE PELLETS
TOTAL MONTH: 0.0 INCH 5 = HAIL
GRTST 24HR 0.0 6 = FREEZING RAIN OR DRIZZLE
GRTST DEPTH: 0 7 = DUSTSTORM OR SANDSTORM:
VSBY 1/2 MILE OR LESS
8 = SMOKE OR HAZE
[NO. OF DAYS WITH] [WEATHER - DAYS WITH] 9 = BLOWING SNOW
X = TORNADO
MAX 32 OR BELOW: 0 0.01 INCH OR MORE: 14
MAX 90 OR ABOVE: 0 0.10 INCH OR MORE: 9
MIN 32 OR BELOW: 0 0.50 INCH OR MORE: 3
MIN 0 OR BELOW: 0 1.00 INCH OR MORE: 1
[HDD (BASE 65) ]
TOTAL THIS MO. 107 CLEAR (SCALE 0-3) 5
DPTR FM NORMAL -91 PTCLDY (SCALE 4-7) 16
TOTAL FM JUL 1 117 CLOUDY (SCALE 8-10) 10
DPTR FM NORMAL -104
[CDD (BASE 65) ]
TOTAL THIS MO. 116
DPTR FM NORMAL 64 [PRESSURE DATA]
TOTAL FM JAN 1 1918 HIGHEST SLP 30.25 ON 19
DPTR FM NORMAL 179 LOWEST SLP 29.42 ON 29
[REMARKS]
#FINAL-10-21#