000
CXUS53 KLMK 010800
CF6SDF
PRELIMINARY LOCAL CLIMATOLOGICAL DATA (WS FORM: F-6)
STATION: LOUISVILLE KY
MONTH: JULY
YEAR: 2020
LATITUDE: 38 10 N
LONGITUDE: 85 44 W
TEMPERATURE IN F: :PCPN: SNOW: WIND :SUNSHINE: SKY :PK WND
================================================================================
1 2 3 4 5 6A 6B 7 8 9 10 11 12 13 14 15 16 17 18
12Z AVG MX 2MIN
DY MAX MIN AVG DEP HDD CDD WTR SNW DPTH SPD SPD DIR MIN PSBL S-S WX SPD DR
================================================================================
1 89 76 83 4 0 18 0.03 0.0 0 3.5 17 70 M M 8 3 22 70
2 93 73 83 4 0 18 0.00 0.0 0 4.9 13 60 M M 3 20 40
3 93 73 83 4 0 18 0.00 0.0 0 4.3 12 60 M M 6 18 40
4 94 73 84 5 0 19 0.00 0.0 0 4.3 13 120 M M 4 8 17 120
5 95 74 85 6 0 20 0.22 0.0 0 4.5 26 10 M M 5 138 35 360
6 94 73 84 5 0 19 0.00 0.0 0 4.3 23 30 M M 7 3 36 20
7 94 73 84 5 0 19 0.09 0.0 0 2.6 24 250 M M 6 3 31 250
8 93 74 84 5 0 19 T 0.0 0 4.5 22 350 M M 4 3 29 350
9 93 74 84 5 0 19 0.00 0.0 0 3.6 20 350 M M 5 3 23 350
10 89 76 83 4 0 18 0.00 0.0 0 10.6 23 280 M M 4 31 260
11 90 67 79 0 0 14 0.30 0.0 0 8.0 36 360 M M 3 13 48 360
12 85 66 76 -3 0 11 0.23 0.0 0 6.1 26 320 M M 6 13 40 320
13 87 69 78 -2 0 13 0.00 0.0 0 6.0 15 300 M M 2 21 290
14 90 67 79 -1 0 14 0.00 0.0 0 3.2 13 150 M M 2 16 130
15 92 71 82 2 0 17 0.00 0.0 0 7.6 16 180 M M 6 24 200
16 90 76 83 3 0 18 0.01 0.0 0 9.4 18 230 M M 8 24 230
17 87 73 80 1 0 15 0.20 0.0 0 5.3 18 250 M M 6 13 25 250
18 94 76 85 6 0 20 0.00 0.0 0 7.6 16 230 M M 5 20 240
19 95 78 87 8 0 22 0.00 0.0 0 9.3 20 240 M M 2 27 230
20 92 75 84 5 0 19 0.58 0.0 0 4.3 23 260 M M 7 38 33 260
21 93 74 84 5 0 19 T 0.0 0 5.5 20 220 M M 5 138 28 230
22 91 74 83 4 0 18 T 0.0 0 7.7 20 190 M M 9 3 27 200
23 87 75 81 2 0 16 0.67 0.0 0 6.1 20 20 M M 9 13 28 10
24 92 72 82 3 0 17 0.00 0.0 0 3.5 13 310 M M 3 18 19 280
25 94 73 84 5 0 19 0.04 0.0 0 3.9 15 60 M M 4 20 70
26 93 76 85 6 0 20 0.00 0.0 0 6.4 17 230 M M 5 3 23 310
27 94 76 85 6 0 20 T 0.0 0 8.3 31 280 M M 5 3 42 280
28 91 76 84 5 0 19 T 0.0 0 6.0 14 20 M M 8 8 21 300
29 93 75 84 5 0 19 0.00 0.0 0 5.2 14 260 M M 6 8 19 260
30 85 71 78 -1 0 13 2.35 0.0 0 6.9 18 190 M M 10 123 24 190
31 82 71 77 -2 0 12 0.31 0.0 0 4.5 12 20 M M 10 1 14 360
================================================================================
SM 2824 2270 0 542 5.03 0.0 177.9 M 173
================================================================================
AV 91.1 73.2 5.7 FASTST M M 6 MAX(MPH)
MISC ----> # 36 360 # 48 360
================================================================================
NOTES:
# LAST OF SEVERAL OCCURRENCES
COLUMN 17 PEAK WIND IN M.P.H.
PRELIMINARY LOCAL CLIMATOLOGICAL DATA (WS FORM: F-6) , PAGE 2
STATION: LOUISVILLE KY
MONTH: JULY
YEAR: 2020
LATITUDE: 38 10 N
LONGITUDE: 85 44 W
[TEMPERATURE DATA] [PRECIPITATION DATA] SYMBOLS USED IN COLUMN 16
AVERAGE MONTHLY: 82.2 TOTAL FOR MONTH: 5.03 1 = FOG OR MIST
DPTR FM NORMAL: 2.9 DPTR FM NORMAL: 0.80 2 = FOG REDUCING VISIBILITY
HIGHEST: 95 ON 19, 5 GRTST 24HR 2.35 ON 30-30 TO 1/4 MILE OR LESS
LOWEST: 66 ON 12 3 = THUNDER
SNOW, ICE PELLETS, HAIL 4 = ICE PELLETS
TOTAL MONTH: 0.0 INCH 5 = HAIL
GRTST 24HR 0.0 6 = FREEZING RAIN OR DRIZZLE
GRTST DEPTH: 0 7 = DUSTSTORM OR SANDSTORM:
VSBY 1/2 MILE OR LESS
8 = SMOKE OR HAZE
[NO. OF DAYS WITH] [WEATHER - DAYS WITH] 9 = BLOWING SNOW
X = TORNADO
MAX 32 OR BELOW: 0 0.01 INCH OR MORE: 12
MAX 90 OR ABOVE: 23 0.10 INCH OR MORE: 8
MIN 32 OR BELOW: 0 0.50 INCH OR MORE: 3
MIN 0 OR BELOW: 0 1.00 INCH OR MORE: 1
[HDD (BASE 65) ]
TOTAL THIS MO. 0 CLEAR (SCALE 0-3) 4
DPTR FM NORMAL 0 PTCLDY (SCALE 4-7) 22
TOTAL FM JUL 1 0 CLOUDY (SCALE 8-10) 5
DPTR FM NORMAL 0
[CDD (BASE 65) ]
TOTAL THIS MO. 542
DPTR FM NORMAL 99 [PRESSURE DATA]
TOTAL FM JAN 1 1073 HIGHEST SLP 30.21 ON 17
DPTR FM NORMAL 132 LOWEST SLP 29.72 ON 30
[REMARKS]
#FINAL-07-20#