750
CXUS54 KFWD 010731
CF6SEP
PRELIMINARY LOCAL CLIMATOLOGICAL DATA (WS FORM: F-6)
STATION: STEPHENVILLE
MONTH: OCTOBER
YEAR: 2020
LATITUDE: 32 13 N
LONGITUDE: 98 11 W
TEMPERATURE IN F: :PCPN: SNOW: WIND :SUNSHINE: SKY :PK WND
================================================================================
1 2 3 4 5 6A 6B 7 8 9 10 11 12 13 14 15 16 17 18
12Z AVG MX 2MIN
DY MAX MIN AVG DEP HDD CDD WTR SNW DPTH SPD SPD DIR MIN PSBL S-S WX SPD DR
================================================================================
1 82 56 69 -1 0 4 0.00 0.0 0 6.4 15 50 M M 0 17 70
2 78 54 66 -3 0 1 0.00 0.0 0 5.6 9 120 M M 0 M M
3 83 53 68 -1 0 3 0.00 0.0 0 6.0 15 160 M M 0 22 180
4 78 58 68 0 0 3 0.00 0.0 0 4.7 12 40 M M 1 18 40
5 82 50 66 -2 0 1 0.00 0.0 0 4.9 10 150 M M 0 M M
6 88 56 72 4 0 7 0.00 0.0 0 3.1 7 270 M M 0 M M
7 88 60 74 6 0 9 0.00 0.0 0 3.0 7 120 M M 0 M M
8 86 56 71 4 0 6 0.00 0.0 0 3.3 8 110 M M 0 M M
9 87 66 77 10 0 12 0.00 0.0 0 2.7 7 130 M M 4 M M
10 90 59 75 8 0 10 0.00 0.0 0 3.7 8 200 M M 3 M M
11 97 64 81 15 0 16 0.00 0.0 0 5.7 9 160 M M 2 M M
12 80 52 66 0 0 1 0.00 0.0 0 8.5 18 10 M M 1 28 10
13 83 46 65 -1 0 0 0.00 0.0 0 2.7 8 130 M M 0 M M
14 92 55 74 9 0 9 0.00 0.0 0 7.3 14 210 M M 0 21 210
15 74 63 69 4 0 4 0.00 0.0 0 11.2 21 10 M M 7 30 350
16 72 49 61 -4 4 0 0.00 0.0 0 7.7 15 30 M M 0 22 30
17 82 45 64 -1 1 0 0.00 0.0 0 9.5 17 190 M M 0 29 190
18 89 54 72 8 0 7 0.00 0.0 0 10.8 15 340 M M 0 23 200
19 67 50 59 -5 6 0 0.00 0.0 0 4.4 9 350 M M 5 M M
20 87 57 72 8 0 7 0.00 0.0 0 7.0 17 170 M M 5 24 170
21 85 67 76 13 0 11 0.00 0.0 0 8.3 14 170 M M 2 23 180
22 86 68 77 14 0 12 0.00 0.0 0 9.9 16 180 M M 3 23 190
23 73 47 60 -3 5 0 0.62 0.0 0 11.9 20 340 M M 9 29 340
24 60 41 51 -11 14 0 0.00 0.0 0 5.2 12 350 M M 4 M M
25 75 49 62 0 3 0 0.00 0.0 0 7.7 16 160 M M 5 17 70
26 57 33 45 -17 20 0 0.02 0.0 0 15.1 21 360 M M 10 28 350
27 37 33 35 -27 30 0 M 0.0 0 12.5 18 360 M M 10 23 360
28 51 34 43 -18 22 0 0.23 M 0 9.8 16 290 M M 6 24 290
29 61 39 50 -11 15 0 0.00 0.0 0 10.5 18 300 M M 6 28 320
30 69 36 53 -7 12 0 0.00 0.0 0 2.3 6 100 M M 0 M M
31 76 40 58 -2 7 0 0.00 0.0 0 2.9 12 190 M M 0 M M
================================================================================
SM 2395 1590 139 123 0.87 0.0 214.3 M 83
================================================================================
AV 77.3 51.3 6.9 FASTST M M 3 MAX(MPH)
MISC ----> # 21 10 # 30 350
================================================================================
NOTES:
# LAST OF SEVERAL OCCURRENCES
COLUMN 17 PEAK WIND IN M.P.H.
PRELIMINARY LOCAL CLIMATOLOGICAL DATA (WS FORM: F-6) , PAGE 2
STATION: STEPHENVILLE
MONTH: OCTOBER
YEAR: 2020
LATITUDE: 32 13 N
LONGITUDE: 98 11 W
[TEMPERATURE DATA] [PRECIPITATION DATA] SYMBOLS USED IN COLUMN 16
AVERAGE MONTHLY: 64.3 TOTAL FOR MONTH: 0.87 1 = FOG OR MIST
DPTR FM NORMAL: -0.6 DPTR FM NORMAL: -2.24 2 = FOG REDUCING VISIBILITY
HIGHEST: 97 ON 11 GRTST 24HR 0.62 ON 23-23 TO 1/4 MILE OR LESS
LOWEST: 33 ON 27,26 3 = THUNDER
SNOW, ICE PELLETS, HAIL 4 = ICE PELLETS
TOTAL MONTH: 0.0 INCH 5 = HAIL
GRTST 24HR 0.0 6 = FREEZING RAIN OR DRIZZLE
GRTST DEPTH: 0 7 = DUSTSTORM OR SANDSTORM:
VSBY 1/2 MILE OR LESS
8 = SMOKE OR HAZE
[NO. OF DAYS WITH] [WEATHER - DAYS WITH] 9 = BLOWING SNOW
X = TORNADO
MAX 32 OR BELOW: 0 0.01 INCH OR MORE: 3
MAX 90 OR ABOVE: 3 0.10 INCH OR MORE: 2
MIN 32 OR BELOW: 0 0.50 INCH OR MORE: 1
MIN 0 OR BELOW: 0 1.00 INCH OR MORE: 0
[HDD (BASE 65) ]
TOTAL THIS MO. 139 CLEAR (SCALE 0-3) 18
DPTR FM NORMAL 36 PTCLDY (SCALE 4-7) 10
TOTAL FM JUL 1 152 CLOUDY (SCALE 8-10) 3
DPTR FM NORMAL 36
[CDD (BASE 65) ]
TOTAL THIS MO. 123
DPTR FM NORMAL 24 [PRESSURE DATA]
TOTAL FM JAN 1 2521 HIGHEST SLP M ON M
DPTR FM NORMAL 296 LOWEST SLP M ON M
[REMARKS]
#FINAL-10-20#