000
CXUS55 KSEW 011732
CF6SEW
PRELIMINARY LOCAL CLIMATOLOGICAL DATA (WS FORM: F-6)
STATION: SEATTLE WA WFO
MONTH: NOVEMBER
YEAR: 2022
LATITUDE: 47 41 N
LONGITUDE: 122 15 W
TEMPERATURE IN F: :PCPN: SNOW: WIND :SUNSHINE: SKY :PK WND
================================================================================
1 2 3 4 5 6A 6B 7 8 9 10 11 12 13 14 15 16 17 18
12Z AVG MX 2MIN
DY MAX MIN AVG DEP HDD CDD WTR SNW DPTH SPD SPD DIR MIN PSBL S-S WX SPD DR
================================================================================
1 52 40 46 -3 19 0 0.15 0.0 0 M M M M M M M M
2 48 36 42 -7 23 0 0.21 0.0 0 M M M M M M M M
3 44 40 42 -7 23 0 0.51 0.0 0 M M M M M M M M
4 60 44 52 3 13 0 0.06 0.0 0 M M M M M M M M
5 53 42 48 0 17 0 T 0.0 0 M M M M M M M M
6 47 41 44 -4 21 0 0.81 0.0 0 M M M M M M M M
7 45 38 42 -6 23 0 0.32 0.0 0 M M M M M M 4 M M
8 44 36 40 -8 25 0 T 0.0 0 M M M M M M M M
9 46 29 38 -10 27 0 0.00 0.0 0 M M M M M M M M
10 49 38 44 -4 21 0 0.00 0.0 0 M M M M M M M M
11 51 37 44 -3 21 0 0.00 0.0 0 M M M M M M M M
12 52 34 43 -4 22 0 0.00 0.0 0 M M M M M M M M
13 50 34 42 -5 23 0 0.00 0.0 0 M M M M M M M M
14 54 34 44 -3 21 0 0.00 0.0 0 M M M M M M 1 M M
15 57 38 48 2 17 0 0.00 0.0 0 M M M M M M M M
16 55 34 45 -1 20 0 0.00 0.0 0 M M M M M M M M
17 53 35 44 -2 21 0 0.00 0.0 0 M M M M M M M M
18 53 32 43 -3 22 0 0.00 0.0 0 M M M M M M M M
19 54 30 42 -4 23 0 0.00 0.0 0 M M M M M M M M
20 52 29 41 -5 24 0 0.00 0.0 0 M M M M M M M M
21 48 41 45 0 20 0 0.00 0.0 0 M M M M M M M M
22 49 44 47 2 18 0 1.00 0.0 0 M M M M M M 1 M M
23 54 40 47 2 18 0 0.00 0.0 0 M M M M M M M M
24 53 33 43 -2 22 0 0.00 0.0 0 M M M M M M 1 M M
25 50 37 44 0 21 0 0.76 0.0 0 M M M M M M M M
26 47 38 43 -1 22 0 0.02 0.0 0 M M M M M M M M
27 48 38 43 -1 22 0 0.18 0.0 0 M M M M M M M M
28 43 27 35 -9 30 0 0.07 0.0 0 M M M M M M M M
29 39 31 35 -9 30 0 0.83 0.2 0 M M M M M M M M
30 42 32 37 -7 28 0 0.23 T 0 M M M M M M M M
================================================================================
SM 1492 1082 657 0 5.15 0.2 M M M
================================================================================
AV 49.7 36.1 M FASTST M M M MAX(MPH)
MISC ----> M M M M
================================================================================
NOTES:
# LAST OF SEVERAL OCCURRENCES
COLUMN 17 PEAK WIND IN M.P.H.
PRELIMINARY LOCAL CLIMATOLOGICAL DATA (WS FORM: F-6) , PAGE 2
STATION: SEATTLE WA WFO
MONTH: NOVEMBER
YEAR: 2022
LATITUDE: 47 41 N
LONGITUDE: 122 15 W
[TEMPERATURE DATA] [PRECIPITATION DATA] SYMBOLS USED IN COLUMN 16
AVERAGE MONTHLY: 42.9 TOTAL FOR MONTH: 5.15 1 = FOG OR MIST
DPTR FM NORMAL: -3.5 DPTR FM NORMAL: -0.70 2 = FOG REDUCING VISIBILITY
HIGHEST: 60 ON 4 GRTST 24HR 1.00 ON 22-22 TO 1/4 MILE OR LESS
LOWEST: 27 ON 28 3 = THUNDER
SNOW, ICE PELLETS, HAIL 4 = ICE PELLETS
TOTAL MONTH: 0.2 INCH 5 = HAIL
GRTST 24HR 0.2 ON 29-29 6 = FREEZING RAIN OR DRIZZLE
GRTST DEPTH: 0 7 = DUSTSTORM OR SANDSTORM:
VSBY 1/2 MILE OR LESS
8 = SMOKE OR HAZE
[NO. OF DAYS WITH] [WEATHER - DAYS WITH] 9 = BLOWING SNOW
X = TORNADO
MAX 32 OR BELOW: 0 0.01 INCH OR MORE: 13
MAX 90 OR ABOVE: 0 0.10 INCH OR MORE: 10
MIN 32 OR BELOW: 7 0.50 INCH OR MORE: 5
MIN 0 OR BELOW: 0 1.00 INCH OR MORE: 1
[HDD (BASE 65) ]
TOTAL THIS MO. 657 CLEAR (SCALE 0-3) 0
DPTR FM NORMAL 99 PTCLDY (SCALE 4-7) 0
TOTAL FM JUL 1 908 CLOUDY (SCALE 8-10) 30
DPTR FM NORMAL -164
[CDD (BASE 65) ]
TOTAL THIS MO. 0
DPTR FM NORMAL 0 [PRESSURE DATA]
TOTAL FM JAN 1 406 HIGHEST SLP M ON M
DPTR FM NORMAL 196 LOWEST SLP M ON M
[REMARKS]
#FINAL-11-22#
CORRECTED SNOWFALL ON 30TH