574
CXUS54 KHGX 310709
CF6SGR
PRELIMINARY LOCAL CLIMATOLOGICAL DATA (WS FORM: F-6)
STATION: SUGAR LAND/HULL FLD
MONTH: APRIL
YEAR: 2020
LATITUDE: 29 37 N
LONGITUDE: 95 39 W
TEMPERATURE IN F: :PCPN: SNOW: WIND :SUNSHINE: SKY :PK WND
================================================================================
1 2 3 4 5 6A 6B 7 8 9 10 11 12 13 14 15 16 17 18
12Z AVG MX 2MIN
DY MAX MIN AVG DEP HDD CDD WTR SNW DPTH SPD SPD DIR MIN PSBL S-S WX SPD DR
================================================================================
1 76 51 64 -1 1 0 0.00 0.0 0 8.3 17 140 M M 0 22 120
2 77 64 71 6 0 6 T 0.0 0 10.4 24 130 M M 4 28 140
3 80 68 74 8 0 9 0.48 0.0 0 8.1 17 160 M M 10 13 21 140
4 68 53 61 -5 4 0 0.92 0.0 0 10.2 20 10 M M 10 1 23 350
5 75 57 66 0 0 1 T 0.0 0 8.1 16 50 M M 8 1 20 40
6 78 63 71 5 0 6 0.01 0.0 0 5.8 16 130 M M 9 1 19 130
7 86 73 80 14 0 15 T 0.0 0 7.0 13 240 M M 6 18 17 220
8 87 73 80 13 0 15 0.00 0.0 0 6.8 12 190 M M 7 1 16 200
9 91 70 81 14 0 16 0.08 0.0 0 6.9 23 10 M M 3 13 32 330
10 77 66 72 5 0 7 0.00 0.0 0 9.2 20 40 M M 2 24 40
11 81 64 73 5 0 8 T 0.0 0 10.1 22 150 M M 6 27 150
12 90 58 74 6 0 9 0.03 0.0 0 13.3 26 270 M M 5 18 37 260
13 71 51 61 -7 4 0 0.00 0.0 0 12.2 21 10 M M 0 25 350
14 71 50 61 -7 4 0 0.00 0.0 0 12.7 21 340 M M 1 25 340
15 71 50 61 -8 4 0 0.00 0.0 0 7.7 20 40 M M 0 24 40
16 77 48 63 -6 2 0 0.00 0.0 0 8.9 18 140 M M 0 27 150
17 83 65 74 5 0 9 T 0.0 0 6.9 14 320 M M 9 1 17 140
18 74 61 68 -1 0 3 T 0.0 0 8.7 16 30 M M 10 13 21 350
19 84 64 74 4 0 9 T 0.0 0 6.4 21 180 M M 7 123 26 180
20 85 58 72 2 0 7 0.00 0.0 0 5.5 16 160 M M 3 128 20 360
21 86 69 78 8 0 13 0.00 0.0 0 10.0 18 160 M M 4 23 150
22 85 72 79 9 0 14 0.00 0.0 0 12.5 25 180 M M 9 32 180
23 88 61 75 4 0 10 0.00 0.0 0 9.9 23 330 M M 3 1 29 330
24 92 58 75 4 0 10 0.00 0.0 0 9.3 22 350 M M 0 30 340
25 82 62 72 1 0 7 T 0.0 0 8.6 20 20 M M 2 3 26 300
26 88 55 72 0 0 7 0.00 0.0 0 6.1 16 150 M M 1 18 19 160
27 85 58 72 0 0 7 0.00 0.0 0 11.6 23 150 M M 2 29 140
28 85 70 78 6 0 13 0.19 0.0 0 12.9 31 180 M M 9 13 41 180
29 84 55 70 -2 0 5 0.67 0.0 0 10.1 44 20 M M 4 13 54 20
30 83 51 67 -6 0 2 0.00 0.0 0 4.2 13 340 M M 0 16 320
================================================================================
SM 2440 1818 19 208 2.38 0.0 268.4 M 134
================================================================================
AV 81.3 60.6 8.9 FASTST M M 4 MAX(MPH)
MISC ----> # 44 20 # 54 20
================================================================================
NOTES:
# LAST OF SEVERAL OCCURRENCES
COLUMN 17 PEAK WIND IN M.P.H.
PRELIMINARY LOCAL CLIMATOLOGICAL DATA (WS FORM: F-6) , PAGE 2
STATION: SUGAR LAND/HULL FLD
MONTH: APRIL
YEAR: 2020
LATITUDE: 29 37 N
LONGITUDE: 95 39 W
[TEMPERATURE DATA] [PRECIPITATION DATA] SYMBOLS USED IN COLUMN 16
AVERAGE MONTHLY: 71.0 TOTAL FOR MONTH: 2.38 1 = FOG OR MIST
DPTR FM NORMAL: 2.2 DPTR FM NORMAL: -0.94 2 = FOG REDUCING VISIBILITY
HIGHEST: 92 ON 24 GRTST 24HR 0.92 ON 4- 4 TO 1/4 MILE OR LESS
LOWEST: 48 ON 16 3 = THUNDER
SNOW, ICE PELLETS, HAIL 4 = ICE PELLETS
TOTAL MONTH: 0.0 INCH 5 = HAIL
GRTST 24HR 0.0 6 = FREEZING RAIN OR DRIZZLE
GRTST DEPTH: 0 7 = DUSTSTORM OR SANDSTORM:
VSBY 1/2 MILE OR LESS
8 = SMOKE OR HAZE
[NO. OF DAYS WITH] [WEATHER - DAYS WITH] 9 = BLOWING SNOW
X = TORNADO
MAX 32 OR BELOW: 0 0.01 INCH OR MORE: 7
MAX 90 OR ABOVE: 3 0.10 INCH OR MORE: 4
MIN 32 OR BELOW: 0 0.50 INCH OR MORE: 2
MIN 0 OR BELOW: 0 1.00 INCH OR MORE: 0
[HDD (BASE 65) ]
TOTAL THIS MO. 19 CLEAR (SCALE 0-3) 12
DPTR FM NORMAL -21 PTCLDY (SCALE 4-7) 11
TOTAL FM JUL 1 1012 CLOUDY (SCALE 8-10) 7
DPTR FM NORMAL -407
[CDD (BASE 65) ]
TOTAL THIS MO. 208
DPTR FM NORMAL 56 [PRESSURE DATA]
TOTAL FM JAN 1 490 HIGHEST SLP 30.22 ON 26
DPTR FM NORMAL 249 LOWEST SLP 29.50 ON 12
[REMARKS]
#FINAL-04-20#