000
CXUS54 KLZK 011230
CF6SGT
PRELIMINARY LOCAL CLIMATOLOGICAL DATA (WS FORM: F-6)
STATION: STUTTGART AIRPORT
MONTH: DECEMBER
YEAR: 2020
LATITUDE: 34 35 N
LONGITUDE: 91 34 W
TEMPERATURE IN F: :PCPN: SNOW: WIND :SUNSHINE: SKY :PK WND
================================================================================
1 2 3 4 5 6A 6B 7 8 9 10 11 12 13 14 15 16 17 18
12Z AVG MX 2MIN
DY MAX MIN AVG DEP HDD CDD WTR SNW DPTH SPD SPD DIR MIN PSBL S-S WX SPD DR
================================================================================
1 52 25 39 -7 26 0 M M M 5.6 9 140 M M 0 8 M M
2 55 32 44 -2 21 0 M M M 8.1 14 120 M M 3 8 M M
3 45 38 42 -4 23 0 M M M 4.9 9 340 M M 9 1 M M
4 51 36 44 -1 21 0 0.01 M M 8.6 15 280 M M 5 1 M M
5 58 34 46 1 19 0 T M M 6.2 10 220 M M 0 8 M M
6 56 36 46 1 19 0 0.00 M M 7.3 13 350 M M 0 M M
7 54 33 44 0 21 0 0.00 M M 6.2 9 330 M M 0 M M
8 61 33 47 3 18 0 T M M 4.8 9 150 M M 0 18 M M
9 70 36 53 9 12 0 0.01 M M 7.0 12 220 M M 0 1 M M
10 75 40 58 14 7 0 0.00 0.0 0 7.3 12 200 M M 0 18 M M
11 66 46 56 13 9 0 T M M 13.1 20 170 M M 5 25 170
12 59 37 48 5 17 0 M M M 10.4 15 280 M M 3 20 260
13 44 34 39 -4 26 0 T M M 12.9 25 330 M M 7 1 30 320
14 41 30 36 -7 29 0 M M M 10.5 20 330 M M 5 M M
15 36 28 32 -10 33 0 T M M 7.3 12 50 M M 8 M M
16 39 30 35 -7 30 0 0.00 M M 7.8 15 320 M M 9 M M
17 44 26 35 -7 30 0 M M M 5.3 8 150 M M 2 1 M M
18 53 30 42 0 23 0 0.00 M M 8.2 14 170 M M 0 1 M M
19 47 42 45 3 20 0 M M M 6.2 13 150 M M 10 1 M M
20 46 37 42 1 23 0 M M M 5.4 9 170 M M 7 12 M M
21 64 34 49 8 16 0 M M M 8.0 16 250 M M 0 1 M M
22 64 36 50 9 15 0 T M M 6.8 14 130 M M 0 18 M M
23 63 43 53 12 12 0 0.01 M M 16.1 38 310 M M 7 13 46 310
24 43 29 36 -5 29 0 M M M 16.9 25 290 M M 2 37 300
25 40 25 33 -8 32 0 M M M 9.8 16 330 M M 0 M M
26 59 30 45 4 20 0 T M M 9.3 13 190 M M 0 M M
27 65 38 52 11 13 0 M M M 13.0 24 180 M M 3 32 200
28 53 40 47 7 18 0 M M M 10.9 17 60 M M 0 22 30
29 52 39 46 6 19 0 T M M 9.6 15 70 M M 6 1 M M
30 62 40 51 11 14 0 0.01 M M 15.8 26 360 M M 10 1 35 10
31 41 36 39 -1 26 0 M M M 19.1 22 50 M M 10 1 32 50
================================================================================
SM 1658 1073 641 0 0.04 0.0 288.5 M 111
================================================================================
AV 53.5 34.6 9.3 FASTST M M 4 MAX(MPH)
MISC ----> 38 310 46 310
================================================================================
NOTES:
# LAST OF SEVERAL OCCURRENCES
COLUMN 17 PEAK WIND IN M.P.H.
PRELIMINARY LOCAL CLIMATOLOGICAL DATA (WS FORM: F-6) , PAGE 2
STATION: STUTTGART AIRPORT
MONTH: DECEMBER
YEAR: 2020
LATITUDE: 34 35 N
LONGITUDE: 91 34 W
[TEMPERATURE DATA] [PRECIPITATION DATA] SYMBOLS USED IN COLUMN 16
AVERAGE MONTHLY: 44.0 TOTAL FOR MONTH: 0.04 1 = FOG OR MIST
DPTR FM NORMAL: 1.5 DPTR FM NORMAL: -5.29 2 = FOG REDUCING VISIBILITY
HIGHEST: 75 ON 10 GRTST 24HR 0.01 ON 4- 4 TO 1/4 MILE OR LESS
LOWEST: 25 ON 25, 1 3 = THUNDER
SNOW, ICE PELLETS, HAIL 4 = ICE PELLETS
TOTAL MONTH: 0.0 INCH 5 = HAIL
GRTST 24HR 0.0 6 = FREEZING RAIN OR DRIZZLE
GRTST DEPTH: 0 7 = DUSTSTORM OR SANDSTORM:
VSBY 1/2 MILE OR LESS
8 = SMOKE OR HAZE
[NO. OF DAYS WITH] [WEATHER - DAYS WITH] 9 = BLOWING SNOW
X = TORNADO
MAX 32 OR BELOW: 0 0.01 INCH OR MORE: 4
MAX 90 OR ABOVE: 0 0.10 INCH OR MORE: 0
MIN 32 OR BELOW: 10 0.50 INCH OR MORE: 0
MIN 0 OR BELOW: 0 1.00 INCH OR MORE: 0
[HDD (BASE 65) ]
TOTAL THIS MO. 641 CLEAR (SCALE 0-3) 17
DPTR FM NORMAL -56 PTCLDY (SCALE 4-7) 8
TOTAL FM JUL 1 1094 CLOUDY (SCALE 8-10) 6
DPTR FM NORMAL -157
[CDD (BASE 65) ]
TOTAL THIS MO. 0
DPTR FM NORMAL 0 [PRESSURE DATA]
TOTAL FM JAN 1 1969 HIGHEST SLP 30.42 ON 28
DPTR FM NORMAL -69 LOWEST SLP 29.74 ON 23
[REMARKS]
#FINAL-12-20#