000
CXUS54 KSHV 051200
CF6SHV
PRELIMINARY LOCAL CLIMATOLOGICAL DATA (WS FORM: F-6)
STATION: SHREVEPORT
MONTH: JANUARY
YEAR: 2023
LATITUDE: 32 28 N
LONGITUDE: 93 49 W
TEMPERATURE IN F: :PCPN: SNOW: WIND :SUNSHINE: SKY :PK WND
================================================================================
1 2 3 4 5 6A 6B 7 8 9 10 11 12 13 14 15 16 17 18
12Z AVG MX 2MIN
DY MAX MIN AVG DEP HDD CDD WTR SNW DPTH SPD SPD DIR MIN PSBL S-S WX SPD DR
================================================================================
1 74 56 65 17 0 0 0.00 0.0 0 8.9 14 190 M M 7 1 21 210
2 80 67 74 26 0 9 2.29 0.0 0 11.2 26 160 M M 9 13 40 160
3 73 55 64 16 1 0 0.77 0.0 0 6.5 20 180 M M 7 13 30 190
4 64 41 53 5 12 0 0.00 0.0 0 5.2 12 310 M M 3 16 310
5 66 36 51 4 14 0 0.00 0.0 0 4.6 15 340 M M 1 20 290
6 73 36 55 8 10 0 0.00 0.0 0 6.7 16 160 M M 1 23 160
7 74 52 63 16 2 0 T 0.0 0 7.4 17 250 M M 7 3 23 230
8 68 43 56 9 9 0 T 0.0 0 6.9 16 360 M M 3 20 30
9 66 35 51 4 14 0 0.00 0.0 0 4.8 12 150 M M 3 19 150
10 75 42 59 12 6 0 0.00 0.0 0 7.7 16 180 M M 5 1 23 180
11 80 63 72 25 0 7 0.00 0.0 0 13.8 22 200 M M 6 31 200
12 71 40 56 8 9 0 0.00 0.0 0 15.9 26 300 M M 3 36 300
13 59 33 46 -2 19 0 0.00 0.0 0 8.2 17 10 M M 1 24 360
14 57 29 43 -5 22 0 0.00 0.0 0 5.1 12 140 M M 3 16 130
15 70 38 54 6 11 0 0.00 0.0 0 12.3 23 180 M M 6 33 160
16 76 60 68 20 0 3 T 0.0 0 9.9 22 230 M M 9 32 190
17 81 59 70 22 0 5 0.00 0.0 0 7.4 15 210 M M 7 128 20 230
18 74 54 64 16 1 0 0.93 0.0 0 8.4 41 310 M M 8 13 55 310
19 63 42 53 5 12 0 0.00 0.0 0 8.1 20 280 M M 2 26 270
20 58 35 47 -1 18 0 T 0.0 0 3.8 18 70 M M 7 23 80
21 57 43 50 2 15 0 0.04 0.0 0 5.9 15 140 M M 8 1 20 150
22 53 36 45 -3 20 0 0.00 0.0 0 10.2 22 310 M M 7 1 29 320
23 57 30 44 -4 21 0 0.00 0.0 0 4.2 13 50 M M 0 18 100
24 47 41 44 -4 21 0 2.60 0.0 0 9.9 23 80 M M 10 13 32 80
25 47 39 43 -5 22 0 0.00 0.0 0 12.1 24 290 M M 10 32 290
26 55 33 44 -4 21 0 0.00 0.0 0 6.4 15 330 M M 1 1 22 330
27 62 31 47 -1 18 0 0.00 0.0 0 7.5 18 250 M M 1 23 250
28 66 46 56 7 9 0 0.34 0.0 0 9.7 21 170 M M 9 1 29 190
29 71 46 59 10 6 0 2.59 0.0 0 8.0 23 160 M M 8 13 32 160
30 46 40 43 -6 22 0 0.12 0.0 0 8.7 14 340 M M 5 1 19 320
31 43 36 40 -9 25 0 0.13 0.0 0 9.2 16 30 M M 10 1 20 40
================================================================================
SM 2006 1337 360 24 9.81 0.0 254.6 M 167
================================================================================
AV 64.7 43.1 8.2 FASTST M M 5 MAX(MPH)
MISC ----> 41 310 55 310
================================================================================
NOTES:
# LAST OF SEVERAL OCCURRENCES
COLUMN 17 PEAK WIND IN M.P.H.
PRELIMINARY LOCAL CLIMATOLOGICAL DATA (WS FORM: F-6) , PAGE 2
STATION: SHREVEPORT
MONTH: JANUARY
YEAR: 2023
LATITUDE: 32 28 N
LONGITUDE: 93 49 W
[TEMPERATURE DATA] [PRECIPITATION DATA] SYMBOLS USED IN COLUMN 16
AVERAGE MONTHLY: 53.9 TOTAL FOR MONTH: 9.81 1 = FOG OR MIST
DPTR FM NORMAL: 6.0 DPTR FM NORMAL: 5.41 2 = FOG REDUCING VISIBILITY
HIGHEST: 81 ON 17 GRTST 24HR 2.60 ON 24-24 TO 1/4 MILE OR LESS
LOWEST: 29 ON 14 3 = THUNDER
SNOW, ICE PELLETS, HAIL 4 = ICE PELLETS
TOTAL MONTH: 0.0 INCH 5 = HAIL
GRTST 24HR 0.0 6 = FREEZING RAIN OR DRIZZLE
GRTST DEPTH: 0 7 = DUSTSTORM OR SANDSTORM:
VSBY 1/2 MILE OR LESS
8 = SMOKE OR HAZE
[NO. OF DAYS WITH] [WEATHER - DAYS WITH] 9 = BLOWING SNOW
X = TORNADO
MAX 32 OR BELOW: 0 0.01 INCH OR MORE: 9
MAX 90 OR ABOVE: 0 0.10 INCH OR MORE: 8
MIN 32 OR BELOW: 3 0.50 INCH OR MORE: 5
MIN 0 OR BELOW: 0 1.00 INCH OR MORE: 3
[HDD (BASE 65) ]
TOTAL THIS MO. 360 CLEAR (SCALE 0-3) 10
DPTR FM NORMAL -177 PTCLDY (SCALE 4-7) 13
TOTAL FM JUL 1 1125 CLOUDY (SCALE 8-10) 8
DPTR FM NORMAL -255
[CDD (BASE 65) ]
TOTAL THIS MO. 24
DPTR FM NORMAL 19 [PRESSURE DATA]
TOTAL FM JAN 1 24 HIGHEST SLP M ON M
DPTR FM NORMAL 19 LOWEST SLP 29.69 ON 2
[REMARKS]
#FINAL-01-23#