000
CXUS54 KSHV 011410
CF6SHV
PRELIMINARY LOCAL CLIMATOLOGICAL DATA (WS FORM: F-6)
STATION: SHREVEPORT
MONTH: FEBRUARY
YEAR: 2024
LATITUDE: 32 28 N
LONGITUDE: 93 49 W
TEMPERATURE IN F: :PCPN: SNOW: WIND :SUNSHINE: SKY :PK WND
================================================================================
1 2 3 4 5 6A 6B 7 8 9 10 11 12 13 14 15 16 17 18
12Z AVG MX 2MIN
DY MAX MIN AVG DEP HDD CDD WTR SNW DPTH SPD SPD DIR MIN PSBL S-S WX SPD DR
================================================================================
1 73 46 60 11 5 0 0.00 0.0 0 5.7 13 170 M M 6 17 170
2 71 47 59 10 6 0 T 0.0 0 6.4 15 150 M M 5 21 150
3 63 50 57 7 8 0 1.11 0.0 0 6.9 20 130 M M 10 13 27 140
4 58 49 54 4 11 0 0.02 0.0 0 6.0 14 360 M M 9 12 20 360
5 68 46 57 7 8 0 T 0.0 0 10.7 21 360 M M 4 30 350
6 69 39 54 4 11 0 0.00 0.0 0 3.1 9 30 M M 2 13 20
7 73 44 59 9 6 0 0.00 0.0 0 7.8 18 170 M M 8 25 170
8 72 57 65 15 0 0 T 0.0 0 8.9 17 160 M M 9 24 150
9 77 64 71 21 0 6 0.00 0.0 0 9.2 16 190 M M 9 22 200
10 68 59 64 13 1 0 1.67 0.0 0 6.4 17 270 M M 10 13 22 60
11 61 52 57 6 8 0 0.47 T 0 8.4 37 270 M M 10 135 59 290
12 53 37 45 -6 20 0 T 0.0 0 13.3 28 290 M M 7 1 39 300
13 65 33 49 -2 16 0 0.00 0.0 0 2.3 9 280 M M 0 12 210
14 68 36 52 0 13 0 0.00 0.0 0 3.9 13 180 M M 3 17 170
15 73 48 61 9 4 0 0.00 0.0 0 6.4 14 250 M M 8 20 250
16 76 50 63 11 2 0 0.00 0.0 0 11.0 24 350 M M 9 33 360
17 50 36 43 -9 22 0 0.00 0.0 0 12.2 24 30 M M 8 33 20
18 56 33 45 -7 20 0 0.00 0.0 0 4.7 12 20 M M 3 17 330
19 65 28 47 -6 18 0 0.00 0.0 0 4.5 16 200 M M 1 23 160
20 80 40 60 7 5 0 0.00 0.0 0 5.3 15 210 M M 1 23 220
21 80 56 68 15 0 3 0.00 0.0 0 12.6 22 200 M M 4 35 190
22 81 64 73 20 0 8 0.00 0.0 0 13.5 25 230 M M 6 35 230
23 76 50 63 9 2 0 0.00 0.0 0 10.2 22 310 M M 1 30 300
24 78 43 61 7 4 0 0.00 0.0 0 5.7 18 340 M M 0 26 330
25 83 47 65 11 0 0 0.00 0.0 0 11.4 28 190 M M 1 42 240
26 88 64 76 22 0 11 0.00 0.0 0 12.9 20 200 M M 7 31 210
27 85 68 77 22 0 12 0.00 0.0 0 13.2 24 200 M M 9 32 190
28 75 51 63 8 2 0 0.00 0.0 0 13.4 29 320 M M 10 40 310
29 57 43 50 -5 15 0 0.10 0.0 0 9.2 16 80 M M 10 13 25 120
================================================================================
SM 2042 1380 207 40 3.37 T 245.2 M 170
================================================================================
AV 70.4 47.6 8.5 FASTST M M 6 MAX(MPH)
MISC ----> 37 270 59 290
================================================================================
NOTES:
# LAST OF SEVERAL OCCURRENCES
COLUMN 17 PEAK WIND IN M.P.H.
PRELIMINARY LOCAL CLIMATOLOGICAL DATA (WS FORM: F-6) , PAGE 2
STATION: SHREVEPORT
MONTH: FEBRUARY
YEAR: 2024
LATITUDE: 32 28 N
LONGITUDE: 93 49 W
[TEMPERATURE DATA] [PRECIPITATION DATA] SYMBOLS USED IN COLUMN 16
AVERAGE MONTHLY: 59.0 TOTAL FOR MONTH: 3.37 1 = FOG OR MIST
DPTR FM NORMAL: 7.2 DPTR FM NORMAL: -0.93 2 = FOG REDUCING VISIBILITY
HIGHEST: 88 ON 26 GRTST 24HR 1.67 ON 10-10 TO 1/4 MILE OR LESS
LOWEST: 28 ON 19 3 = THUNDER
SNOW, ICE PELLETS, HAIL 4 = ICE PELLETS
TOTAL MONTH: T 5 = HAIL
GRTST 24HR T ON 11-11 6 = FREEZING RAIN OR DRIZZLE
GRTST DEPTH: 0 7 = DUSTSTORM OR SANDSTORM:
VSBY 1/2 MILE OR LESS
8 = SMOKE OR HAZE
[NO. OF DAYS WITH] [WEATHER - DAYS WITH] 9 = BLOWING SNOW
X = TORNADO
MAX 32 OR BELOW: 0 0.01 INCH OR MORE: 5
MAX 90 OR ABOVE: 0 0.10 INCH OR MORE: 4
MIN 32 OR BELOW: 1 0.50 INCH OR MORE: 2
MIN 0 OR BELOW: 0 1.00 INCH OR MORE: 2
[HDD (BASE 65) ]
TOTAL THIS MO. 207 CLEAR (SCALE 0-3) 9
DPTR FM NORMAL -173 PTCLDY (SCALE 4-7) 9
TOTAL FM JUL 1 1426 CLOUDY (SCALE 8-10) 11
DPTR FM NORMAL -354
[CDD (BASE 65) ]
TOTAL THIS MO. 40
DPTR FM NORMAL 29 [PRESSURE DATA]
TOTAL FM JAN 1 40 HIGHEST SLP M ON M
DPTR FM NORMAL 24 LOWEST SLP 29.52 ON 4
[REMARKS]
#FINAL-02-24#