000
CXUS54 KSHV 030505
CF6SHV
PRELIMINARY LOCAL CLIMATOLOGICAL DATA (WS FORM: F-6)
STATION: SHREVEPORT
MONTH: SEPTEMBER
YEAR: 2021
LATITUDE: 32 28 N
LONGITUDE: 93 49 W
TEMPERATURE IN F: :PCPN: SNOW: WIND :SUNSHINE: SKY :PK WND
================================================================================
1 2 3 4 5 6A 6B 7 8 9 10 11 12 13 14 15 16 17 18
12Z AVG MX 2MIN
DY MAX MIN AVG DEP HDD CDD WTR SNW DPTH SPD SPD DIR MIN PSBL S-S WX SPD DR
================================================================================
1 98 77 88 6 0 23 0.00 0.0 0 3.5 15 40 M M 2 23 40
2 97 76 87 5 0 22 T 0.0 0 3.3 16 190 M M 3 3 22 190
3 95 73 84 2 0 19 T 0.0 0 3.3 13 280 M M 4 18 16 300
4 95 75 85 3 0 20 0.00 0.0 0 3.1 10 220 M M 4 18 16 210
5 97 77 87 6 0 22 0.06 0.0 0 5.9 15 20 M M 5 3 19 20
6 93 68 81 0 0 16 0.00 0.0 0 6.5 14 60 M M 3 19 80
7 93 62 78 -3 0 13 0.00 0.0 0 2.8 14 20 M M 1 1 19 90
8 96 61 79 -2 0 14 0.00 0.0 0 5.1 14 340 M M 4 17 360
9 92 65 79 -1 0 14 0.00 0.0 0 6.8 21 40 M M 1 28 20
10 91 59 75 -5 0 10 0.00 0.0 0 2.4 12 100 M M 0 16 80
11 90 62 76 -4 0 11 0.00 0.0 0 3.8 14 60 M M 0 8 18 50
12 92 61 77 -3 0 12 0.00 0.0 0 4.5 15 150 M M 4 21 120
13 87 74 81 2 0 16 0.02 0.0 0 6.1 13 170 M M 9 18 18 320
14 80 72 76 -3 0 11 0.03 0.0 0 10.1 22 150 M M 10 28 150
15 89 72 81 2 0 16 0.00 0.0 0 10.9 21 70 M M 7 27 60
16 83 72 78 0 0 13 0.00 0.0 0 8.7 15 50 M M 8 21 70
17 83 74 79 1 0 14 0.11 0.0 0 6.0 15 330 M M 9 1 18 340
18 88 74 81 3 0 16 0.27 0.0 0 5.5 12 90 M M 8 18 16 80
19 90 72 81 3 0 16 T 0.0 0 4.6 12 80 M M 5 138 16 90
20 94 72 83 6 0 18 0.00 0.0 0 5.5 12 170 M M 4 18 22 140
21 95 70 83 6 0 18 0.02 0.0 0 10.2 25 330 M M 5 138 31 360
22 84 56 70 -6 0 5 0.00 0.0 0 9.7 21 360 M M 1 8 27 10
23 86 53 70 -6 0 5 0.00 0.0 0 1.9 13 20 M M 0 17 10
24 86 54 70 -6 0 5 0.00 0.0 0 3.1 9 140 M M 5 15 250
25 89 56 73 -2 0 8 0.00 0.0 0 2.6 13 270 M M 1 31 210
26 91 60 76 1 0 11 0.00 0.0 0 3.3 13 170 M M 2 21 150
27 89 60 75 0 0 10 0.00 0.0 0 2.8 14 170 M M 6 19 200
28 93 73 83 9 0 18 0.19 0.0 0 8.1 23 150 M M 8 18 29 140
29 85 72 79 5 0 14 T 0.0 0 6.7 13 140 M M 9 8 23 170
30 89 71 80 6 0 15 0.00 0.0 0 5.8 15 170 M M 6 18 19 170
================================================================================
SM 2710 2023 0 425 0.70 0.0 162.6 M 134
================================================================================
AV 90.3 67.4 5.4 FASTST M M 4 MAX(MPH)
MISC ----> 25 330 # 31 360
================================================================================
NOTES:
# LAST OF SEVERAL OCCURRENCES
COLUMN 17 PEAK WIND IN M.P.H.
PRELIMINARY LOCAL CLIMATOLOGICAL DATA (WS FORM: F-6) , PAGE 2
STATION: SHREVEPORT
MONTH: SEPTEMBER
YEAR: 2021
LATITUDE: 32 28 N
LONGITUDE: 93 49 W
[TEMPERATURE DATA] [PRECIPITATION DATA] SYMBOLS USED IN COLUMN 16
AVERAGE MONTHLY: 78.9 TOTAL FOR MONTH: 0.70 1 = FOG OR MIST
DPTR FM NORMAL: 0.6 DPTR FM NORMAL: -2.76 2 = FOG REDUCING VISIBILITY
HIGHEST: 98 ON 1 GRTST 24HR 0.27 ON 18-18 TO 1/4 MILE OR LESS
LOWEST: 53 ON 23 3 = THUNDER
SNOW, ICE PELLETS, HAIL 4 = ICE PELLETS
TOTAL MONTH: 0.0 INCH 5 = HAIL
GRTST 24HR 0.0 6 = FREEZING RAIN OR DRIZZLE
GRTST DEPTH: 0 7 = DUSTSTORM OR SANDSTORM:
VSBY 1/2 MILE OR LESS
8 = SMOKE OR HAZE
[NO. OF DAYS WITH] [WEATHER - DAYS WITH] 9 = BLOWING SNOW
X = TORNADO
MAX 32 OR BELOW: 0 0.01 INCH OR MORE: 7
MAX 90 OR ABOVE: 17 0.10 INCH OR MORE: 3
MIN 32 OR BELOW: 0 0.50 INCH OR MORE: 0
MIN 0 OR BELOW: 0 1.00 INCH OR MORE: 0
[HDD (BASE 65) ]
TOTAL THIS MO. 0 CLEAR (SCALE 0-3) 11
DPTR FM NORMAL -2 PTCLDY (SCALE 4-7) 15
TOTAL FM JUL 1 0 CLOUDY (SCALE 8-10) 4
DPTR FM NORMAL 0
[CDD (BASE 65) ]
TOTAL THIS MO. 425
DPTR FM NORMAL 24 [PRESSURE DATA]
TOTAL FM JAN 1 2546 HIGHEST SLP 30.25 ON 22
DPTR FM NORMAL 49 LOWEST SLP 29.75 ON 1
[REMARKS]
#FINAL-09-21#