000
CXUS54 KSHV 011300
CF6SHV
PRELIMINARY LOCAL CLIMATOLOGICAL DATA (WS FORM: F-6)
STATION: SHREVEPORT
MONTH: AUGUST
YEAR: 2021
LATITUDE: 32 28 N
LONGITUDE: 93 49 W
TEMPERATURE IN F: :PCPN: SNOW: WIND :SUNSHINE: SKY :PK WND
================================================================================
1 2 3 4 5 6A 6B 7 8 9 10 11 12 13 14 15 16 17 18
12Z AVG MX 2MIN
DY MAX MIN AVG DEP HDD CDD WTR SNW DPTH SPD SPD DIR MIN PSBL S-S WX SPD DR
================================================================================
1 98 75 87 2 0 22 0.34 0.0 0 5.5 14 310 M M 4 13 16 290
2 85 75 80 -5 0 15 0.28 0.0 0 4.5 15 30 M M 9 13 19 40
3 91 75 83 -2 0 18 0.00 0.0 0 6.9 16 20 M M 5 18 20 20
4 91 72 82 -3 0 17 0.00 0.0 0 5.6 12 40 M M 1 8 16 30
5 90 68 79 -6 0 14 0.00 0.0 0 2.2 9 20 M M 6 18 12 10
6 93 73 83 -2 0 18 0.00 0.0 0 2.4 10 140 M M 5 12 140
7 94 71 83 -2 0 18 0.00 0.0 0 7.0 15 140 M M 4 18 19 170
8 96 77 87 2 0 22 0.00 0.0 0 9.8 17 180 M M 4 22 170
9 95 77 86 1 0 21 0.00 0.0 0 9.6 17 180 M M 5 24 190
10 97 78 88 4 0 23 0.00 0.0 0 7.9 15 170 M M 2 20 190
11 97 78 88 4 0 23 0.00 0.0 0 7.1 14 180 M M 3 17 180
12 97 76 87 3 0 22 0.00 0.0 0 6.2 14 160 M M 3 17 160
13 96 75 86 2 0 21 0.00 0.0 0 3.0 10 270 M M 5 12 250
14 97 75 86 2 0 21 0.00 0.0 0 5.0 18 120 M M 7 38 23 120
15 95 73 84 0 0 19 1.76 0.0 0 2.7 28 350 M M 7 138 37 340
16 92 75 84 0 0 19 0.00 0.0 0 4.6 13 110 M M 5 3 16 100
17 92 76 84 0 0 19 0.11 0.0 0 6.0 17 150 M M 5 13 21 150
18 91 74 83 -1 0 18 0.60 0.0 0 4.3 13 190 M M 9 13 17 220
19 91 76 84 0 0 19 0.12 0.0 0 5.8 16 210 M M 9 38 21 210
20 94 76 85 1 0 20 0.00 0.0 0 6.9 14 180 M M 6 12 20 220
21 96 74 85 1 0 20 0.00 0.0 0 6.0 13 240 M M 2 17 240
22 97 77 87 3 0 22 0.00 0.0 0 5.1 12 180 M M 2 14 250
23 97 75 86 2 0 21 0.00 0.0 0 2.6 8 280 M M 2 15 290
24 98 75 87 4 0 22 0.00 0.0 0 3.1 9 170 M M 3 1 12 250
25 99 77 88 5 0 23 0.18 0.0 0 3.0 12 100 M M 4 3 14 100
26 97 75 86 3 0 21 0.00 0.0 0 5.9 22 140 M M 2 26 120
27 94 75 85 2 0 20 0.00 0.0 0 7.3 15 110 M M 1 20 110
28 92 76 84 1 0 19 0.10 0.0 0 7.0 25 110 M M 7 32 110
29 94 76 85 2 0 20 0.13 0.0 0 7.0 25 110 M M 7 8 33 100
30 94 75 85 3 0 20 T 0.0 0 9.7 20 350 M M 4 26 20
31 97 73 85 3 0 20 0.00 0.0 0 2.7 13 300 M M 3 3 17 290
================================================================================
SM 2927 2323 0 617 3.62 0.0 172.4 M 141
================================================================================
AV 94.4 74.9 5.6 FASTST M M 5 MAX(MPH)
MISC ----> 28 350 37 340
================================================================================
NOTES:
# LAST OF SEVERAL OCCURRENCES
COLUMN 17 PEAK WIND IN M.P.H.
PRELIMINARY LOCAL CLIMATOLOGICAL DATA (WS FORM: F-6) , PAGE 2
STATION: SHREVEPORT
MONTH: AUGUST
YEAR: 2021
LATITUDE: 32 28 N
LONGITUDE: 93 49 W
[TEMPERATURE DATA] [PRECIPITATION DATA] SYMBOLS USED IN COLUMN 16
AVERAGE MONTHLY: 84.7 TOTAL FOR MONTH: 3.62 1 = FOG OR MIST
DPTR FM NORMAL: 0.7 DPTR FM NORMAL: 0.71 2 = FOG REDUCING VISIBILITY
HIGHEST: 99 ON 25 GRTST 24HR 1.76 ON 15-15 TO 1/4 MILE OR LESS
LOWEST: 68 ON 5 3 = THUNDER
SNOW, ICE PELLETS, HAIL 4 = ICE PELLETS
TOTAL MONTH: 0.0 INCH 5 = HAIL
GRTST 24HR 0.0 6 = FREEZING RAIN OR DRIZZLE
GRTST DEPTH: 0 7 = DUSTSTORM OR SANDSTORM:
VSBY 1/2 MILE OR LESS
8 = SMOKE OR HAZE
[NO. OF DAYS WITH] [WEATHER - DAYS WITH] 9 = BLOWING SNOW
X = TORNADO
MAX 32 OR BELOW: 0 0.01 INCH OR MORE: 9
MAX 90 OR ABOVE: 30 0.10 INCH OR MORE: 9
MIN 32 OR BELOW: 0 0.50 INCH OR MORE: 2
MIN 0 OR BELOW: 0 1.00 INCH OR MORE: 1
[HDD (BASE 65) ]
TOTAL THIS MO. 0 CLEAR (SCALE 0-3) 11
DPTR FM NORMAL 0 PTCLDY (SCALE 4-7) 17
TOTAL FM JUL 1 0 CLOUDY (SCALE 8-10) 3
DPTR FM NORMAL 0
[CDD (BASE 65) ]
TOTAL THIS MO. 617
DPTR FM NORMAL 30 [PRESSURE DATA]
TOTAL FM JAN 1 2121 HIGHEST SLP 30.15 ON 14
DPTR FM NORMAL 25 LOWEST SLP 29.68 ON 30
[REMARKS]
#FINAL-08-21#