326
CXUS54 KSHV 011500
CF6SHV
PRELIMINARY LOCAL CLIMATOLOGICAL DATA (WS FORM: F-6)
STATION: SHREVEPORT
MONTH: MAY
YEAR: 2020
LATITUDE: 32 28 N
LONGITUDE: 93 49 W
TEMPERATURE IN F: :PCPN: SNOW: WIND :SUNSHINE: SKY :PK WND
================================================================================
1 2 3 4 5 6A 6B 7 8 9 10 11 12 13 14 15 16 17 18
12Z AVG MX 2MIN
DY MAX MIN AVG DEP HDD CDD WTR SNW DPTH SPD SPD DIR MIN PSBL S-S WX SPD DR
================================================================================
1 85 53 69 0 0 4 0.00 0.0 0 7.9 17 190 M M 5 22 180
2 86 62 74 4 0 9 0.00 0.0 0 10.4 21 180 M M 4 27 210
3 88 68 78 8 0 13 0.00 0.0 0 9.4 18 190 M M 3 24 160
4 89 68 79 9 0 14 0.00 0.0 0 9.6 20 200 M M 4 24 190
5 82 64 73 3 0 8 0.00 0.0 0 8.3 17 360 M M 6 23 360
6 81 50 66 -5 0 1 0.00 0.0 0 5.5 15 10 M M 2 19 360
7 81 55 68 -3 0 3 T 0.0 0 9.7 25 180 M M 3 33 190
8 77 59 68 -3 0 3 2.08 0.0 0 14.2 32 350 M M 7 13 42 180
9 71 51 61 -11 4 0 0.00 0.0 0 6.3 16 70 M M 6 20 60
10 78 47 63 -9 2 0 0.00 0.0 0 3.4 13 100 M M 1 18 80
11 78 58 68 -4 0 3 0.00 0.0 0 7.1 18 70 M M 5 23 60
12 81 55 68 -4 0 3 T 0.0 0 8.0 17 160 M M 7 25 150
13 85 67 76 3 0 11 0.01 0.0 0 9.2 17 160 M M 5 22 160
14 87 64 76 3 0 11 0.05 0.0 0 10.0 18 180 M M 7 13 22 70
15 86 71 79 6 0 14 T 0.0 0 6.9 24 160 M M 9 3 32 160
16 79 69 74 1 0 9 0.62 0.0 0 10.6 21 150 M M 8 18 26 200
17 82 65 74 0 0 9 0.16 0.0 0 11.5 20 310 M M 8 1 26 340
18 87 60 74 0 0 9 0.00 0.0 0 7.1 17 300 M M 0 24 280
19 88 64 76 2 0 11 0.00 0.0 0 6.8 16 70 M M 3 20 60
20 72 65 69 -5 0 4 0.60 0.0 0 6.8 14 80 M M 10 13 19 70
21 88 68 78 3 0 13 T 0.0 0 7.0 16 200 M M 7 20 200
22 90 72 81 6 0 16 0.00 0.0 0 9.8 21 170 M M 5 1 27 180
23 84 67 76 1 0 11 1.35 0.0 0 7.4 25 10 M M 7 13 32 360
24 85 68 77 2 0 12 0.72 0.0 0 7.4 33 180 M M 9 138 42 180
25 86 69 78 2 0 13 0.23 0.0 0 9.9 28 140 M M 8 13 35 140
26 81 63 72 -4 0 7 0.43 0.0 0 4.6 28 270 M M 8 13 34 260
27 84 60 72 -4 0 7 0.00 0.0 0 5.1 18 350 M M 6 12 24 340
28 81 62 72 -4 0 7 0.07 0.0 0 4.9 15 170 M M 8 13 19 170
29 86 65 76 0 0 11 0.00 0.0 0 6.7 17 360 M M 5 23 10
30 88 63 76 -1 0 11 0.00 0.0 0 6.2 14 30 M M 3 19 50
31 88 65 77 0 0 12 0.00 0.0 0 6.0 15 50 M M 4 20 70
================================================================================
SM 2584 1937 6 259 6.32 0.0 243.7 M 173
================================================================================
AV 83.4 62.5 7.9 FASTST M M 6 MAX(MPH)
MISC ----> # 33 180 # 42 180
================================================================================
NOTES:
# LAST OF SEVERAL OCCURRENCES
COLUMN 17 PEAK WIND IN M.P.H.
PRELIMINARY LOCAL CLIMATOLOGICAL DATA (WS FORM: F-6) , PAGE 2
STATION: SHREVEPORT
MONTH: MAY
YEAR: 2020
LATITUDE: 32 28 N
LONGITUDE: 93 49 W
[TEMPERATURE DATA] [PRECIPITATION DATA] SYMBOLS USED IN COLUMN 16
AVERAGE MONTHLY: 72.9 TOTAL FOR MONTH: 6.32 1 = FOG OR MIST
DPTR FM NORMAL: -0.3 DPTR FM NORMAL: 1.39 2 = FOG REDUCING VISIBILITY
HIGHEST: 90 ON 22 GRTST 24HR 2.08 ON 8- 8 TO 1/4 MILE OR LESS
LOWEST: 47 ON 10 3 = THUNDER
SNOW, ICE PELLETS, HAIL 4 = ICE PELLETS
TOTAL MONTH: 0.0 INCH 5 = HAIL
GRTST 24HR 0.0 6 = FREEZING RAIN OR DRIZZLE
GRTST DEPTH: 0 7 = DUSTSTORM OR SANDSTORM:
VSBY 1/2 MILE OR LESS
8 = SMOKE OR HAZE
[NO. OF DAYS WITH] [WEATHER - DAYS WITH] 9 = BLOWING SNOW
X = TORNADO
MAX 32 OR BELOW: 0 0.01 INCH OR MORE: 11
MAX 90 OR ABOVE: 1 0.10 INCH OR MORE: 8
MIN 32 OR BELOW: 0 0.50 INCH OR MORE: 5
MIN 0 OR BELOW: 0 1.00 INCH OR MORE: 2
[HDD (BASE 65) ]
TOTAL THIS MO. 6 CLEAR (SCALE 0-3) 5
DPTR FM NORMAL -1 PTCLDY (SCALE 4-7) 23
TOTAL FM JUL 1 1864 CLOUDY (SCALE 8-10) 3
DPTR FM NORMAL -362
[CDD (BASE 65) ]
TOTAL THIS MO. 259
DPTR FM NORMAL -4 [PRESSURE DATA]
TOTAL FM JAN 1 447 HIGHEST SLP 30.29 ON 11
DPTR FM NORMAL 49 LOWEST SLP 29.62 ON 16
[REMARKS]
#FINAL-05-20#