000
CXUS56 KMFR 011610
CF6SIY
PRELIMINARY LOCAL CLIMATOLOGICAL DATA (WS FORM: F-6)
STATION: MONTAGUE CA
MONTH: MARCH
YEAR: 2021
LATITUDE: 41 46 N
LONGITUDE: 122 28 W
TEMPERATURE IN F: :PCPN: SNOW: WIND :SUNSHINE: SKY :PK WND
================================================================================
1 2 3 4 5 6A 6B 7 8 9 10 11 12 13 14 15 16 17 18
12Z AVG MX 2MIN
DY MAX MIN AVG DEP HDD CDD WTR SNW DPTH SPD SPD DIR MIN PSBL S-S WX SPD DR
================================================================================
1 60 22 41 -1 24 0 0.00 M M 11.3 35 170 M M 0 40 180
2 63 25 44 2 21 0 0.00 M M 3.3 12 30 M M 0 12 10
3 65 17 41 -1 24 0 0.00 M M 1.7 9 120 M M 0 10 120
4 60 25 43 1 22 0 0.00 M M 23.9 41 170 M M 0 47 180
5 M M M M M M M M M 19.7 38 180 M M 0 1 45 180
6 47 32 40 -3 25 0 M M M 3.0 14 210 M M 4 12 29 210
7 52 34 43 0 22 0 0.00 M M 5.4 14 10 M M 4 17 340
8 48 31 40 -3 25 0 T M M 7.0 29 200 M M 5 33 200
9 48 29 39 -4 26 0 T M M 10.5 29 160 M M 5 1 34 160
10 48 31 40 -3 25 0 0.02 M M 4.1 13 350 M M 9 12 16 80
11 54 25 40 -3 25 0 T M M 5.0 22 350 M M 3 30 20
12 60 24 42 -1 23 0 0.00 M M 2.0 12 360 M M 0 13 10
13 64 21 43 0 22 0 0.00 M M 3.0 9 180 M M 0 10 180
14 52 30 41 -2 24 0 0.08 M M 15.0 40 170 M M 5 1 47 180
15 43 23 33 -10 32 0 0.14 M M 12.1 24 360 M M 6 1 30 360
16 46 18 32 -11 33 0 0.00 M M 2.8 9 190 M M 0 12 160
17 57 24 41 -2 24 0 0.00 M M 14.4 37 180 M M 0 46 190
18 57 36 47 4 18 0 T M M 19.0 32 170 M M 7 36 170
19 55 32 44 1 21 0 0.02 M M 6.4 18 290 M M 7 22 270
20 51 28 40 -3 25 0 T M M 6.2 20 340 M M 6 25 330
21 56 20 38 -5 27 0 0.00 M M 4.6 18 10 M M 3 22 20
22 55 33 44 1 21 0 0.01 M M 9.3 28 290 M M 8 34 270
23 57 26 42 -1 23 0 0.00 M M 11.1 22 10 M M 1 36 10
24 60 24 42 -1 23 0 T M M 5.7 21 30 M M 3 23 20
25 51 31 41 -2 24 0 T M M 11.1 23 360 M M 5 28 10
26 63 19 41 -2 24 0 0.00 M M 5.1 20 10 M M 0 22 10
27 72 23 48 5 17 0 0.00 M M 1.6 9 30 M M 0 10 20
28 71 26 49 6 16 0 T M M 7.3 26 230 M M 0 33 240
29 53 30 42 -2 23 0 0.00 M M 15.5 30 360 M M 1 34 360
30 M 21 M M M M 0.00 M M 6.0 17 360 M M 0 20 360
31 73 23 48 4 17 0 0.00 M M 3.2 12 40 M M 0 12 40
================================================================================
SM 1641 783 676 0 0.27 M 256.3 M 82
================================================================================
AV 56.6 26.1 8.3 FASTST M M 3 MAX(MPH)
MISC ----> 41 170 # 47 180
================================================================================
NOTES:
# LAST OF SEVERAL OCCURRENCES
COLUMN 17 PEAK WIND IN M.P.H.
PRELIMINARY LOCAL CLIMATOLOGICAL DATA (WS FORM: F-6) , PAGE 2
STATION: MONTAGUE CA
MONTH: MARCH
YEAR: 2021
LATITUDE: 41 46 N
LONGITUDE: 122 28 W
[TEMPERATURE DATA] [PRECIPITATION DATA] SYMBOLS USED IN COLUMN 16
AVERAGE MONTHLY: 41.3 TOTAL FOR MONTH: 0.27 1 = FOG OR MIST
DPTR FM NORMAL: -1.7 DPTR FM NORMAL: -2.04 2 = FOG REDUCING VISIBILITY
HIGHEST: 73 ON 31 GRTST 24HR 0.22 ON 14-15 TO 1/4 MILE OR LESS
LOWEST: 17 ON 3 3 = THUNDER
SNOW, ICE PELLETS, HAIL 4 = ICE PELLETS
TOTAL MONTH: M 5 = HAIL
GRTST 24HR M ON M 6 = FREEZING RAIN OR DRIZZLE
GRTST DEPTH: M ON M 7 = DUSTSTORM OR SANDSTORM:
VSBY 1/2 MILE OR LESS
8 = SMOKE OR HAZE
[NO. OF DAYS WITH] [WEATHER - DAYS WITH] 9 = BLOWING SNOW
X = TORNADO
MAX 32 OR BELOW: 0 0.01 INCH OR MORE: 5
MAX 90 OR ABOVE: 0 0.10 INCH OR MORE: 1
MIN 32 OR BELOW: 27 0.50 INCH OR MORE: 0
MIN 0 OR BELOW: 0 1.00 INCH OR MORE: 0
[HDD (BASE 65) ]
TOTAL THIS MO. 676 CLEAR (SCALE 0-3) 19
DPTR FM NORMAL -6 PTCLDY (SCALE 4-7) 11
TOTAL FM JUL 1 4157 CLOUDY (SCALE 8-10) 1
DPTR FM NORMAL -404
[CDD (BASE 65) ]
TOTAL THIS MO. 0
DPTR FM NORMAL 0 [PRESSURE DATA]
TOTAL FM JAN 1 0 HIGHEST SLP 30.44 ON 27
DPTR FM NORMAL 0 LOWEST SLP 29.75 ON 3
[REMARKS]
#FINAL-03-21#