000
CXUS56 KMTR 011000
CF6SJC
PRELIMINARY LOCAL CLIMATOLOGICAL DATA (WS FORM: F-6)
STATION: SAN JOSE AIRPORT
MONTH: MARCH
YEAR: 2020
LATITUDE: 37 21 N
LONGITUDE: 121 55 W
TEMPERATURE IN F: :PCPN: SNOW: WIND :SUNSHINE: SKY :PK WND
================================================================================
1 2 3 4 5 6A 6B 7 8 9 10 11 12 13 14 15 16 17 18
12Z AVG MX 2MIN
DY MAX MIN AVG DEP HDD CDD WTR SNW DPTH SPD SPD DIR MIN PSBL S-S WX SPD DR
================================================================================
1 60 40 50 -5 15 0 0.00 0.0 0 6.6 18 350 M M 5 24 310
2 73 43 58 3 7 0 0.00 0.0 0 10.3 23 350 M M 1 31 350
3 76 46 61 6 4 0 0.00 0.0 0 5.7 15 300 M M 1 21 340
4 78 48 63 8 2 0 0.00 0.0 0 4.4 13 330 M M 4 15 330
5 67 48 58 3 7 0 0.00 0.0 0 7.0 17 320 M M 6 21 330
6 67 53 60 4 5 0 0.00 0.0 0 7.2 15 200 M M 9 20 200
7 58 50 54 -2 11 0 0.27 0.0 0 7.2 16 200 M M 8 1 22 300
8 60 48 54 -2 11 0 T M 0 5.3 13 210 M M 9 16 220
9 67 45 56 0 9 0 0.00 0.0 0 3.6 14 320 M M 6 15 330
10 69 49 59 3 6 0 0.01 M M 5.1 15 140 M M 7 19 200
11 73 53 63 7 2 0 T M M 6.9 20 330 M M 5 23 330
12 75 49 62 6 3 0 0.00 M M 4.5 17 330 M M 2 18 21 330
13 64 48 56 0 9 0 0.00 M M 11.9 29 200 M M 3 36 200
14 59 50 55 -1 10 0 0.58 M M 9.4 21 190 M M 8 18 30 190
15 54 45 50 -6 15 0 0.50 M M 7.8 12 300 M M 9 1 M M
16 56 42 49 -7 16 0 0.40 M M 4.6 10 140 M M 8 1 M M
17 58 37 48 -8 17 0 0.04 M M 6.1 20 290 M M 5 3 23 300
18 55 42 49 -7 16 0 0.02 M M 4.6 12 280 M M 8 14 290
19 61 45 53 -3 12 0 0.00 M M 3.5 15 50 M M 6 17 50
20 65 41 53 -3 12 0 0.00 M M 4.5 14 290 M M 5 17 50
21 62 45 54 -2 11 0 T M M 3.1 8 120 M M 7 10 230
22 68 48 58 2 7 0 0.10 M M 4.0 17 340 M M 6 38 30 270
23 58 48 53 -4 12 0 0.00 M M 6.3 16 300 M M 8 20 290
24 59 46 53 -4 12 0 0.03 M M 6.5 17 180 M M 8 23 200
25 56 42 49 -8 16 0 0.06 M M 5.8 17 280 M M 5 1 22 310
26 59 37 48 -9 17 0 T M M 7.1 18 330 M M 3 24 350
27 59 38 49 -8 16 0 0.00 M M 5.8 14 290 M M 5 20 340
28 58 48 53 -4 12 0 0.05 M M 3.9 9 140 M M 10 1 11 130
29 64 50 57 0 8 0 T M M 7.3 16 340 M M 8 19 350
30 67 52 60 3 5 0 0.00 M M 4.9 20 330 M M 6 23 320
31 67 50 59 2 6 0 0.00 M M 7.0 18 350 M M 5 23 350
================================================================================
SM 1972 1426 311 0 2.06 0.0 187.9 M 186
================================================================================
AV 63.6 46.0 6.1 FASTST M M 6 MAX(MPH)
MISC ----> 29 200 36 200
================================================================================
NOTES:
# LAST OF SEVERAL OCCURRENCES
COLUMN 17 PEAK WIND IN M.P.H.
PRELIMINARY LOCAL CLIMATOLOGICAL DATA (WS FORM: F-6) , PAGE 2
STATION: SAN JOSE AIRPORT
MONTH: MARCH
YEAR: 2020
LATITUDE: 37 21 N
LONGITUDE: 121 55 W
[TEMPERATURE DATA] [PRECIPITATION DATA] SYMBOLS USED IN COLUMN 16
AVERAGE MONTHLY: 54.8 TOTAL FOR MONTH: 2.06 1 = FOG OR MIST
DPTR FM NORMAL: -1.4 DPTR FM NORMAL: 0.02 2 = FOG REDUCING VISIBILITY
HIGHEST: 78 ON 4 GRTST 24HR 0.71 ON 14-15 TO 1/4 MILE OR LESS
LOWEST: 37 ON 26,17 3 = THUNDER
SNOW, ICE PELLETS, HAIL 4 = ICE PELLETS
TOTAL MONTH: 0.0 INCH 5 = HAIL
GRTST 24HR 0.0 6 = FREEZING RAIN OR DRIZZLE
GRTST DEPTH: 0 7 = DUSTSTORM OR SANDSTORM:
VSBY 1/2 MILE OR LESS
8 = SMOKE OR HAZE
[NO. OF DAYS WITH] [WEATHER - DAYS WITH] 9 = BLOWING SNOW
X = TORNADO
MAX 32 OR BELOW: 0 0.01 INCH OR MORE: 11
MAX 90 OR ABOVE: 0 0.10 INCH OR MORE: 5
MIN 32 OR BELOW: 0 0.50 INCH OR MORE: 2
MIN 0 OR BELOW: 0 1.00 INCH OR MORE: 0
[HDD (BASE 65) ]
TOTAL THIS MO. 311 CLEAR (SCALE 0-3) 3
DPTR FM NORMAL 35 PTCLDY (SCALE 4-7) 22
TOTAL FM JUL 1 1708 CLOUDY (SCALE 8-10) 6
DPTR FM NORMAL -233
[CDD (BASE 65) ]
TOTAL THIS MO. 0
DPTR FM NORMAL -2 [PRESSURE DATA]
TOTAL FM JAN 1 0 HIGHEST SLP M ON M
DPTR FM NORMAL -2 LOWEST SLP 29.71 ON 13
[REMARKS]
#FINAL-03-20#