000
CXUS54 KSJT 011000
CF6SJT
PRELIMINARY LOCAL CLIMATOLOGICAL DATA (WS FORM: F-6)
STATION: SAN ANGELO
MONTH: SEPTEMBER
YEAR: 2021
LATITUDE: 31 21 N
LONGITUDE: 100 30 W
TEMPERATURE IN F: :PCPN: SNOW: WIND :SUNSHINE: SKY :PK WND
================================================================================
1 2 3 4 5 6A 6B 7 8 9 10 11 12 13 14 15 16 17 18
12Z AVG MX 2MIN
DY MAX MIN AVG DEP HDD CDD WTR SNW DPTH SPD SPD DIR MIN PSBL S-S WX SPD DR
================================================================================
1 96 72 84 3 0 19 0.00 0.0 0 7.8 15 130 M M 0 8 21 110
2 96 74 85 4 0 20 0.00 0.0 0 8.0 16 130 M M 1 1 21 160
3 95 72 84 4 0 19 0.00 0.0 0 7.2 14 130 M M 0 8 21 120
4 97 73 85 5 0 20 0.00 0.0 0 7.7 16 200 M M 0 23 210
5 98 69 84 4 0 19 0.00 0.0 0 5.9 26 20 M M 0 3 36 30
6 97 68 83 3 0 18 0.02 0.0 0 4.1 26 360 M M 0 3 37 360
7 98 67 83 4 0 18 0.00 0.0 0 4.9 16 90 M M 1 22 80
8 96 65 81 2 0 16 0.01 0.0 0 4.2 23 130 M M 1 3 31 130
9 93 62 78 -1 0 13 0.00 0.0 0 4.9 13 100 M M 0 12 16 100
10 94 60 77 -2 0 12 0.00 0.0 0 4.1 13 130 M M 0 17 120
11 94 58 76 -2 0 11 0.00 0.0 0 5.8 14 70 M M 0 19 70
12 91 55 73 -5 0 8 0.00 0.0 0 5.5 14 120 M M 1 19 140
13 90 64 77 -1 0 12 0.00 0.0 0 4.7 15 150 M M 2 22 110
14 90 62 76 -2 0 11 0.00 0.0 0 5.3 13 90 M M 0 19 90
15 90 59 75 -2 0 10 0.00 0.0 0 4.7 15 30 M M 2 23 30
16 93 62 78 1 0 13 0.00 0.0 0 4.0 13 150 M M 0 18 170
17 98 64 81 4 0 16 0.00 0.0 0 4.9 14 170 M M 0 20 160
18 95 69 82 6 0 17 0.00 0.0 0 6.0 15 20 M M 1 22 30
19 97 62 80 4 0 15 0.00 0.0 0 5.1 10 190 M M 0 8 15 240
20 102 73 88 12 0 23 0.00 0.0 0 10.0 17 190 M M 0 24 220
21 86 65 76 0 0 11 0.00 0.0 0 13.1 25 10 M M 0 35 30
22 82 48 65 -10 0 0 0.00 0.0 0 4.7 14 50 M M 0 24 60
23 87 44 66 -9 0 1 0.00 0.0 0 5.5 14 180 M M 0 19 190
24 89 53 71 -4 0 6 0.00 0.0 0 7.5 17 200 M M 0 23 210
25 89 50 70 -4 0 5 0.00 0.0 0 4.0 14 80 M M 0 20 70
26 90 56 73 -1 0 8 0.00 0.0 0 7.2 17 190 M M 0 23 190
27 89 61 75 1 0 10 T 0.0 0 5.4 14 190 M M 1 3 18 170
28 93 66 80 7 0 15 0.00 0.0 0 6.2 17 270 M M 0 3 26 340
29 95 65 80 7 0 15 0.04 0.0 0 9.7 21 240 M M 3 3 28 210
30 94 65 80 7 0 15 0.32 M M 10.3 25 50 M M 2 13 37 40
================================================================================
SM 2794 1883 0 396 0.39 0.0 188.4 M 15
================================================================================
AV 93.1 62.8 6.3 FASTST M M 1 MAX(MPH)
MISC ----> # 26 20 # 37 360
================================================================================
NOTES:
# LAST OF SEVERAL OCCURRENCES
COLUMN 17 PEAK WIND IN M.P.H.
PRELIMINARY LOCAL CLIMATOLOGICAL DATA (WS FORM: F-6) , PAGE 2
STATION: SAN ANGELO
MONTH: SEPTEMBER
YEAR: 2021
LATITUDE: 31 21 N
LONGITUDE: 100 30 W
[TEMPERATURE DATA] [PRECIPITATION DATA] SYMBOLS USED IN COLUMN 16
AVERAGE MONTHLY: 78.0 TOTAL FOR MONTH: 0.39 1 = FOG OR MIST
DPTR FM NORMAL: 0.9 DPTR FM NORMAL: -2.12 2 = FOG REDUCING VISIBILITY
HIGHEST: 102 ON 20 GRTST 24HR 0.32 ON 30-30 TO 1/4 MILE OR LESS
LOWEST: 44 ON 23 3 = THUNDER
SNOW, ICE PELLETS, HAIL 4 = ICE PELLETS
TOTAL MONTH: 0.0 INCH 5 = HAIL
GRTST 24HR 0.0 6 = FREEZING RAIN OR DRIZZLE
GRTST DEPTH: 0 7 = DUSTSTORM OR SANDSTORM:
VSBY 1/2 MILE OR LESS
8 = SMOKE OR HAZE
[NO. OF DAYS WITH] [WEATHER - DAYS WITH] 9 = BLOWING SNOW
X = TORNADO
MAX 32 OR BELOW: 0 0.01 INCH OR MORE: 4
MAX 90 OR ABOVE: 24 0.10 INCH OR MORE: 1
MIN 32 OR BELOW: 0 0.50 INCH OR MORE: 0
MIN 0 OR BELOW: 0 1.00 INCH OR MORE: 0
[HDD (BASE 65) ]
TOTAL THIS MO. 0 CLEAR (SCALE 0-3) 30
DPTR FM NORMAL -6 PTCLDY (SCALE 4-7) 0
TOTAL FM JUL 1 0 CLOUDY (SCALE 8-10) 0
DPTR FM NORMAL 0
[CDD (BASE 65) ]
TOTAL THIS MO. 396
DPTR FM NORMAL 30 [PRESSURE DATA]
TOTAL FM JAN 1 2373 HIGHEST SLP 30.39 ON 22
DPTR FM NORMAL -248 LOWEST SLP 29.68 ON 29
[REMARKS]
#FINAL-09-21#