000
CXUS56 KPQR 011201
CF6SLE
PRELIMINARY LOCAL CLIMATOLOGICAL DATA (WS FORM: F-6)
STATION: SALEM OR
MONTH: MARCH
YEAR: 2023
LATITUDE: 44 55 N
LONGITUDE: 123 0 W
TEMPERATURE IN F: :PCPN: SNOW: WIND :SUNSHINE: SKY :PK WND
================================================================================
1 2 3 4 5 6A 6B 7 8 9 10 11 12 13 14 15 16 17 18
12Z AVG MX 2MIN
DY MAX MIN AVG DEP HDD CDD WTR SNW DPTH SPD SPD DIR MIN PSBL S-S WX SPD DR
================================================================================
1 46 30 38 -8 27 0 0.00 M M 4.3 10 130 M M 8 1 15 140
2 48 35 42 -4 23 0 0.04 M M 11.5 22 190 M M 9 1 30 160
3 47 33 40 -6 25 0 0.06 M M 11.7 21 180 M M 8 1 27 180
4 45 34 40 -6 25 0 0.17 M M 13.5 25 180 M M 9 18 37 200
5 42 31 37 -9 28 0 0.19 M M 5.8 17 250 M M 7 1 23 210
6 51 36 44 -2 21 0 0.15 M M 10.3 18 200 M M 9 1 26 210
7 50 31 41 -5 24 0 0.06 M M 6.0 22 210 M M 7 1 33 170
8 47 30 39 -8 26 0 0.05 M M 7.8 20 190 M M 9 12 26 170
9 49 41 45 -2 20 0 0.41 M M 7.5 20 150 M M 10 1 26 160
10 47 36 42 -5 23 0 0.14 M M 9.8 23 190 M M 9 1 30 190
11 55 35 45 -2 20 0 0.02 M M 4.5 13 190 M M 6 1 19 170
12 55 30 43 -4 22 0 0.37 M M 4.1 14 170 M M 8 1 18 180
13 52 37 45 -2 20 0 1.39 M M 9.5 18 190 M M 9 1 25 170
14 53 30 42 -5 23 0 0.00 M M 7.8 18 290 M M 6 12 24 290
15 53 34 44 -4 21 0 0.01 M M 3.5 10 180 M M 5 12 180
16 62 30 46 -2 19 0 0.00 M M 3.9 12 350 M M 0 15 10
17 62 31 47 -1 18 0 0.00 M M 1.2 6 120 M M 0 9 340
18 66 34 50 2 15 0 0.00 M M 1.9 8 50 M M 1 8 10 100
19 51 43 47 -1 18 0 0.19 M M 2.9 10 150 M M 7 18 12 200
20 50 35 43 -5 22 0 0.07 M M 9.8 22 180 M M 9 18 29 200
21 64 31 48 0 17 0 0.00 M M 7.7 23 360 M M 3 12 28 360
22 63 35 49 1 16 0 T M M 5.0 20 220 M M 3 13 24 220
23 47 37 42 -6 23 0 0.20 M M 10.8 25 230 M M 9 18 38 230
24 48 34 41 -7 24 0 0.23 M M 10.1 20 260 M M 9 18 24 260
25 45 33 39 -10 26 0 0.18 M M 5.6 22 350 M M 9 18 26 340
26 49 31 40 -9 25 0 0.05 M M 5.4 18 240 M M 7 1 21 240
27 47 29 38 -11 27 0 0.03 M M 3.4 16 110 M M 7 12 21 110
28 48 37 43 -6 22 0 0.45 M M 4.3 14 240 M M 9 1 19 230
29 58 33 46 -3 19 0 0.00 M M 3.3 10 270 M M 6 12 13 280
30 55 39 47 -2 18 0 T M M 9.2 20 250 M M 8 25 250
31 50 43 47 -2 18 0 0.71 M M 14.1 24 190 M M 10 18 33 210
================================================================================
SM 1605 1058 675 0 5.17 M 216.2 M 216
================================================================================
AV 51.8 34.1 7.0 FASTST M M 7 MAX(MPH)
MISC ----> # 25 180 38 230
================================================================================
NOTES:
# LAST OF SEVERAL OCCURRENCES
COLUMN 17 PEAK WIND IN M.P.H.
PRELIMINARY LOCAL CLIMATOLOGICAL DATA (WS FORM: F-6) , PAGE 2
STATION: SALEM OR
MONTH: MARCH
YEAR: 2023
LATITUDE: 44 55 N
LONGITUDE: 123 0 W
[TEMPERATURE DATA] [PRECIPITATION DATA] SYMBOLS USED IN COLUMN 16
AVERAGE MONTHLY: 43.0 TOTAL FOR MONTH: 5.17 1 = FOG OR MIST
DPTR FM NORMAL: -4.5 DPTR FM NORMAL: 0.82 2 = FOG REDUCING VISIBILITY
HIGHEST: 66 ON 18 GRTST 24HR 1.55 ON 12-13 TO 1/4 MILE OR LESS
LOWEST: 29 ON 27 3 = THUNDER
SNOW, ICE PELLETS, HAIL 4 = ICE PELLETS
TOTAL MONTH: M 5 = HAIL
GRTST 24HR M ON M 6 = FREEZING RAIN OR DRIZZLE
GRTST DEPTH: M ON M 7 = DUSTSTORM OR SANDSTORM:
VSBY 1/2 MILE OR LESS
8 = SMOKE OR HAZE
[NO. OF DAYS WITH] [WEATHER - DAYS WITH] 9 = BLOWING SNOW
X = TORNADO
MAX 32 OR BELOW: 0 0.01 INCH OR MORE: 22
MAX 90 OR ABOVE: 0 0.10 INCH OR MORE: 13
MIN 32 OR BELOW: 11 0.50 INCH OR MORE: 2
MIN 0 OR BELOW: 0 1.00 INCH OR MORE: 1
[HDD (BASE 65) ]
TOTAL THIS MO. 675 CLEAR (SCALE 0-3) 4
DPTR FM NORMAL 134 PTCLDY (SCALE 4-7) 12
TOTAL FM JUL 1 3703 CLOUDY (SCALE 8-10) 15
DPTR FM NORMAL 124
[CDD (BASE 65) ]
TOTAL THIS MO. 0
DPTR FM NORMAL 0 [PRESSURE DATA]
TOTAL FM JAN 1 0 HIGHEST SLP 30.38 ON 26
DPTR FM NORMAL 0 LOWEST SLP 29.27 ON 9
[REMARKS]
#FINAL-03-23#