000
CXUS51 KBTV 010800
CF6SLK
PRELIMINARY LOCAL CLIMATOLOGICAL DATA (WS FORM: F-6)
STATION: SARANAC LAKE NY
MONTH: FEBRUARY
YEAR: 2024
LATITUDE: 44 23 N
LONGITUDE: 74 12 W
TEMPERATURE IN F: :PCPN: SNOW: WIND :SUNSHINE: SKY :PK WND
================================================================================
1 2 3 4 5 6A 6B 7 8 9 10 11 12 13 14 15 16 17 18
12Z AVG MX 2MIN
DY MAX MIN AVG DEP HDD CDD WTR SNW DPTH SPD SPD DIR MIN PSBL S-S WX SPD DR
================================================================================
1 33 31 32 19 33 0 T M M 8.0 15 220 M M 10 1 20 240
2 32 22 27 14 38 0 T M M 5.3 12 30 M M 10 1 15 40
3 28 12 20 7 45 0 0.00 M M 3.0 9 30 M M 8 12 340
4 35 2 19 6 46 0 0.00 M M 1.2 9 10 M M 1 12 10
5 32 2 17 4 48 0 0.00 M M 4.7 18 40 M M 1 23 50
6 34 2 18 4 47 0 0.00 M M 5.4 14 50 M M 2 18 50
7 37 1 19 5 46 0 0.00 M M 0.6 6 330 M M 4 9 30
8 49 14 32 18 33 0 0.00 M M 1.4 8 50 M M 1 1 9 50
9 46 29 38 24 27 0 0.00 M M 6.5 18 200 M M 7 24 200
10 47 35 41 27 24 0 T M M 8.7 17 220 M M 9 18 25 210
11 35 28 32 18 33 0 0.00 M M 7.0 14 230 M M 10 19 270
12 30 26 28 14 37 0 0.00 M M 4.4 12 240 M M 10 16 250
13 33 15 24 9 41 0 0.03 M M 2.4 15 350 M M 5 1 24 360
14 20 8 14 -1 51 0 0.02 M M 6.8 15 270 M M 6 18 27 220
15 28 -7 11 -4 54 0 0.11 M M 2.9 12 110 M M 4 18 16 130
16 26 6 16 1 49 0 0.03 M M 5.6 16 260 M M 9 18 27 290
17 18 4 11 -5 54 0 0.03 M M 3.5 14 250 M M 9 18 22 240
18 23 -3 10 -6 55 0 T M M 13.1 24 210 M M 9 18 34 240
19 22 -6 8 -8 57 0 0.01 M M 5.5 16 250 M M 3 18 27 340
20 30 -7 12 -4 53 0 T M M 2.8 12 240 M M 7 8 17 240
21 39 -4 18 2 47 0 0.00 M M 5.3 22 210 M M 0 26 220
22 40 24 32 15 33 0 M M M 8.5 17 210 M M 10 1 23 210
23 46 20 33 16 32 0 0.00 M M 6.1 15 210 M M 9 18 21 330
24 20 -1 10 -7 55 0 0.00 M M 4.1 12 310 M M 4 1 17 340
25 39 -3 18 0 47 0 0.00 M M 7.7 21 210 M M 1 26 210
26 40 20 30 12 35 0 T M M 6.3 14 200 M M 5 1 18 230
27 61 17 39 21 26 0 0.00 M M 6.9 20 210 M M 1 33 200
28 58 16 37 19 28 0 0.12 M M 14.2 29 240 M M 9 18 49 230
29 16 5 11 -7 54 0 T M M 10.6 20 270 M M 8 8 40 270
================================================================================
SM 997 308 1228 0 0.35 M 168.5 M 172
================================================================================
AV 34.4 10.6 5.8 FASTST M M 6 MAX(MPH)
MISC ----> 29 240 49 230
================================================================================
NOTES:
# LAST OF SEVERAL OCCURRENCES
COLUMN 17 PEAK WIND IN M.P.H.
PRELIMINARY LOCAL CLIMATOLOGICAL DATA (WS FORM: F-6) , PAGE 2
STATION: SARANAC LAKE NY
MONTH: FEBRUARY
YEAR: 2024
LATITUDE: 44 23 N
LONGITUDE: 74 12 W
[TEMPERATURE DATA] [PRECIPITATION DATA] SYMBOLS USED IN COLUMN 16
AVERAGE MONTHLY: 22.5 TOTAL FOR MONTH: 0.35 1 = FOG OR MIST
DPTR FM NORMAL: 7.2 DPTR FM NORMAL: -1.15 2 = FOG REDUCING VISIBILITY
HIGHEST: 61 ON 27 GRTST 24HR 0.14 ON 15-16 TO 1/4 MILE OR LESS
LOWEST: -7 ON 20,15 3 = THUNDER
SNOW, ICE PELLETS, HAIL 4 = ICE PELLETS
TOTAL MONTH: M 5 = HAIL
GRTST 24HR M ON M 6 = FREEZING RAIN OR DRIZZLE
GRTST DEPTH: M ON M 7 = DUSTSTORM OR SANDSTORM:
VSBY 1/2 MILE OR LESS
8 = SMOKE OR HAZE
[NO. OF DAYS WITH] [WEATHER - DAYS WITH] 9 = BLOWING SNOW
X = TORNADO
MAX 32 OR BELOW: 13 0.01 INCH OR MORE: 7
MAX 90 OR ABOVE: 0 0.10 INCH OR MORE: 2
MIN 32 OR BELOW: 28 0.50 INCH OR MORE: 0
MIN 0 OR BELOW: 7 1.00 INCH OR MORE: 0
[HDD (BASE 65) ]
TOTAL THIS MO. 1228 CLEAR (SCALE 0-3) 8
DPTR FM NORMAL -165 PTCLDY (SCALE 4-7) 9
TOTAL FM JUL 1 5684 CLOUDY (SCALE 8-10) 12
DPTR FM NORMAL -986
[CDD (BASE 65) ]
TOTAL THIS MO. 0
DPTR FM NORMAL 0 [PRESSURE DATA]
TOTAL FM JAN 1 0 HIGHEST SLP 30.47 ON 20
DPTR FM NORMAL 0 LOWEST SLP 29.22 ON 28
[REMARKS]
#FINAL-02-24#