000
CXUS51 KBTV 010800
CF6SLK
PRELIMINARY LOCAL CLIMATOLOGICAL DATA (WS FORM: F-6)
STATION: SARANAC LAKE NY
MONTH: JANUARY
YEAR: 2022
LATITUDE: 44 23 N
LONGITUDE: 74 12 W
TEMPERATURE IN F: :PCPN: SNOW: WIND :SUNSHINE: SKY :PK WND
================================================================================
1 2 3 4 5 6A 6B 7 8 9 10 11 12 13 14 15 16 17 18
12Z AVG MX 2MIN
DY MAX MIN AVG DEP HDD CDD WTR SNW DPTH SPD SPD DIR MIN PSBL S-S WX SPD DR
================================================================================
1 41 27 34 18 31 0 0.03 M M 2.5 8 350 M M 8 126 14 10
2 32 2 17 1 48 0 0.23 M M 5.4 12 40 M M 9 12 15 330
3 13 -15 -1 -16 66 0 0.00 M M 0.1 9 210 M M 0 1 10 240
4 23 -14 5 -10 60 0 T M M 5.3 17 210 M M 7 1 22 220
5 33 10 22 7 43 0 T M M 6.8 15 210 M M 4 1 20 220
6 31 20 26 11 39 0 T M M 9.2 20 240 M M 10 18 34 240
7 22 0 11 -3 54 0 0.01 M M 3.8 12 300 M M 10 18 18 270
8 23 -17 3 -11 62 0 0.00 M M 3.2 14 220 M M 2 18 18 230
9 34 17 26 12 39 0 0.07 M M 14.2 24 210 M M 10 1268 34 250
10 17 -3 7 -7 58 0 T M M 6.4 15 280 M M 9 18 26 260
11 0 -21 -10 -24 75 0 T M M 5.2 12 220 M M 3 8 16 350
12 26 -1 13 -1 52 0 T M M 8.0 16 210 M M 9 18 21 210
13 32 26 29 15 36 0 0.06 M M 2.8 10 210 M M 10 1 12 220
14 31 -10 11 -2 54 0 T M M 6.5 16 30 M M 8 18 20 10
15 -3 -24 -13 -26 78 0 0.00 M M 2.4 8 240 M M 1 8 13 360
16 22 -28 -3 -16 68 0 0.00 M M 1.4 8 210 M M 1 10 180
17 30 15 23 10 42 0 0.09 M M 11.1 26 70 M M 10 12 36 60
18 15 -19 -2 -15 67 0 T M M 5.8 15 280 M M 5 18 25 300
19 34 -18 8 -5 57 0 0.06 M M 9.7 22 220 M M 9 1 31 220
20 27 -21 3 -10 62 0 T M M 4.9 18 250 M M 4 18 30 240
21 10 -31 -10 -23 75 0 0.00 M M 0.9 5 190 M M 0 8 M M
22 18 -31 -6 -19 71 0 0.00 M M 4.9 15 220 M M 2 19 220
23 19 -3 8 -5 57 0 0.02 M M 5.2 14 220 M M 9 128 18 220
24 14 -24 -5 -18 70 0 0.02 M M 1.5 9 220 M M 5 18 11 220
25 21 2 12 -1 53 0 0.04 M M 4.1 16 240 M M 9 128 25 260
26 7 -25 -9 -22 74 0 0.00 M M 1.5 9 240 M M 1 18 16 230
27 20 -28 -4 -17 69 0 T M M 10.0 24 200 M M 3 31 220
28 20 -11 5 -8 60 0 T M M 5.7 16 230 M M 8 18 22 220
29 5 -16 -5 -18 70 0 0.00 M M 6.4 18 40 M M 0 26 40
30 14 -26 -6 -19 71 0 T M M 3.4 10 260 M M 3 1 16 290
31 22 -3 10 -3 55 0 T M M 3.5 10 230 M M 9 18 14 250
================================================================================
SM 653 -270 1816 0 0.63 M 161.8 M 178
================================================================================
AV 21.1 -8.7 5.2 FASTST M M 6 MAX(MPH)
MISC ----> 26 70 36 60
================================================================================
NOTES:
# LAST OF SEVERAL OCCURRENCES
COLUMN 17 PEAK WIND IN M.P.H.
PRELIMINARY LOCAL CLIMATOLOGICAL DATA (WS FORM: F-6) , PAGE 2
STATION: SARANAC LAKE NY
MONTH: JANUARY
YEAR: 2022
LATITUDE: 44 23 N
LONGITUDE: 74 12 W
[TEMPERATURE DATA] [PRECIPITATION DATA] SYMBOLS USED IN COLUMN 16
AVERAGE MONTHLY: 6.2 TOTAL FOR MONTH: 0.63 1 = FOG OR MIST
DPTR FM NORMAL: -7.4 DPTR FM NORMAL: -1.31 2 = FOG REDUCING VISIBILITY
HIGHEST: 41 ON 1 GRTST 24HR 0.24 ON 17-17 TO 1/4 MILE OR LESS
LOWEST: -31 ON 22,21 3 = THUNDER
SNOW, ICE PELLETS, HAIL 4 = ICE PELLETS
TOTAL MONTH: M 5 = HAIL
GRTST 24HR M ON M 6 = FREEZING RAIN OR DRIZZLE
GRTST DEPTH: M ON M 7 = DUSTSTORM OR SANDSTORM:
VSBY 1/2 MILE OR LESS
8 = SMOKE OR HAZE
[NO. OF DAYS WITH] [WEATHER - DAYS WITH] 9 = BLOWING SNOW
X = TORNADO
MAX 32 OR BELOW: 27 0.01 INCH OR MORE: 10
MAX 90 OR ABOVE: 0 0.10 INCH OR MORE: 1
MIN 32 OR BELOW: 31 0.50 INCH OR MORE: 0
MIN 0 OR BELOW: 23 1.00 INCH OR MORE: 0
[HDD (BASE 65) ]
TOTAL THIS MO. 1816 CLEAR (SCALE 0-3) 10
DPTR FM NORMAL 223 PTCLDY (SCALE 4-7) 8
TOTAL FM JUL 1 5024 CLOUDY (SCALE 8-10) 13
DPTR FM NORMAL -158
[CDD (BASE 65) ]
TOTAL THIS MO. 0
DPTR FM NORMAL 0 [PRESSURE DATA]
TOTAL FM JAN 1 0 HIGHEST SLP 30.66 ON 21
DPTR FM NORMAL 0 LOWEST SLP 28.94 ON 17
[REMARKS]
#FINAL-01-22#