779
CXUS51 KBTV 010800
CF6SLK
PRELIMINARY LOCAL CLIMATOLOGICAL DATA (WS FORM: F-6)
STATION: SARANAC LAKE NY
MONTH: OCTOBER
YEAR: 2020
LATITUDE: 44 23 N
LONGITUDE: 74 12 W
TEMPERATURE IN F: :PCPN: SNOW: WIND :SUNSHINE: SKY :PK WND
================================================================================
1 2 3 4 5 6A 6B 7 8 9 10 11 12 13 14 15 16 17 18
12Z AVG MX 2MIN
DY MAX MIN AVG DEP HDD CDD WTR SNW DPTH SPD SPD DIR MIN PSBL S-S WX SPD DR
================================================================================
1 56 34 45 -2 20 0 0.13 M M 6.8 20 230 M M 7 1 26 220
2 51 31 41 -6 24 0 0.34 M M 1.1 9 270 M M 8 1 14 280
3 50 32 41 -5 24 0 0.08 M M 1.7 9 220 M M 9 12 12 220
4 55 34 45 -1 20 0 0.00 M M 2.1 14 200 M M 8 12 19 190
5 55 35 45 -1 20 0 T M M 3.8 13 220 M M 8 1 16 220
6 60 30 45 0 20 0 T M M 8.3 23 210 M M 6 12 31 200
7 55 42 49 4 16 0 0.63 M M 10.6 23 210 M M 9 13 31 290
8 44 27 36 -9 29 0 0.01 M M 5.8 15 260 M M 8 1 25 260
9 55 24 40 -4 25 0 0.01 M M 5.8 16 220 M M 3 21 220
10 69 44 57 13 8 0 0.66 M M 11.7 26 220 M M 7 13 36 210
11 49 31 40 -4 25 0 0.00 M M 6.3 14 50 M M 3 16 60
12 63 23 43 0 22 0 0.00 M M 3.8 13 150 M M 2 18 130
13 53 45 49 6 16 0 0.33 M M 4.8 14 210 M M 10 1 18 210
14 58 29 44 1 21 0 0.00 M M 4.5 16 250 M M 4 12 28 220
15 73 34 54 12 11 0 0.22 M M 8.9 32 210 M M 3 1 41 220
16 47 31 39 -3 26 0 0.31 M M 4.0 10 250 M M 9 1 15 240
17 50 25 38 -4 27 0 0.00 M M 1.4 16 230 M M 2 1 21 230
18 55 22 39 -2 26 0 0.00 M M 8.4 26 190 M M 1 32 190
19 53 49 51 10 14 0 0.23 M M 6.6 17 210 M M 10 1 23 200
20 54 41 48 7 17 0 0.29 M M 6.8 18 210 M M 10 1 23 210
21 63 41 52 12 13 0 0.20 M M 9.3 22 200 M M 9 1 29 210
22 54 36 45 5 20 0 T M M 2.2 7 50 M M 9 12 9 210
23 72 41 57 17 8 0 0.00 M M 9.6 21 210 M M 3 1 26 180
24 62 34 48 8 17 0 0.22 M M 6.8 21 220 M M 10 1 33 280
25 40 30 35 -5 30 0 0.00 M M 5.7 14 60 M M 5 17 30
26 44 31 38 -1 27 0 0.13 M M 5.3 12 240 M M 10 18 18 250
27 36 30 33 -6 32 0 0.05 M M 2.6 7 310 M M 10 1 11 340
28 43 31 37 -2 28 0 0.06 M M 5.8 17 220 M M 10 1 23 220
29 40 27 34 -4 31 0 0.05 M M 6.9 21 50 M M 7 1 26 60
30 35 11 23 -15 42 0 T M M 5.9 17 60 M M 3 21 50
31 40 7 24 -14 41 0 0.00 M M 4.1 18 200 M M 2 128 24 200
================================================================================
SM 1634 982 700 0 3.95 M 177.4 M 205
================================================================================
AV 52.7 31.7 5.7 FASTST M M 7 MAX(MPH)
MISC ----> 32 210 41 220
================================================================================
NOTES:
# LAST OF SEVERAL OCCURRENCES
COLUMN 17 PEAK WIND IN M.P.H.
PRELIMINARY LOCAL CLIMATOLOGICAL DATA (WS FORM: F-6) , PAGE 2
STATION: SARANAC LAKE NY
MONTH: OCTOBER
YEAR: 2020
LATITUDE: 44 23 N
LONGITUDE: 74 12 W
[TEMPERATURE DATA] [PRECIPITATION DATA] SYMBOLS USED IN COLUMN 16
AVERAGE MONTHLY: 42.2 TOTAL FOR MONTH: 3.95 1 = FOG OR MIST
DPTR FM NORMAL: 0.0 DPTR FM NORMAL: -0.10 2 = FOG REDUCING VISIBILITY
HIGHEST: 73 ON 15 GRTST 24HR 0.66 ON 10-10 TO 1/4 MILE OR LESS
LOWEST: 7 ON 31 3 = THUNDER
SNOW, ICE PELLETS, HAIL 4 = ICE PELLETS
TOTAL MONTH: M 5 = HAIL
GRTST 24HR M ON M 6 = FREEZING RAIN OR DRIZZLE
GRTST DEPTH: M ON M 7 = DUSTSTORM OR SANDSTORM:
VSBY 1/2 MILE OR LESS
8 = SMOKE OR HAZE
[NO. OF DAYS WITH] [WEATHER - DAYS WITH] 9 = BLOWING SNOW
X = TORNADO
MAX 32 OR BELOW: 0 0.01 INCH OR MORE: 18
MAX 90 OR ABOVE: 0 0.10 INCH OR MORE: 12
MIN 32 OR BELOW: 18 0.50 INCH OR MORE: 2
MIN 0 OR BELOW: 0 1.00 INCH OR MORE: 0
[HDD (BASE 65) ]
TOTAL THIS MO. 700 CLEAR (SCALE 0-3) 8
DPTR FM NORMAL -7 PTCLDY (SCALE 4-7) 9
TOTAL FM JUL 1 1187 CLOUDY (SCALE 8-10) 14
DPTR FM NORMAL -105
[CDD (BASE 65) ]
TOTAL THIS MO. 0
DPTR FM NORMAL 0 [PRESSURE DATA]
TOTAL FM JAN 1 176 HIGHEST SLP 30.51 ON 31
DPTR FM NORMAL 62 LOWEST SLP 29.39 ON 7
[REMARKS]
#FINAL-10-20#