000
CXUS51 KBTV 010700
CF6SLK
PRELIMINARY LOCAL CLIMATOLOGICAL DATA (WS FORM: F-6)
STATION: SARANAC LAKE NY
MONTH: SEPTEMBER
YEAR: 2020
LATITUDE: 44 23 N
LONGITUDE: 74 12 W
TEMPERATURE IN F: :PCPN: SNOW: WIND :SUNSHINE: SKY :PK WND
================================================================================
1 2 3 4 5 6A 6B 7 8 9 10 11 12 13 14 15 16 17 18
12Z AVG MX 2MIN
DY MAX MIN AVG DEP HDD CDD WTR SNW DPTH SPD SPD DIR MIN PSBL S-S WX SPD DR
================================================================================
1 68 46 57 -2 8 0 0.15 M M 5.6 20 200 M M 9 1 24 190
2 74 61 68 9 0 3 0.07 M M 11.8 28 200 M M 10 1 37 190
3 72 48 60 2 5 0 0.00 M M 5.2 14 210 M M 2 12 19 210
4 68 48 58 0 7 0 0.02 M M 8.2 17 240 M M 5 26 270
5 66 37 52 -6 13 0 0.03 M M 6.8 20 220 M M 3 123 27 220
6 68 38 53 -5 12 0 0.00 M M 4.1 14 210 M M 3 12 19 230
7 76 38 57 0 8 0 T M M 13.3 30 200 M M 5 40 220
8 75 60 68 11 0 3 0.01 M M 4.3 10 250 M M 9 14 250
9 83 51 67 11 0 2 0.01 M M 4.3 12 220 M M 2 12 16 230
10 72 51 62 6 3 0 0.00 M M 3.7 14 240 M M 8 128 19 260
11 60 30 45 -11 20 0 0.00 M M 4.4 10 50 M M 5 1 15 40
12 70 28 49 -6 16 0 0.00 M M 3.6 16 190 M M 3 12 20 210
13 66 43 55 0 10 0 0.18 M M 10.2 21 190 M M 6 18 28 190
14 58 28 43 -12 22 0 0.00 M M 4.7 13 350 M M 5 20 320
15 59 26 43 -11 22 0 0.00 M M 2.6 14 230 M M 4 12 18 240
16 73 45 59 5 6 0 0.00 M M 11.8 22 210 M M 0 29 240
17 61 32 47 -6 18 0 0.02 M M 3.5 12 230 M M 8 1 17 230
18 54 24 39 -14 26 0 0.00 M M 3.8 14 20 M M 2 24 30
19 52 21 37 -15 28 0 0.00 M M 2.4 12 10 M M 1 12 17 10
20 57 23 40 -12 25 0 0.00 M M 2.1 10 320 M M 2 15 250
21 62 21 42 -10 23 0 0.00 M M 1.0 8 230 M M 2 12 26 320
22 61 23 42 -9 23 0 T M M 1.8 12 30 M M 3 12 15 360
23 69 36 53 2 12 0 T M M 4.4 13 270 M M 7 18 20 250
24 72 39 56 6 9 0 0.00 M M 3.2 13 230 M M 4 12 19 220
25 74 41 58 8 7 0 0.00 M M 2.9 12 220 M M 6 12 16 220
26 79 39 59 9 6 0 0.00 M M 5.7 17 200 M M 2 12 22 230
27 77 60 69 20 0 4 0.00 M M 12.0 28 200 M M 4 39 200
28 76 53 65 16 0 0 0.00 M M 5.7 18 210 M M 4 25 220
29 69 49 59 11 6 0 0.93 M M 7.0 21 200 M M 8 1 28 200
30 54 46 50 2 15 0 0.87 M M 8.8 20 220 M M 9 1 28 220
================================================================================
SM 2025 1185 350 12 2.29 M 168.9 M 141
================================================================================
AV 67.5 39.5 5.6 FASTST M M 5 MAX(MPH)
MISC ----> 30 200 40 220
================================================================================
NOTES:
# LAST OF SEVERAL OCCURRENCES
COLUMN 17 PEAK WIND IN M.P.H.
PRELIMINARY LOCAL CLIMATOLOGICAL DATA (WS FORM: F-6) , PAGE 2
STATION: SARANAC LAKE NY
MONTH: SEPTEMBER
YEAR: 2020
LATITUDE: 44 23 N
LONGITUDE: 74 12 W
[TEMPERATURE DATA] [PRECIPITATION DATA] SYMBOLS USED IN COLUMN 16
AVERAGE MONTHLY: 53.5 TOTAL FOR MONTH: 2.29 1 = FOG OR MIST
DPTR FM NORMAL: -0.2 DPTR FM NORMAL: -1.00 2 = FOG REDUCING VISIBILITY
HIGHEST: 83 ON 9 GRTST 24HR 1.75 ON 29-30 TO 1/4 MILE OR LESS
LOWEST: 21 ON 21,19 3 = THUNDER
SNOW, ICE PELLETS, HAIL 4 = ICE PELLETS
TOTAL MONTH: M 5 = HAIL
GRTST 24HR M ON M 6 = FREEZING RAIN OR DRIZZLE
GRTST DEPTH: M ON M 7 = DUSTSTORM OR SANDSTORM:
VSBY 1/2 MILE OR LESS
8 = SMOKE OR HAZE
[NO. OF DAYS WITH] [WEATHER - DAYS WITH] 9 = BLOWING SNOW
X = TORNADO
MAX 32 OR BELOW: 0 0.01 INCH OR MORE: 10
MAX 90 OR ABOVE: 0 0.10 INCH OR MORE: 4
MIN 32 OR BELOW: 10 0.50 INCH OR MORE: 2
MIN 0 OR BELOW: 0 1.00 INCH OR MORE: 0
[HDD (BASE 65) ]
TOTAL THIS MO. 350 CLEAR (SCALE 0-3) 10
DPTR FM NORMAL 5 PTCLDY (SCALE 4-7) 15
TOTAL FM JUL 1 487 CLOUDY (SCALE 8-10) 5
DPTR FM NORMAL -99
[CDD (BASE 65) ]
TOTAL THIS MO. 12
DPTR FM NORMAL 5 [PRESSURE DATA]
TOTAL FM JAN 1 176 HIGHEST SLP M ON M
DPTR FM NORMAL 62 LOWEST SLP 29.42 ON 30
[REMARKS]
#FINAL-09-20#