000
CXUS51 KBTV 010700
CF6SLK
PRELIMINARY LOCAL CLIMATOLOGICAL DATA (WS FORM: F-6)
STATION: SARANAC LAKE NY
MONTH: OCTOBER
YEAR: 2023
LATITUDE: 44 23 N
LONGITUDE: 74 12 W
TEMPERATURE IN F: :PCPN: SNOW: WIND :SUNSHINE: SKY :PK WND
================================================================================
1 2 3 4 5 6A 6B 7 8 9 10 11 12 13 14 15 16 17 18
12Z AVG MX 2MIN
DY MAX MIN AVG DEP HDD CDD WTR SNW DPTH SPD SPD DIR MIN PSBL S-S WX SPD DR
================================================================================
1 76 39 58 9 7 0 0.00 M M 2.8 10 10 M M 6 12 16 290
2 75 39 57 9 8 0 0.00 M M 1.7 10 60 M M 1 1 15 280
3 82 45 64 16 1 0 0.00 M M 2.8 13 230 M M 1 1 17 220
4 86 43 65 17 0 0 0.00 M M 2.3 13 220 M M 2 12 17 220
5 83 45 64 17 1 0 0.00 M M 6.5 18 210 M M 0 1 24 200
6 70 59 65 18 0 0 0.23 M M 10.6 25 200 M M 5 1 35 210
7 63 44 54 7 11 0 2.39 M M 3.0 13 290 M M 10 1 21 290
8 51 41 46 0 19 0 0.11 M M 13.6 26 210 M M 10 1 36 210
9 50 35 43 -3 22 0 0.00 M M 11.9 23 210 M M 9 32 200
10 50 36 43 -3 22 0 T M M 5.2 17 200 M M 9 21 220
11 51 34 43 -2 22 0 T M M 3.5 16 220 M M 8 1 22 250
12 52 28 40 -5 25 0 0.08 M M 3.4 13 240 M M 7 1 20 210
13 53 26 40 -4 25 0 0.00 M M 2.3 10 320 M M 7 1 28 270
14 52 38 45 1 20 0 T M M 1.3 7 350 M M 10 12 330
15 48 41 45 1 20 0 0.14 M M 2.5 12 330 M M 10 18 19 340
16 53 44 49 6 16 0 0.15 M M 2.9 13 50 M M 10 18 20 50
17 49 38 44 1 21 0 0.00 M M 1.5 8 230 M M 10 12 10 230
18 53 36 45 3 20 0 T M M 3.0 14 230 M M 9 12 17 220
19 59 43 51 9 14 0 0.00 M M 5.7 20 220 M M 5 8 27 220
20 63 47 55 13 10 0 0.00 M M 8.6 24 210 M M 7 35 200
21 52 41 47 5 18 0 0.61 M M 3.8 15 270 M M 10 1 24 250
22 41 34 38 -3 27 0 0.07 M M 6.1 13 250 M M 10 1 22 270
23 44 26 35 -6 30 0 0.00 M M 3.1 9 250 M M 8 12 14 280
24 52 27 40 0 25 0 0.01 M M 2.0 10 230 M M 9 126 12 230
25 66 46 56 16 9 0 0.01 M M 6.6 14 220 M M 7 18 220
26 60 48 54 14 11 0 0.07 M M 3.8 13 240 M M 10 12 18 250
27 66 43 55 16 10 0 T M M 6.6 18 220 M M 8 12 23 210
28 63 35 49 10 16 0 0.17 M M 5.9 15 220 M M 8 1 22 210
29 41 33 37 -1 28 0 T M M 3.7 10 70 M M 9 1 13 60
30 39 30 35 -3 30 0 0.50 M M 3.3 9 310 M M 10 1 17 330
31 38 23 31 -7 34 0 0.00 M M 2.5 9 70 M M 5 13 310
================================================================================
SM 1781 1187 522 0 4.54 M 142.5 M 230
================================================================================
AV 57.5 38.3 4.6 FASTST M M 7 MAX(MPH)
MISC ----> 26 210 36 210
================================================================================
NOTES:
# LAST OF SEVERAL OCCURRENCES
COLUMN 17 PEAK WIND IN M.P.H.
PRELIMINARY LOCAL CLIMATOLOGICAL DATA (WS FORM: F-6) , PAGE 2
STATION: SARANAC LAKE NY
MONTH: OCTOBER
YEAR: 2023
LATITUDE: 44 23 N
LONGITUDE: 74 12 W
[TEMPERATURE DATA] [PRECIPITATION DATA] SYMBOLS USED IN COLUMN 16
AVERAGE MONTHLY: 47.9 TOTAL FOR MONTH: 4.54 1 = FOG OR MIST
DPTR FM NORMAL: 4.6 DPTR FM NORMAL: 0.69 2 = FOG REDUCING VISIBILITY
HIGHEST: 86 ON 4 GRTST 24HR 2.40 ON 7- 8 TO 1/4 MILE OR LESS
LOWEST: 23 ON 31 3 = THUNDER
SNOW, ICE PELLETS, HAIL 4 = ICE PELLETS
TOTAL MONTH: M 5 = HAIL
GRTST 24HR M ON M 6 = FREEZING RAIN OR DRIZZLE
GRTST DEPTH: M ON M 7 = DUSTSTORM OR SANDSTORM:
VSBY 1/2 MILE OR LESS
8 = SMOKE OR HAZE
[NO. OF DAYS WITH] [WEATHER - DAYS WITH] 9 = BLOWING SNOW
X = TORNADO
MAX 32 OR BELOW: 0 0.01 INCH OR MORE: 13
MAX 90 OR ABOVE: 0 0.10 INCH OR MORE: 8
MIN 32 OR BELOW: 6 0.50 INCH OR MORE: 3
MIN 0 OR BELOW: 0 1.00 INCH OR MORE: 1
[HDD (BASE 65) ]
TOTAL THIS MO. 522 CLEAR (SCALE 0-3) 4
DPTR FM NORMAL -151 PTCLDY (SCALE 4-7) 10
TOTAL FM JUL 1 945 CLOUDY (SCALE 8-10) 17
DPTR FM NORMAL -279
[CDD (BASE 65) ]
TOTAL THIS MO. 0
DPTR FM NORMAL 0 [PRESSURE DATA]
TOTAL FM JAN 1 145 HIGHEST SLP M ON M
DPTR FM NORMAL 25 LOWEST SLP 29.23 ON 21
[REMARKS]
#FINAL-10-23#