000
CXUS51 KBTV 010700
CF6SLK
PRELIMINARY LOCAL CLIMATOLOGICAL DATA (WS FORM: F-6)
STATION: SARANAC LAKE NY
MONTH: SEPTEMBER
YEAR: 2023
LATITUDE: 44 23 N
LONGITUDE: 74 12 W
TEMPERATURE IN F: :PCPN: SNOW: WIND :SUNSHINE: SKY :PK WND
================================================================================
1 2 3 4 5 6A 6B 7 8 9 10 11 12 13 14 15 16 17 18
12Z AVG MX 2MIN
DY MAX MIN AVG DEP HDD CDD WTR SNW DPTH SPD SPD DIR MIN PSBL S-S WX SPD DR
================================================================================
1 71 37 54 -5 11 0 0.00 M M 1.7 9 240 M M 4 12 12 240
2 73 42 58 -1 7 0 0.00 M M 6.7 18 210 M M 3 12 25 230
3 80 57 69 11 0 4 0.00 M M 4.8 13 240 M M 5 1 18 230
4 85 56 71 13 0 6 0.00 M M 1.7 10 230 M M 2 12 17 270
5 87 60 74 16 0 9 0.00 M M 1.3 8 280 M M 6 12 11 330
6 86 57 72 14 0 7 0.00 M M 1.6 12 240 M M 5 12 17 240
7 82 58 70 13 0 5 0.11 M M 3.4 16 250 M M 4 1238 26 250
8 76 62 69 12 0 4 0.00 M M 6.8 20 220 M M 8 1 24 220
9 73 56 65 8 0 0 0.34 M M 3.0 9 60 M M 6 1 13 250
10 67 59 63 7 2 0 0.49 M M 2.3 10 70 M M 10 1 31 220
11 71 49 60 4 5 0 0.00 M M 3.8 12 70 M M 8 1 33 300
12 75 49 62 6 3 0 0.00 M M 2.5 12 220 M M 6 12 14 220
13 67 49 58 2 7 0 0.41 M M 3.1 12 240 M M 8 1 16 240
14 59 38 49 -6 16 0 T M M 4.7 14 230 M M 7 1 24 260
15 67 35 51 -4 14 0 0.00 M M 3.2 14 40 M M 3 12 19 30
16 67 39 53 -1 12 0 0.00 M M 2.4 13 350 M M 0 1 19 280
17 68 38 53 -1 12 0 0.00 M M 2.6 8 220 M M 6 12 12 220
18 67 48 58 4 7 0 0.07 M M 1.6 12 30 M M 7 1 16 210
19 55 48 52 -1 13 0 0.15 M M 4.6 13 260 M M 10 1 20 310
20 61 34 48 -5 17 0 0.00 M M 2.4 14 220 M M 5 12 18 230
21 67 31 49 -4 16 0 0.00 M M 1.1 10 240 M M 4 12 15 270
22 71 32 52 0 13 0 0.00 M M 1.2 8 160 M M 3 12 12 150
23 68 38 53 1 12 0 0.00 M M 3.9 15 60 M M 3 12 20 60
24 67 39 53 1 12 0 0.00 M M 4.3 14 70 M M 1 18 90
25 69 37 53 2 12 0 0.00 M M 7.2 18 50 M M 1 1 22 50
26 65 34 50 -1 15 0 0.00 M M 3.4 15 40 M M 2 12 19 30
27 66 30 48 -2 17 0 0.00 M M 2.5 12 40 M M 3 12 15 50
28 72 30 51 1 14 0 0.00 M M 1.9 13 70 M M 2 12 18 60
29 65 49 57 7 8 0 0.00 M M 2.5 10 80 M M 6 13 60
30 74 41 58 9 7 0 0.00 M M 2.7 13 30 M M 2 1 15 50
================================================================================
SM 2121 1332 252 35 1.57 M 94.9 M 140
================================================================================
AV 70.7 44.4 3.2 FASTST M M 5 MAX(MPH)
MISC ----> 20 220 33 300
================================================================================
NOTES:
# LAST OF SEVERAL OCCURRENCES
COLUMN 17 PEAK WIND IN M.P.H.
PRELIMINARY LOCAL CLIMATOLOGICAL DATA (WS FORM: F-6) , PAGE 2
STATION: SARANAC LAKE NY
MONTH: SEPTEMBER
YEAR: 2023
LATITUDE: 44 23 N
LONGITUDE: 74 12 W
[TEMPERATURE DATA] [PRECIPITATION DATA] SYMBOLS USED IN COLUMN 16
AVERAGE MONTHLY: 57.6 TOTAL FOR MONTH: 1.57 1 = FOG OR MIST
DPTR FM NORMAL: 3.1 DPTR FM NORMAL: -1.90 2 = FOG REDUCING VISIBILITY
HIGHEST: 87 ON 5 GRTST 24HR 0.83 ON 9-10 TO 1/4 MILE OR LESS
LOWEST: 30 ON 28,27 3 = THUNDER
SNOW, ICE PELLETS, HAIL 4 = ICE PELLETS
TOTAL MONTH: M 5 = HAIL
GRTST 24HR M ON M 6 = FREEZING RAIN OR DRIZZLE
GRTST DEPTH: M ON M 7 = DUSTSTORM OR SANDSTORM:
VSBY 1/2 MILE OR LESS
8 = SMOKE OR HAZE
[NO. OF DAYS WITH] [WEATHER - DAYS WITH] 9 = BLOWING SNOW
X = TORNADO
MAX 32 OR BELOW: 0 0.01 INCH OR MORE: 6
MAX 90 OR ABOVE: 0 0.10 INCH OR MORE: 5
MIN 32 OR BELOW: 4 0.50 INCH OR MORE: 0
MIN 0 OR BELOW: 0 1.00 INCH OR MORE: 0
[HDD (BASE 65) ]
TOTAL THIS MO. 252 CLEAR (SCALE 0-3) 10
DPTR FM NORMAL -74 PTCLDY (SCALE 4-7) 17
TOTAL FM JUL 1 423 CLOUDY (SCALE 8-10) 3
DPTR FM NORMAL -129
[CDD (BASE 65) ]
TOTAL THIS MO. 35
DPTR FM NORMAL 26 [PRESSURE DATA]
TOTAL FM JAN 1 145 HIGHEST SLP M ON M
DPTR FM NORMAL 25 LOWEST SLP 29.76 ON 19
[REMARKS]
#FINAL-09-23#