000
CXUS53 KICT 031450
CF6SLN
PRELIMINARY LOCAL CLIMATOLOGICAL DATA (WS FORM: F-6)
STATION: SALINA KS
MONTH: OCTOBER
YEAR: 2020
LATITUDE: 38 47 N
LONGITUDE: 97 39 W
TEMPERATURE IN F: :PCPN: SNOW: WIND :SUNSHINE: SKY :PK WND
================================================================================
1 2 3 4 5 6A 6B 7 8 9 10 11 12 13 14 15 16 17 18
12Z AVG MX 2MIN
DY MAX MIN AVG DEP HDD CDD WTR SNW DPTH SPD SPD DIR MIN PSBL S-S WX SPD DR
================================================================================
1 66 39 53 -10 12 0 0.00 M M 10.1 25 350 M M 1 38 360
2 74 34 54 -9 11 0 0.00 M M 7.3 18 170 M M 0 8 29 190
3 69 42 56 -6 9 0 0.00 M M 11.7 22 350 M M 0 28 10
4 72 36 54 -8 11 0 0.00 M M 8.3 18 170 M M 0 25 170
5 82 53 68 6 0 3 0.00 M M 14.8 29 200 M M 0 36 210
6 87 47 67 6 0 2 0.00 M M 4.7 10 250 M M 0 14 250
7 95 50 73 12 0 8 0.00 M M 6.5 15 170 M M 0 8 24 210
8 89 53 71 11 0 6 0.00 M M 10.8 24 160 M M 0 32 150
9 88 63 76 16 0 11 0.00 M M 15.2 26 200 M M 0 37 200
10 82 54 68 8 0 3 0.00 M M 4.6 14 190 M M 2 12 19 190
11 90 60 75 16 0 10 T M M 17.4 48 330 M M 0 8 65 330
12 76 47 62 3 3 0 0.00 M M 10.0 31 360 M M 1 44 360
13 78 45 62 3 3 0 0.00 M M 8.3 20 30 M M 0 25 30
14 80 49 65 7 0 0 T M M 12.2 22 200 M M 0 30 360
15 62 35 49 -9 16 0 0.00 M M 8.3 21 340 M M 1 27 360
16 65 36 51 -7 14 0 0.00 M M 8.9 21 180 M M 4 33 170
17 72 53 63 6 2 0 T M M 14.8 31 210 M M 0 42 190
18 56 40 48 -9 17 0 0.00 M M 15.2 26 10 M M 8 35 20
19 49 42 46 -10 19 0 0.00 M M 7.4 14 20 M M 10 17 30
20 55 40 48 -8 17 0 0.00 M M 5.8 12 150 M M 7 1 15 150
21 52 35 44 -12 21 0 T M M 5.1 10 80 M M 8 1 14 70
22 83 38 61 6 4 0 0.05 M M 19.2 33 200 M M 7 12 44 190
23 46 35 41 -14 24 0 0.03 M M 17.8 30 350 M M 10 1 38 350
24 41 34 38 -17 27 0 0.00 M M 7.8 13 90 M M 10 19 100
25 39 29 34 -20 31 0 T M M 15.6 24 10 M M 10 1 31 10
26 29 23 26 -28 39 0 0.02 M M 15.7 26 360 M M 10 18 33 10
27 36 27 32 -22 33 0 0.01 M M 4.8 14 350 M M 9 16 16 350
28 49 27 38 -15 27 0 0.01 M M 6.1 22 10 M M 4 30 10
29 54 32 43 -10 22 0 T M M 12.4 26 10 M M 1 36 360
30 74 33 54 2 11 0 0.00 M M 8.6 16 190 M M 0 24 200
31 71 40 56 4 9 0 0.00 M M 14.0 26 200 M M 0 32 200
================================================================================
SM 2061 1271 382 43 0.12 M 329.4 M 103
================================================================================
AV 66.5 41.0 10.6 FASTST M M 3 MAX(MPH)
MISC ----> 48 330 65 330
================================================================================
NOTES:
# LAST OF SEVERAL OCCURRENCES
COLUMN 17 PEAK WIND IN M.P.H.
PRELIMINARY LOCAL CLIMATOLOGICAL DATA (WS FORM: F-6) , PAGE 2
STATION: SALINA KS
MONTH: OCTOBER
YEAR: 2020
LATITUDE: 38 47 N
LONGITUDE: 97 39 W
[TEMPERATURE DATA] [PRECIPITATION DATA] SYMBOLS USED IN COLUMN 16
AVERAGE MONTHLY: 53.7 TOTAL FOR MONTH: 0.12 1 = FOG OR MIST
DPTR FM NORMAL: -3.8 DPTR FM NORMAL: -2.15 2 = FOG REDUCING VISIBILITY
HIGHEST: 95 ON 7 GRTST 24HR 0.05 ON 22-22 TO 1/4 MILE OR LESS
LOWEST: 23 ON 26 3 = THUNDER
SNOW, ICE PELLETS, HAIL 4 = ICE PELLETS
TOTAL MONTH: M 5 = HAIL
GRTST 24HR M ON M 6 = FREEZING RAIN OR DRIZZLE
GRTST DEPTH: M ON M 7 = DUSTSTORM OR SANDSTORM:
VSBY 1/2 MILE OR LESS
8 = SMOKE OR HAZE
[NO. OF DAYS WITH] [WEATHER - DAYS WITH] 9 = BLOWING SNOW
X = TORNADO
MAX 32 OR BELOW: 1 0.01 INCH OR MORE: 5
MAX 90 OR ABOVE: 2 0.10 INCH OR MORE: 0
MIN 32 OR BELOW: 5 0.50 INCH OR MORE: 0
MIN 0 OR BELOW: 0 1.00 INCH OR MORE: 0
[HDD (BASE 65) ]
TOTAL THIS MO. 382 CLEAR (SCALE 0-3) 19
DPTR FM NORMAL 116 PTCLDY (SCALE 4-7) 6
TOTAL FM JUL 1 448 CLOUDY (SCALE 8-10) 6
DPTR FM NORMAL 128
[CDD (BASE 65) ]
TOTAL THIS MO. 43
DPTR FM NORMAL 9 [PRESSURE DATA]
TOTAL FM JAN 1 1595 HIGHEST SLP 30.51 ON 26
DPTR FM NORMAL -51 LOWEST SLP 29.48 ON 11
[REMARKS]
#FINAL-10-20#