000
CXUS56 KLOX 281155
CF6SMO
PRELIMINARY LOCAL CLIMATOLOGICAL DATA (WS FORM: F-6)
STATION: SANTA MONICA AIRPORT CA
MONTH: APRIL
YEAR: 2021
LATITUDE: 34 0 N
LONGITUDE: 118 27 W
TEMPERATURE IN F: :PCPN: SNOW: WIND :SUNSHINE: SKY :PK WND
================================================================================
1 2 3 4 5 6A 6B 7 8 9 10 11 12 13 14 15 16 17 18
12Z AVG MX 2MIN
DY MAX MIN AVG DEP HDD CDD WTR SNW DPTH SPD SPD DIR MIN PSBL S-S WX SPD DR
================================================================================
1 88 57 73 15 0 8 0.00 M M 4.5 14 260 M M 0 19 280
2 70 53 62 4 3 0 0.00 M M 4.8 14 220 M M 3 18 18 220
3 62 52 57 -1 8 0 0.00 M M 4.1 14 220 M M 5 18 M M
4 67 50 59 1 6 0 0.00 M M 3.7 13 230 M M 0 16 230
5 65 51 58 0 7 0 0.00 M M 4.9 13 240 M M 1 M M
6 65 50 58 0 7 0 0.00 M M 4.4 13 210 M M 2 25 170
7 69 51 60 2 5 0 0.00 M M 3.7 9 250 M M 0 M M
8 68 53 61 3 4 0 0.00 M M 4.0 15 230 M M 0 20 230
9 67 51 59 1 6 0 0.00 M M 4.4 12 240 M M 0 M M
10 68 53 61 3 4 0 0.00 M M 3.9 12 240 M M 0 20 240
11 69 54 62 4 3 0 0.00 M M 3.5 10 250 M M 5 M M
12 65 56 61 3 4 0 0.00 M M 6.0 14 220 M M 8 21 220
13 62 56 59 1 6 0 0.00 M M 6.4 13 240 M M 10 8 17 220
14 61 51 56 -3 9 0 0.00 M M 4.9 13 240 M M 3 19 240
15 62 47 55 -4 10 0 0.00 M M 5.0 16 220 M M 4 22 220
16 64 51 58 -1 7 0 0.00 M M 4.1 15 240 M M 3 18 20 210
17 64 50 57 -2 8 0 0.00 M M 4.3 16 230 M M 3 21 240
18 91 51 71 12 0 6 0.00 M M 5.9 20 260 M M 0 29 260
19 74 55 65 6 0 0 0.00 M M 5.3 12 220 M M 0 15 220
20 66 53 60 1 5 0 0.00 M M 5.3 14 220 M M 4 18 19 240
21 63 57 60 1 5 0 0.00 M M 7.1 13 220 M M 9 17 240
22 62 56 59 0 6 0 0.00 M M 6.8 13 250 M M 9 20 250
23 64 56 60 1 5 0 0.00 M M 4.6 12 240 M M 9 18 220
24 63 53 58 -1 7 0 0.00 M M 5.5 15 250 M M 6 20 240
25 64 52 58 -2 7 0 T M M 5.8 16 260 M M 5 25 250
26 62 53 58 -2 7 0 T M M 7.5 18 230 M M 4 25 230
27 63 53 58 -2 7 0 0.00 M M 4.4 16 220 M M 4 21 240
================================================================================
SM 1808 1425 146 14 T M 134.8 M 97
================================================================================
AV 67.0 52.8 5.0 FASTST M M 4 MAX(MPH)
MISC ----> 20 260 29 260
================================================================================
NOTES:
# LAST OF SEVERAL OCCURRENCES
COLUMN 17 PEAK WIND IN M.P.H.
PRELIMINARY LOCAL CLIMATOLOGICAL DATA (WS FORM: F-6) , PAGE 2
STATION: SANTA MONICA AIRPORT CA
MONTH: APRIL
YEAR: 2021
LATITUDE: 34 0 N
LONGITUDE: 118 27 W
[TEMPERATURE DATA] [PRECIPITATION DATA] SYMBOLS USED IN COLUMN 16
AVERAGE MONTHLY: 59.9 TOTAL FOR MONTH: T 1 = FOG OR MIST
DPTR FM NORMAL: 1.2 DPTR FM NORMAL: -0.68 2 = FOG REDUCING VISIBILITY
HIGHEST: 91 ON 18 GRTST 24HR T ON 25-25 TO 1/4 MILE OR LESS
LOWEST: 47 ON 15 3 = THUNDER
SNOW, ICE PELLETS, HAIL 4 = ICE PELLETS
TOTAL MONTH: M 5 = HAIL
GRTST 24HR M ON M 6 = FREEZING RAIN OR DRIZZLE
GRTST DEPTH: M ON M 7 = DUSTSTORM OR SANDSTORM:
VSBY 1/2 MILE OR LESS
8 = SMOKE OR HAZE
[NO. OF DAYS WITH] [WEATHER - DAYS WITH] 9 = BLOWING SNOW
X = TORNADO
MAX 32 OR BELOW: 0 0.01 INCH OR MORE: 0
MAX 90 OR ABOVE: 1 0.10 INCH OR MORE: 0
MIN 32 OR BELOW: 0 0.50 INCH OR MORE: 0
MIN 0 OR BELOW: 0 1.00 INCH OR MORE: 0
[HDD (BASE 65) ]
TOTAL THIS MO. 146 CLEAR (SCALE 0-3) 12
DPTR FM NORMAL -27 PTCLDY (SCALE 4-7) 11
TOTAL FM JUL 1 1245 CLOUDY (SCALE 8-10) 4
DPTR FM NORMAL -150
[CDD (BASE 65) ]
TOTAL THIS MO. 14
DPTR FM NORMAL 14 [PRESSURE DATA]
TOTAL FM JAN 1 34 HIGHEST SLP M ON M
DPTR FM NORMAL 14 LOWEST SLP 29.79 ON 12
[REMARKS]