310
CXUS56 KLOX 020714
CF6SMO
PRELIMINARY LOCAL CLIMATOLOGICAL DATA (WS FORM: F-6)
STATION: SANTA MONICA AIRPORT CA
MONTH: FEBRUARY
YEAR: 2020
LATITUDE: 34 0 N
LONGITUDE: 118 27 W
TEMPERATURE IN F: :PCPN: SNOW: WIND :SUNSHINE: SKY :PK WND
================================================================================
1 2 3 4 5 6A 6B 7 8 9 10 11 12 13 14 15 16 17 18
12Z AVG MX 2MIN
DY MAX MIN AVG DEP HDD CDD WTR SNW DPTH SPD SPD DIR MIN PSBL S-S WX SPD DR
================================================================================
1 78 53 66 10 0 1 0.00 0.0 0 4.4 9 240 M M 0 12 240
2 66 51 59 3 6 0 0.00 0.0 0 4.6 17 20 M M 3 26 10
3 60 47 54 -2 11 0 0.00 0.0 0 11.5 26 350 M M 1 47 360
4 56 44 50 -6 15 0 0.00 0.0 0 7.5 17 220 M M 0 24 20
5 59 44 52 -4 13 0 0.00 0.0 0 4.3 12 220 M M 0 16 240
6 61 42 52 -4 13 0 0.00 0.0 0 4.4 10 240 M M 0 14 220
7 61 44 53 -3 12 0 0.00 0.0 0 2.6 10 230 M M 0 14 260
8 61 46 54 -2 11 0 0.00 0.0 0 3.3 12 230 M M 4 128 14 210
9 60 52 56 0 9 0 0.12 0.0 0 5.4 14 110 M M 9 1 19 130
10 74 56 65 9 0 0 0.00 0.0 0 8.4 18 30 M M 2 28 30
11 69 49 59 3 6 0 0.00 0.0 0 6.5 17 220 M M 0 25 220
12 63 46 55 -1 10 0 0.00 0.0 0 4.0 10 220 M M 0 14 220
13 63 46 55 -1 10 0 0.00 0.0 0 3.4 10 240 M M 1 14 270
14 63 46 55 -2 10 0 0.00 0.0 0 4.0 12 240 M M 0 14 250
15 62 45 54 -3 11 0 0.00 0.0 0 3.3 10 230 M M 0 13 210
16 64 49 57 0 8 0 0.00 0.0 0 3.6 13 240 M M 2 18 16 220
17 63 47 55 -2 10 0 0.00 0.0 0 3.5 10 230 M M 0 18 14 210
18 64 50 57 0 8 0 0.00 0.0 0 4.1 12 240 M M 5 128 16 270
19 63 54 59 2 6 0 0.00 0.0 0 3.4 12 230 M M 5 18 15 240
20 75 49 62 5 3 0 0.00 0.0 0 3.8 12 270 M M 0 18 16 250
21 74 54 64 7 1 0 T 0.0 0 4.8 13 210 M M 4 8 15 200
22 63 54 59 2 6 0 T 0.0 0 5.4 14 210 M M 7 3 18 250
23 62 49 56 -1 9 0 0.00 0.0 0 3.2 12 210 M M 2 17 210
24 63 48 56 -1 9 0 0.00 0.0 0 3.3 14 240 M M 0 1 19 240
25 74 48 61 4 4 0 0.00 0.0 0 3.9 10 260 M M 0 14 200
26 75 50 63 6 2 0 0.00 0.0 0 4.1 12 240 M M 0 8 16 270
27 81 54 68 11 0 3 0.00 0.0 0 4.1 10 20 M M 0 17 30
28 86 59 73 15 0 8 0.00 0.0 0 4.5 13 200 M M 0 17 220
29 68 55 62 4 3 0 0.00 0.0 0 4.5 14 220 M M 1 16 210
================================================================================
SM 1931 1431 206 12 0.12 0.0 133.8 M 46
================================================================================
AV 66.6 49.3 4.6 FASTST M M 2 MAX(MPH)
MISC ----> # 26 350 # 47 360
================================================================================
NOTES:
# LAST OF SEVERAL OCCURRENCES
COLUMN 17 PEAK WIND IN M.P.H.
PRELIMINARY LOCAL CLIMATOLOGICAL DATA (WS FORM: F-6) , PAGE 2
STATION: SANTA MONICA AIRPORT CA
MONTH: FEBRUARY
YEAR: 2020
LATITUDE: 34 0 N
LONGITUDE: 118 27 W
[TEMPERATURE DATA] [PRECIPITATION DATA] SYMBOLS USED IN COLUMN 16
AVERAGE MONTHLY: 58.0 TOTAL FOR MONTH: 0.12 1 = FOG OR MIST
DPTR FM NORMAL: 1.2 DPTR FM NORMAL: -3.16 2 = FOG REDUCING VISIBILITY
HIGHEST: 86 ON 28 GRTST 24HR 0.12 ON 9- 9 TO 1/4 MILE OR LESS
LOWEST: 42 ON 6 3 = THUNDER
SNOW, ICE PELLETS, HAIL 4 = ICE PELLETS
TOTAL MONTH: 0.0 INCH 5 = HAIL
GRTST 24HR 0.0 6 = FREEZING RAIN OR DRIZZLE
GRTST DEPTH: 0 7 = DUSTSTORM OR SANDSTORM:
VSBY 1/2 MILE OR LESS
8 = SMOKE OR HAZE
[NO. OF DAYS WITH] [WEATHER - DAYS WITH] 9 = BLOWING SNOW
X = TORNADO
MAX 32 OR BELOW: 0 0.01 INCH OR MORE: 1
MAX 90 OR ABOVE: 0 0.10 INCH OR MORE: 1
MIN 32 OR BELOW: 0 0.50 INCH OR MORE: 0
MIN 0 OR BELOW: 0 1.00 INCH OR MORE: 0
[HDD (BASE 65) ]
TOTAL THIS MO. 206 CLEAR (SCALE 0-3) 23
DPTR FM NORMAL -30 PTCLDY (SCALE 4-7) 5
TOTAL FM JUL 1 877 CLOUDY (SCALE 8-10) 1
DPTR FM NORMAL -139
[CDD (BASE 65) ]
TOTAL THIS MO. 12
DPTR FM NORMAL 7 [PRESSURE DATA]
TOTAL FM JAN 1 13 HIGHEST SLP 30.32 ON 26
DPTR FM NORMAL -1 LOWEST SLP 29.76 ON 9
[REMARKS]
#FINAL-02-20#