000
CXUS56 KSGX 011245
CF6SNA
PRELIMINARY LOCAL CLIMATOLOGICAL DATA (WS FORM: F-6)
STATION: JOHN WAYNE AIRPORT CA
MONTH: APRIL
YEAR: 2020
LATITUDE: 33 40 N
LONGITUDE: 117 53 W
TEMPERATURE IN F: :PCPN: SNOW: WIND :SUNSHINE: SKY :PK WND
================================================================================
1 2 3 4 5 6A 6B 7 8 9 10 11 12 13 14 15 16 17 18
12Z AVG MX 2MIN
DY MAX MIN AVG DEP HDD CDD WTR SNW DPTH SPD SPD DIR MIN PSBL S-S WX SPD DR
================================================================================
1 71 58 65 5 0 0 0.00 0.0 0 6.9 17 200 M M 3 8 20 190
2 70 60 65 5 0 0 0.00 0.0 0 8.2 18 180 M M 8 22 180
3 69 56 63 3 2 0 0.00 0.0 0 5.8 14 200 M M 2 20 210
4 69 57 63 3 2 0 0.00 0.0 0 8.0 16 210 M M 5 22 210
5 66 58 62 2 3 0 0.17 0.0 0 8.3 17 200 M M 8 1 22 190
6 63 58 61 1 4 0 0.76 0.0 0 8.3 23 170 M M 9 29 170
7 65 54 60 0 5 0 0.54 0.0 0 3.5 25 170 M M 9 1 33 140
8 65 54 60 -1 5 0 0.14 0.0 0 6.7 16 200 M M 6 22 180
9 59 55 57 -4 8 0 0.76 0.0 0 6.9 13 110 M M 10 1 17 110
10 66 54 60 -1 5 0 0.35 0.0 0 4.5 12 190 M M 8 14 20
11 68 53 61 0 4 0 0.00 0.0 0 5.6 15 180 M M 4 18 180
12 64 59 62 1 3 0 0.01 0.0 0 6.9 14 210 M M 10 18 17 200
13 67 58 63 2 2 0 0.00 0.0 0 4.3 13 210 M M 8 16 220
14 76 57 67 6 0 2 0.00 0.0 0 3.8 13 220 M M 4 17 220
15 81 56 69 8 0 4 0.00 0.0 0 4.9 14 200 M M 0 17 200
16 72 58 65 4 0 0 0.00 0.0 0 6.3 18 200 M M 2 23 220
17 70 59 65 3 0 0 0.00 0.0 0 7.5 16 190 M M 7 23 230
18 70 62 66 4 0 1 0.00 0.0 0 5.2 13 220 M M 8 19 210
19 70 61 66 4 0 1 0.00 0.0 0 5.1 13 230 M M 7 19 240
20 71 62 67 5 0 2 0.00 0.0 0 4.7 13 210 M M 6 8 17 210
21 72 61 67 5 0 2 0.00 0.0 0 5.4 15 190 M M 4 20 200
22 82 59 71 9 0 6 0.00 0.0 0 5.0 13 190 M M 1 16 210
23 88 63 76 14 0 11 0.00 0.0 0 5.8 15 190 M M 1 18 190
24 95 65 80 18 0 15 0.00 0.0 0 4.8 14 210 M M 1 8 15 210
25 85 64 75 13 0 10 0.00 0.0 0 4.6 12 200 M M 1 18 15 230
26 82 62 72 9 0 7 0.00 0.0 0 5.4 15 200 M M 7 128 19 190
27 75 63 69 6 0 4 0.00 0.0 0 5.1 16 210 M M 3 8 20 210
28 78 65 72 9 0 7 0.00 0.0 0 5.9 16 210 M M 2 8 20 220
29 75 65 70 7 0 5 0.00 0.0 0 5.4 15 210 M M 9 8 21 200
30 75 65 70 7 0 5 0.00 0.0 0 5.0 15 200 M M 6 8 18 200
================================================================================
SM 2179 1781 43 82 2.73 0.0 173.8 M 159
================================================================================
AV 72.6 59.4 5.8 FASTST M M 5 MAX(MPH)
MISC ----> # 25 170 # 33 140
================================================================================
NOTES:
# LAST OF SEVERAL OCCURRENCES
COLUMN 17 PEAK WIND IN M.P.H.
PRELIMINARY LOCAL CLIMATOLOGICAL DATA (WS FORM: F-6) , PAGE 2
STATION: JOHN WAYNE AIRPORT CA
MONTH: APRIL
YEAR: 2020
LATITUDE: 33 40 N
LONGITUDE: 117 53 W
[TEMPERATURE DATA] [PRECIPITATION DATA] SYMBOLS USED IN COLUMN 16
AVERAGE MONTHLY: 66.0 TOTAL FOR MONTH: 2.73 1 = FOG OR MIST
DPTR FM NORMAL: 4.6 DPTR FM NORMAL: 1.84 2 = FOG REDUCING VISIBILITY
HIGHEST: 95 ON 24 GRTST 24HR 0.76 ON 9- 9 TO 1/4 MILE OR LESS
LOWEST: 53 ON 11 3 = THUNDER
SNOW, ICE PELLETS, HAIL 4 = ICE PELLETS
TOTAL MONTH: 0.0 INCH 5 = HAIL
GRTST 24HR 0.0 6 = FREEZING RAIN OR DRIZZLE
GRTST DEPTH: 0 7 = DUSTSTORM OR SANDSTORM:
VSBY 1/2 MILE OR LESS
8 = SMOKE OR HAZE
[NO. OF DAYS WITH] [WEATHER - DAYS WITH] 9 = BLOWING SNOW
X = TORNADO
MAX 32 OR BELOW: 0 0.01 INCH OR MORE: 7
MAX 90 OR ABOVE: 1 0.10 INCH OR MORE: 6
MIN 32 OR BELOW: 0 0.50 INCH OR MORE: 3
MIN 0 OR BELOW: 0 1.00 INCH OR MORE: 0
[HDD (BASE 65) ]
TOTAL THIS MO. 43 CLEAR (SCALE 0-3) 8
DPTR FM NORMAL -77 PTCLDY (SCALE 4-7) 16
TOTAL FM JUL 1 659 CLOUDY (SCALE 8-10) 6
DPTR FM NORMAL -548
[CDD (BASE 65) ]
TOTAL THIS MO. 82
DPTR FM NORMAL 68 [PRESSURE DATA]
TOTAL FM JAN 1 125 HIGHEST SLP 30.16 ON 14
DPTR FM NORMAL 96 LOWEST SLP 29.83 ON 24
[REMARKS]
#FINAL-04-20#