000
CXUS54 KMAF 011110
CF6SNK
PRELIMINARY LOCAL CLIMATOLOGICAL DATA (WS FORM: F-6)
STATION: SNYDER WINSTON FIELD
MONTH: JULY
YEAR: 2022
LATITUDE: 32 41 N
LONGITUDE: 100 57 W
TEMPERATURE IN F: :PCPN: SNOW: WIND :SUNSHINE: SKY :PK WND
================================================================================
1 2 3 4 5 6A 6B 7 8 9 10 11 12 13 14 15 16 17 18
12Z AVG MX 2MIN
DY MAX MIN AVG DEP HDD CDD WTR SNW DPTH SPD SPD DIR MIN PSBL S-S WX SPD DR
================================================================================
1 98 74 86 M 0 21 M M M 9.2 14 100 M M 1 25 190
2 100 76 88 M 0 23 M M M 8.1 14 160 M M 1 18 120
3 96 74 85 M 0 20 0.01 M M 10.8 24 170 M M 3 31 170
4 98 73 86 M 0 21 0.04 M M 11.3 17 150 M M 2 23 180
5 100 76 88 M 0 23 M M M 10.7 17 160 M M 1 24 170
6 101 79 90 M 0 25 M M M 9.6 15 190 M M 2 23 190
7 101 76 89 M 0 24 M M M 9.4 15 150 M M 0 20 200
8 103 78 91 M 0 26 0.12 M M 8.4 20 30 M M 1 37 140
9 98 74 86 M 0 21 0.01 M M 8.1 16 360 M M 1 21 60
10 101 75 88 M 0 23 M M M 4.7 10 60 M M 0 17 60
11 103 72 88 M 0 23 M M M 7.2 21 80 M M 0 24 80
12 98 78 88 M 0 23 M M M 10.1 18 60 M M 0 26 50
13 100 74 87 M 0 22 M M M 5.6 14 270 M M 1 8 21 270
14 98 75 87 M 0 22 M M M 8.7 17 160 M M 0 31 230
15 97 69 83 M 0 18 M M M 6.2 14 140 M M 0 21 60
16 98 72 85 M 0 20 M M M 7.8 12 150 M M 0 22 90
17 100 75 88 M 0 23 M M M 6.5 10 210 M M 0 16 210
18 103 76 90 M 0 25 M M M 6.2 12 240 M M 0 17 230
19 106 77 92 M 0 27 M M M 9.3 17 190 M M 0 24 210
20 102 79 91 M 0 26 M M M 7.2 12 130 M M 0 16 140
21 91 77 84 M 0 19 M M M 8.7 15 110 M M 3 22 110
22 98 77 88 M 0 23 M M M 9.1 15 200 M M 1 25 150
23 98 79 89 M 0 24 M M M 11.1 15 160 M M 2 20 170
24 98 75 87 M 0 22 M M M 9.1 15 150 M M 1 21 190
25 100 76 88 M 0 23 M M M 11.6 18 140 M M 0 23 190
26 101 76 89 M 0 24 M M M 11.3 20 180 M M 1 24 180
27 101 76 89 M 0 24 M M M 8.8 15 140 M M 0 21 120
28 98 76 87 M 0 22 M M M 8.4 13 150 M M 1 18 340
29 97 76 87 M 0 22 M M M 9.8 21 80 M M 2 25 80
30 99 77 88 M 0 23 M M M 6.1 13 180 M M 2 20 200
31 100 78 89 M 0 24 M M M 10.3 16 200 M M 0 36 210
================================================================================
SM 3082 2345 0 706 0.18 M 269.2 M 26
================================================================================
AV 99.4 75.6 8.7 FASTST M M 1 MAX(MPH)
MISC ----> 24 170 37 140
================================================================================
NOTES:
# LAST OF SEVERAL OCCURRENCES
COLUMN 17 PEAK WIND IN M.P.H.
PRELIMINARY LOCAL CLIMATOLOGICAL DATA (WS FORM: F-6) , PAGE 2
STATION: SNYDER WINSTON FIELD
MONTH: JULY
YEAR: 2022
LATITUDE: 32 41 N
LONGITUDE: 100 57 W
[TEMPERATURE DATA] [PRECIPITATION DATA] SYMBOLS USED IN COLUMN 16
AVERAGE MONTHLY: 87.5 TOTAL FOR MONTH: 0.18 1 = FOG OR MIST
DPTR FM NORMAL: 0.0 DPTR FM NORMAL: M 2 = FOG REDUCING VISIBILITY
HIGHEST: 106 ON 19 GRTST 24HR 0.12 ON 8- 8 TO 1/4 MILE OR LESS
LOWEST: 69 ON 15 3 = THUNDER
SNOW, ICE PELLETS, HAIL 4 = ICE PELLETS
TOTAL MONTH: M 5 = HAIL
GRTST 24HR M ON M 6 = FREEZING RAIN OR DRIZZLE
GRTST DEPTH: M ON M 7 = DUSTSTORM OR SANDSTORM:
VSBY 1/2 MILE OR LESS
8 = SMOKE OR HAZE
[NO. OF DAYS WITH] [WEATHER - DAYS WITH] 9 = BLOWING SNOW
X = TORNADO
MAX 32 OR BELOW: 0 0.01 INCH OR MORE: 4
MAX 90 OR ABOVE: 31 0.10 INCH OR MORE: 1
MIN 32 OR BELOW: 0 0.50 INCH OR MORE: 0
MIN 0 OR BELOW: 0 1.00 INCH OR MORE: 0
[HDD (BASE 65) ]
TOTAL THIS MO. 0 CLEAR (SCALE 0-3) 31
DPTR FM NORMAL M PTCLDY (SCALE 4-7) 0
TOTAL FM JUL 1 0 CLOUDY (SCALE 8-10) 0
DPTR FM NORMAL M
[CDD (BASE 65) ]
TOTAL THIS MO. 706
DPTR FM NORMAL M [PRESSURE DATA]
TOTAL FM JAN 1 1875 HIGHEST SLP M ON M
DPTR FM NORMAL M LOWEST SLP M ON M
[REMARKS]
#FINAL-07-22#