000
CXUS54 KMAF 011210
CF6SNK
PRELIMINARY LOCAL CLIMATOLOGICAL DATA (WS FORM: F-6)
STATION: SNYDER WINSTON FIELD
MONTH: FEBRUARY
YEAR: 2020
LATITUDE: 32 41 N
LONGITUDE: 100 57 W
TEMPERATURE IN F: :PCPN: SNOW: WIND :SUNSHINE: SKY :PK WND
================================================================================
1 2 3 4 5 6A 6B 7 8 9 10 11 12 13 14 15 16 17 18
12Z AVG MX 2MIN
DY MAX MIN AVG DEP HDD CDD WTR SNW DPTH SPD SPD DIR MIN PSBL S-S WX SPD DR
================================================================================
1 68 30 49 M 16 0 M M M 8.4 15 230 M M 0 18 230
2 74 36 55 M 10 0 M M M 10.8 21 210 M M 0 25 210
3 73 46 60 M 5 0 M M M 10.8 20 220 M M 2 28 220
4 58 26 42 M 23 0 0.28 M M 14.0 21 360 M M 9 1 26 30
5 26 13 20 M 45 0 0.07 M M 9.1 20 360 M M 8 12 28 360
6 37 8 23 M 42 0 M M M 7.1 12 250 M M 0 M M
7 45 26 36 M 29 0 M M M 7.0 12 360 M M 0 M M
8 61 31 46 M 19 0 M M M 8.6 14 150 M M 0 M M
9 71 47 59 M 6 0 M M M 12.9 21 40 M M 2 26 210
10 46 32 39 M 26 0 0.41 M M 10.7 20 30 M M 7 1 25 40
11 33 32 33 M 32 0 M M M 13.6 21 30 M M 10 1 24 30
12 54 32 43 M 22 0 0.07 M M 9.0 21 240 M M 5 1 29 280
13 37 29 33 M 32 0 M M M 8.8 14 40 M M 4 21 30
14 51 25 38 M 27 0 M M M 8.4 13 160 M M 3 17 160
15 69 35 52 M 13 0 M M M 8.5 15 220 M M 0 21 220
16 76 39 58 M 7 0 M M M 8.1 15 230 M M 0 22 240
17 74 42 58 M 7 0 M M M 9.0 17 40 M M 0 23 150
18 52 41 47 M 18 0 M M M 14.0 23 30 M M 2 31 30
19 43 32 38 M 27 0 0.18 M M 6.9 12 30 M M 6 16 30
20 41 31 36 M 29 0 M M M 14.0 23 30 M M 7 30 10
21 48 25 37 M 28 0 M M M 5.4 12 150 M M 0 M M
22 62 38 50 M 15 0 M M M 10.0 15 190 M M 0 22 190
23 58 46 52 M 13 0 0.03 M M 9.9 18 270 M M 3 16 210
24 68 41 55 M 10 0 M M M 10.7 22 310 M M 0 28 300
25 52 32 42 M 23 0 M M M 17.7 32 360 M M 3 43 340
26 46 26 36 M 29 0 M M M 11.9 21 340 M M 1 29 340
27 65 23 44 M 21 0 M M M 9.4 18 230 M M 0 24 230
28 67 33 50 M 15 0 M M M 6.0 10 90 M M 0 M M
29 74 44 59 M 6 0 M M M 11.8 23 180 M M 0 29 180
================================================================================
SM 1629 941 595 0 1.04 M 292.6 M 72
================================================================================
AV 56.2 32.4 10.1 FASTST M M 2 MAX(MPH)
MISC ----> 32 360 43 340
================================================================================
NOTES:
# LAST OF SEVERAL OCCURRENCES
COLUMN 17 PEAK WIND IN M.P.H.
PRELIMINARY LOCAL CLIMATOLOGICAL DATA (WS FORM: F-6) , PAGE 2
STATION: SNYDER WINSTON FIELD
MONTH: FEBRUARY
YEAR: 2020
LATITUDE: 32 41 N
LONGITUDE: 100 57 W
[TEMPERATURE DATA] [PRECIPITATION DATA] SYMBOLS USED IN COLUMN 16
AVERAGE MONTHLY: 44.3 TOTAL FOR MONTH: 1.04 1 = FOG OR MIST
DPTR FM NORMAL: 0.0 DPTR FM NORMAL: M 2 = FOG REDUCING VISIBILITY
HIGHEST: 76 ON 16 GRTST 24HR 0.41 ON 10-10 TO 1/4 MILE OR LESS
LOWEST: 8 ON 6 3 = THUNDER
SNOW, ICE PELLETS, HAIL 4 = ICE PELLETS
TOTAL MONTH: M 5 = HAIL
GRTST 24HR M ON M 6 = FREEZING RAIN OR DRIZZLE
GRTST DEPTH: M ON M 7 = DUSTSTORM OR SANDSTORM:
VSBY 1/2 MILE OR LESS
8 = SMOKE OR HAZE
[NO. OF DAYS WITH] [WEATHER - DAYS WITH] 9 = BLOWING SNOW
X = TORNADO
MAX 32 OR BELOW: 1 0.01 INCH OR MORE: 6
MAX 90 OR ABOVE: 0 0.10 INCH OR MORE: 3
MIN 32 OR BELOW: 17 0.50 INCH OR MORE: 0
MIN 0 OR BELOW: 0 1.00 INCH OR MORE: 0
[HDD (BASE 65) ]
TOTAL THIS MO. 595 CLEAR (SCALE 0-3) 19
DPTR FM NORMAL M PTCLDY (SCALE 4-7) 7
TOTAL FM JUL 1 2355 CLOUDY (SCALE 8-10) 3
DPTR FM NORMAL M
[CDD (BASE 65) ]
TOTAL THIS MO. 0
DPTR FM NORMAL M [PRESSURE DATA]
TOTAL FM JAN 1 0 HIGHEST SLP M ON M
DPTR FM NORMAL M LOWEST SLP M ON M
[REMARKS]
#FINAL-02-20#