000
CXAK56 PAFC 011438
CF6SNP
PRELIMINARY LOCAL CLIMATOLOGICAL DATA (WS FORM: F-6)
STATION: SAINT PAUL ISLAND
MONTH: MAY
YEAR: 2023
LATITUDE: 57 9 N
LONGITUDE: 170 13 W
TEMPERATURE IN F: :PCPN: SNOW: WIND :SUNSHINE: SKY :PK WND
================================================================================
1 2 3 4 5 6A 6B 7 8 9 10 11 12 13 14 15 16 17 18
12Z AVG MX 2MIN
DY MAX MIN AVG DEP HDD CDD WTR SNW DPTH SPD SPD DIR MIN PSBL S-S WX SPD DR
================================================================================
1 33 30 32 -2 33 0 0.02 M M 25.4 37 340 M M 10 1 46 350
2 36 26 31 -3 34 0 0.06 M M 7.9 23 290 M M 9 1 29 270
3 34 30 32 -2 33 0 T M M 10.0 16 340 M M 10 18 330
4 35 29 32 -2 33 0 0.00 M M 6.0 14 320 M M 10 16 320
5 36 24 30 -5 35 0 0.00 M M 7.8 15 360 M M 7 19 350
6 39 20 30 -5 35 0 0.00 M M 11.9 25 120 M M 1 30 110
7 36 33 35 0 30 0 0.25 M M 29.6 38 80 M M 10 18 48 80
8 39 33 36 1 29 0 0.12 M M 23.3 31 80 M M 10 1 37 70
9 35 32 34 -1 31 0 T M M 23.0 30 360 M M 10 1 36 10
10 40 32 36 0 29 0 T M M 25.2 33 350 M M 8 1 40 350
11 40 29 35 -1 30 0 0.00 M M 22.8 35 340 M M 4 1 41 340
12 36 29 33 -3 32 0 0.00 M M 8.5 22 150 M M 10 12 27 150
13 42 36 39 3 26 0 0.10 M M 22.2 35 160 M M 9 18 42 160
14 44 34 39 3 26 0 T M M 10.3 18 230 M M 9 1 22 230
15 41 31 36 0 29 0 0.00 M M 14.6 22 340 M M 7 27 350
16 33 30 32 -5 33 0 0.01 M M 19.2 26 330 M M 10 1 31 340
17 32 29 31 -6 34 0 0.00 M M 14.6 22 330 M M 10 27 330
18 35 28 32 -5 33 0 T M M 10.6 17 360 M M 10 8 21 360
19 38 27 33 -4 32 0 T M M 20.7 31 340 M M 10 1 36 340
20 46 33 40 3 25 0 0.02 M M 13.7 21 80 M M 6 1 24 90
21 47 31 39 1 26 0 T M M 14.3 23 50 M M 6 8 27 50
22 44 35 40 2 25 0 0.01 M M 9.5 15 360 M M 10 1 19 10
23 43 35 39 1 26 0 T M M 8.4 14 340 M M 10 1 17 340
24 39 34 37 -1 28 0 0.00 M M 8.9 14 280 M M 10 1 17 310
25 41 37 39 1 26 0 0.10 M M 16.3 28 110 M M 10 12 35 110
26 44 37 41 3 24 0 0.02 M M 15.5 24 300 M M 10 1 31 290
27 42 36 39 0 26 0 0.03 M M 20.2 26 290 M M 10 1 33 290
28 43 36 40 1 25 0 0.03 M M 16.1 25 300 M M 10 1 34 290
29 43 37 40 1 25 0 0.00 M M 18.5 26 260 M M 10 1 32 260
30 44 33 39 0 26 0 0.01 M M 18.8 28 330 M M 3 32 330
31 52 34 43 3 22 0 0.00 M M 16.9 28 300 M M 0 34 310
================================================================================
SM 1232 980 901 0 0.78 M 490.7 M 259
================================================================================
AV 39.7 31.6 15.8 FASTST M M 8 MAX(MPH)
MISC ----> 38 80 48 80
================================================================================
NOTES:
# LAST OF SEVERAL OCCURRENCES
COLUMN 17 PEAK WIND IN M.P.H.
PRELIMINARY LOCAL CLIMATOLOGICAL DATA (WS FORM: F-6) , PAGE 2
STATION: SAINT PAUL ISLAND
MONTH: MAY
YEAR: 2023
LATITUDE: 57 9 N
LONGITUDE: 170 13 W
[TEMPERATURE DATA] [PRECIPITATION DATA] SYMBOLS USED IN COLUMN 16
AVERAGE MONTHLY: 35.7 TOTAL FOR MONTH: 0.78 1 = FOG OR MIST
DPTR FM NORMAL: -0.9 DPTR FM NORMAL: -0.24 2 = FOG REDUCING VISIBILITY
HIGHEST: 52 ON 31 GRTST 24HR 0.36 ON 7- 8 TO 1/4 MILE OR LESS
LOWEST: 20 ON 6 3 = THUNDER
SNOW, ICE PELLETS, HAIL 4 = ICE PELLETS
TOTAL MONTH: M 5 = HAIL
GRTST 24HR M ON M 6 = FREEZING RAIN OR DRIZZLE
GRTST DEPTH: M ON M 7 = DUSTSTORM OR SANDSTORM:
VSBY 1/2 MILE OR LESS
8 = SMOKE OR HAZE
[NO. OF DAYS WITH] [WEATHER - DAYS WITH] 9 = BLOWING SNOW
X = TORNADO
MAX 32 OR BELOW: 1 0.01 INCH OR MORE: 13
MAX 90 OR ABOVE: 0 0.10 INCH OR MORE: 4
MIN 32 OR BELOW: 16 0.50 INCH OR MORE: 0
MIN 0 OR BELOW: 0 1.00 INCH OR MORE: 0
[HDD (BASE 65) ]
TOTAL THIS MO. 901 CLEAR (SCALE 0-3) 2
DPTR FM NORMAL 21 PTCLDY (SCALE 4-7) 6
TOTAL FM JUL 1 9498 CLOUDY (SCALE 8-10) 23
DPTR FM NORMAL -431
[CDD (BASE 65) ]
TOTAL THIS MO. 0
DPTR FM NORMAL 0 [PRESSURE DATA]
TOTAL FM JAN 1 0 HIGHEST SLP 30.31 ON 31
DPTR FM NORMAL 0 LOWEST SLP 29.07 ON 26
[REMARKS]
#FINAL-05-23#