000
CXAK56 PAFC 301325
CF6SNP
PRELIMINARY LOCAL CLIMATOLOGICAL DATA (WS FORM: F-6)
STATION: SAINT PAUL ISLAND
MONTH: NOVEMBER
YEAR: 2020
LATITUDE: 57 9 N
LONGITUDE: 170 13 W
TEMPERATURE IN F: :PCPN: SNOW: WIND :SUNSHINE: SKY :PK WND
================================================================================
1 2 3 4 5 6A 6B 7 8 9 10 11 12 13 14 15 16 17 18
12Z AVG MX 2MIN
DY MAX MIN AVG DEP HDD CDD WTR SNW DPTH SPD SPD DIR MIN PSBL S-S WX SPD DR
================================================================================
1 39 26 33 -3 32 0 T M M 12.1 21 80 M M 6 28 80
2 38 22 30 -5 35 0 0.04 M M 9.7 16 40 M M 5 1 30 340
3 43 30 37 2 28 0 0.01 M M 13.3 29 300 M M 9 44 300
4 44 32 38 3 27 0 0.07 M M M M M M M M M M
5 46 41 44 9 21 0 0.12 M M 32.9 41 190 M M 8 18 58 200
6 46 42 44 9 21 0 T M M 21.0 28 220 M M 6 18 39 220
7 42 37 40 6 25 0 T M M 6.5 14 190 M M 10 M M
8 45 33 39 5 26 0 0.01 M M 19.3 31 190 M M 6 41 190
9 46 36 41 7 24 0 0.22 M M M M M M M M M M
10 45 39 42 8 23 0 0.87 M M M M M M M M M M
11 40 33 37 3 28 0 0.04 M M M M M M M M M M
12 38 33 36 2 29 0 0.11 M M M M M M M M M M
13 38 33 36 3 29 0 0.06 M M M M M M M M M M
14 37 32 35 2 30 0 0.01 M M M M M M M M M M
15 36 33 35 2 30 0 T M M 12.0 20 330 M M 9 30 340
16 43 35 39 6 26 0 0.05 M M 28.6 36 140 M M 9 1 50 130
17 43 40 42 9 23 0 0.01 M M 21.6 28 260 M M 10 1 43 170
18 43 34 39 7 26 0 0.02 M M 15.5 31 170 M M 6 1 47 180
19 38 33 36 4 29 0 0.30 M M 24.0 37 30 M M M 56 30
20 38 34 36 4 29 0 0.57 M M 25.9 47 290 M M M 62 280
21 38 29 34 2 31 0 T M M M 37 270 M M M 55 280
22 35 25 30 -2 35 0 T M M 24.5 37 270 M M M 55 280
23 44 32 38 6 27 0 0.22 M M 31.1 39 190 M M 9 18 52 210
24 44 31 38 6 27 0 0.21 M M 27.0 45 180 M M 7 1 64 180
25 36 28 32 0 33 0 0.09 M M 20.6 28 260 M M 4 1 44 280
26 36 28 32 1 33 0 0.14 M 0 11.7 17 270 M M 9 1 45 260
27 37 29 33 2 32 0 T M M 18.1 29 60 M M 5 37 70
28 35 28 32 1 33 0 0.02 M 0 15.2 21 330 M M 4 32 310
29 33 25 29 -2 36 0 0.03 M M 18.4 21 40 M M 5 31 60
================================================================================
SM 1166 933 828 0 3.22 M 409.0 M 127
================================================================================
AV 40.2 32.2 19.5 FASTST M M 7 MAX(MPH)
MISC ----> # 47 290 # 64 180
================================================================================
NOTES:
# LAST OF SEVERAL OCCURRENCES
COLUMN 17 PEAK WIND IN M.P.H.
PRELIMINARY LOCAL CLIMATOLOGICAL DATA (WS FORM: F-6) , PAGE 2
STATION: SAINT PAUL ISLAND
MONTH: NOVEMBER
YEAR: 2020
LATITUDE: 57 9 N
LONGITUDE: 170 13 W
[TEMPERATURE DATA] [PRECIPITATION DATA] SYMBOLS USED IN COLUMN 16
AVERAGE MONTHLY: 36.2 TOTAL FOR MONTH: 3.22 1 = FOG OR MIST
DPTR FM NORMAL: 3.1 DPTR FM NORMAL: 0.42 2 = FOG REDUCING VISIBILITY
HIGHEST: 46 ON 9, 6 GRTST 24HR 0.87 ON 10-10 TO 1/4 MILE OR LESS
LOWEST: 22 ON 2 3 = THUNDER
SNOW, ICE PELLETS, HAIL 4 = ICE PELLETS
TOTAL MONTH: M 5 = HAIL
GRTST 24HR M ON M 6 = FREEZING RAIN OR DRIZZLE
GRTST DEPTH: 0 7 = DUSTSTORM OR SANDSTORM:
VSBY 1/2 MILE OR LESS
8 = SMOKE OR HAZE
[NO. OF DAYS WITH] [WEATHER - DAYS WITH] 9 = BLOWING SNOW
X = TORNADO
MAX 32 OR BELOW: 0 0.01 INCH OR MORE: 22
MAX 90 OR ABOVE: 0 0.10 INCH OR MORE: 9
MIN 32 OR BELOW: 14 0.50 INCH OR MORE: 2
MIN 0 OR BELOW: 0 1.00 INCH OR MORE: 0
[HDD (BASE 65) ]
TOTAL THIS MO. 828 CLEAR (SCALE 0-3) 0
DPTR FM NORMAL -98 PTCLDY (SCALE 4-7) 11
TOTAL FM JUL 1 2362 CLOUDY (SCALE 8-10) 7
DPTR FM NORMAL -1025
[CDD (BASE 65) ]
TOTAL THIS MO. 0
DPTR FM NORMAL 0 [PRESSURE DATA]
TOTAL FM JAN 1 0 HIGHEST SLP M ON M
DPTR FM NORMAL 0 LOWEST SLP M ON M
[REMARKS]