000
CXUS56 KMTR 010845
CF6SNS
PRELIMINARY LOCAL CLIMATOLOGICAL DATA (WS FORM: F-6)
STATION: SALINAS AIRPORT
MONTH: NOVEMBER
YEAR: 2020
LATITUDE: 36 40 N
LONGITUDE: 121 36 W
TEMPERATURE IN F: :PCPN: SNOW: WIND :SUNSHINE: SKY :PK WND
================================================================================
1 2 3 4 5 6A 6B 7 8 9 10 11 12 13 14 15 16 17 18
12Z AVG MX 2MIN
DY MAX MIN AVG DEP HDD CDD WTR SNW DPTH SPD SPD DIR MIN PSBL S-S WX SPD DR
================================================================================
1 93 52 73 14 0 8 0.00 M M 9.2 22 130 M M 2 12 25 130
2 84 50 67 9 0 2 0.00 M M 7.6 18 300 M M 2 18 24 310
3 74 48 61 3 4 0 0.00 M M 5.2 20 310 M M 4 128 25 300
4 77 43 60 2 5 0 0.00 M M 4.6 16 290 M M 0 19 290
5 87 50 69 11 0 4 0.00 M M 7.4 16 290 M M 0 18 300
6 63 49 56 -2 9 0 0.05 M M 11.8 25 270 M M 4 1 33 300
7 61 47 54 -4 11 0 0.19 M M 7.5 20 290 M M 7 1 24 290
8 58 38 48 -9 17 0 T M M 14.7 31 290 M M 5 40 290
9 62 34 48 -9 17 0 0.00 M M 5.7 16 320 M M 0 20 300
10 65 34 50 -7 15 0 0.00 M M 3.8 14 320 M M 1 32 330
11 62 40 51 -6 14 0 0.00 M M 5.5 13 310 M M 1 16 300
12 69 44 57 1 8 0 0.00 M M 5.2 17 290 M M 2 21 310
13 61 39 50 -6 15 0 0.06 M M 5.4 15 310 M M 6 1 18 320
14 66 46 56 0 9 0 0.00 M M 3.8 16 270 M M 4 1 19 280
15 72 42 57 1 8 0 0.00 M M 4.0 14 290 M M 0 17 280
16 84 46 65 9 0 0 0.00 M M 10.8 29 130 M M 0 32 140
17 75 51 63 8 2 0 0.04 M M 7.7 22 160 M M 4 1 31 160
18 68 56 62 7 3 0 0.03 M M 8.2 18 140 M M 7 12 22 150
19 70 45 58 3 7 0 0.00 M M 4.7 14 300 M M 4 12 21 360
20 70 43 57 2 8 0 0.00 M M 3.6 12 30 M M 0 13 30
21 72 40 56 2 9 0 0.00 M M 4.8 13 130 M M 0 15 110
22 67 37 52 -2 13 0 0.00 M M 6.3 21 310 M M 1 23 310
23 63 44 54 0 11 0 0.00 M M 5.5 15 280 M M 3 19 290
24 69 40 55 1 10 0 0.00 M M 5.9 14 290 M M 2 1 20 230
25 63 41 52 -2 13 0 0.00 M M 6.1 16 290 M M 3 19 290
26 67 36 52 -1 13 0 0.00 M M 5.1 14 70 M M 0 22 340
27 71 39 55 2 10 0 0.00 M M 7.7 17 140 M M 0 20 140
28 71 38 55 2 10 0 0.00 M M 6.5 16 140 M M 0 19 140
29 74 36 55 2 10 0 0.00 M M 7.4 21 130 M M 0 24 140
30 72 34 53 0 12 0 0.00 M M 3.6 17 300 M M 0 21 310
================================================================================
SM 2110 1282 263 14 0.37 M 195.4 M 62
================================================================================
AV 70.3 42.7 6.5 FASTST M M 2 MAX(MPH)
MISC ----> 31 290 40 290
================================================================================
NOTES:
# LAST OF SEVERAL OCCURRENCES
COLUMN 17 PEAK WIND IN M.P.H.
PRELIMINARY LOCAL CLIMATOLOGICAL DATA (WS FORM: F-6) , PAGE 2
STATION: SALINAS AIRPORT
MONTH: NOVEMBER
YEAR: 2020
LATITUDE: 36 40 N
LONGITUDE: 121 36 W
[TEMPERATURE DATA] [PRECIPITATION DATA] SYMBOLS USED IN COLUMN 16
AVERAGE MONTHLY: 56.5 TOTAL FOR MONTH: 0.37 1 = FOG OR MIST
DPTR FM NORMAL: 0.8 DPTR FM NORMAL: -1.03 2 = FOG REDUCING VISIBILITY
HIGHEST: 93 ON 1 GRTST 24HR 0.24 ON 6- 7 TO 1/4 MILE OR LESS
LOWEST: 34 ON 30,10 3 = THUNDER
SNOW, ICE PELLETS, HAIL 4 = ICE PELLETS
TOTAL MONTH: M 5 = HAIL
GRTST 24HR M ON M 6 = FREEZING RAIN OR DRIZZLE
GRTST DEPTH: M ON M 7 = DUSTSTORM OR SANDSTORM:
VSBY 1/2 MILE OR LESS
8 = SMOKE OR HAZE
[NO. OF DAYS WITH] [WEATHER - DAYS WITH] 9 = BLOWING SNOW
X = TORNADO
MAX 32 OR BELOW: 0 0.01 INCH OR MORE: 5
MAX 90 OR ABOVE: 1 0.10 INCH OR MORE: 1
MIN 32 OR BELOW: 0 0.50 INCH OR MORE: 0
MIN 0 OR BELOW: 0 1.00 INCH OR MORE: 0
[HDD (BASE 65) ]
TOTAL THIS MO. 263 CLEAR (SCALE 0-3) 21
DPTR FM NORMAL -21 PTCLDY (SCALE 4-7) 9
TOTAL FM JUL 1 367 CLOUDY (SCALE 8-10) 0
DPTR FM NORMAL -250
[CDD (BASE 65) ]
TOTAL THIS MO. 14
DPTR FM NORMAL 11 [PRESSURE DATA]
TOTAL FM JAN 1 358 HIGHEST SLP M ON M
DPTR FM NORMAL 228 LOWEST SLP 29.68 ON 7
[REMARKS]
#FINAL-11-20#