000
CXUS55 KPUB 011210
CF6SPD
PRELIMINARY LOCAL CLIMATOLOGICAL DATA (WS FORM: F-6)
STATION: SPRINGFIELD CO
MONTH: APRIL
YEAR: 2020
LATITUDE: 37 16 N
LONGITUDE: 102 37 W
TEMPERATURE IN F: :PCPN: SNOW: WIND :SUNSHINE: SKY :PK WND
================================================================================
1 2 3 4 5 6A 6B 7 8 9 10 11 12 13 14 15 16 17 18
12Z AVG MX 2MIN
DY MAX MIN AVG DEP HDD CDD WTR SNW DPTH SPD SPD DIR MIN PSBL S-S WX SPD DR
================================================================================
1 80 37 59 12 6 0 0.00 0.0 M 8.5 21 170 M M 0 36 230
2 53 21 37 -11 28 0 0.00 0.0 M 17.9 26 10 M M 0 33 10
3 49 18 34 -14 31 0 0.00 0.0 M 12.3 23 350 M M 0 29 350
4 65 24 45 -3 20 0 0.00 M M 15.5 30 150 M M 0 39 150
5 80 33 57 9 8 0 0.00 M M 17.8 33 190 M M 0 44 190
6 82 42 62 13 3 0 0.00 M M 11.1 23 290 M M 0 41 260
7 82 44 63 14 2 0 0.00 M M 8.6 17 270 M M 0 24 270
8 80 43 62 13 3 0 0.00 M M 12.6 28 10 M M 0 37 290
9 62 35 49 -1 16 0 0.00 M M 10.4 18 140 M M 0 26 140
10 75 34 55 5 10 0 0.00 M M 22.3 38 190 M M 0 51 180
11 79 40 60 10 5 0 0.00 M M 13.1 22 220 M M 0 30 190
12 52 23 38 -12 27 0 0.01 M M 23.9 38 350 M M 0 49 350
13 35 21 28 -23 37 0 0.06 M M 9.8 20 180 M M 0 27 170
14 49 22 36 -15 29 0 0.03 M M 7.9 16 310 M M 0 23 330
15 64 21 43 -8 22 0 0.00 M M 8.9 18 340 M M 0 26 330
16 57 25 41 -11 24 0 0.00 M M 19.1 35 350 M M 0 42 350
17 57 21 39 -13 26 0 0.00 M M 9.3 20 350 M M 0 25 350
18 78 41 60 8 5 0 0.00 M M 16.8 28 340 M M 0 38 20
19 70 37 54 1 11 0 0.03 M M 10.3 25 310 M M 0 40 310
20 74 37 56 3 9 0 0.00 M M 6.1 22 190 M M 0 31 260
21 60 45 53 0 12 0 0.43 M M 7.8 21 220 M M 0 25 130
22 72 45 59 5 6 0 0.06 M M 10.5 40 340 M M 0 55 340
23 78 41 60 6 5 0 0.00 0.0 M 8.7 24 360 M M 0 33 350
24 66 40 53 -1 12 0 0.00 0.0 M 18.5 37 360 M M 0 49 340
25 68 40 54 0 11 0 0.00 M M 7.4 17 340 M M 0 24 360
26 81 39 60 5 5 0 0.00 0.0 M 9.8 20 350 M M 0 27 340
27 84 45 65 10 0 0 0.00 M M 11.1 22 350 M M 0 30 360
28 82 45 64 9 1 0 0.00 M M 17.2 32 40 M M 0 40 40
29 76 40 58 2 7 0 0.00 M M 12.0 25 360 M M 0 34 360
30 92 41 67 11 0 2 0.00 M M 8.4 16 170 M M 0 21 170
================================================================================
SM 2082 1040 381 2 0.62 0.0 373.6 M 0
================================================================================
AV 69.4 34.7 12.5 FASTST M M 0 MAX(MPH)
MISC ----> 40 340 55 340
================================================================================
NOTES:
# LAST OF SEVERAL OCCURRENCES
COLUMN 17 PEAK WIND IN M.P.H.
PRELIMINARY LOCAL CLIMATOLOGICAL DATA (WS FORM: F-6) , PAGE 2
STATION: SPRINGFIELD CO
MONTH: APRIL
YEAR: 2020
LATITUDE: 37 16 N
LONGITUDE: 102 37 W
[TEMPERATURE DATA] [PRECIPITATION DATA] SYMBOLS USED IN COLUMN 16
AVERAGE MONTHLY: 52.0 TOTAL FOR MONTH: 0.62 1 = FOG OR MIST
DPTR FM NORMAL: 0.4 DPTR FM NORMAL: -0.65 2 = FOG REDUCING VISIBILITY
HIGHEST: 92 ON 30 GRTST 24HR 0.46 ON 21-22 TO 1/4 MILE OR LESS
LOWEST: 18 ON 3 3 = THUNDER
SNOW, ICE PELLETS, HAIL 4 = ICE PELLETS
TOTAL MONTH: 0.0 INCH 5 = HAIL
GRTST 24HR 0.0 6 = FREEZING RAIN OR DRIZZLE
GRTST DEPTH: M ON M 7 = DUSTSTORM OR SANDSTORM:
VSBY 1/2 MILE OR LESS
8 = SMOKE OR HAZE
[NO. OF DAYS WITH] [WEATHER - DAYS WITH] 9 = BLOWING SNOW
X = TORNADO
MAX 32 OR BELOW: 0 0.01 INCH OR MORE: 6
MAX 90 OR ABOVE: 1 0.10 INCH OR MORE: 1
MIN 32 OR BELOW: 9 0.50 INCH OR MORE: 0
MIN 0 OR BELOW: 0 1.00 INCH OR MORE: 0
[HDD (BASE 65) ]
TOTAL THIS MO. 381 CLEAR (SCALE 0-3) 30
DPTR FM NORMAL -25 PTCLDY (SCALE 4-7) 0
TOTAL FM JUL 1 4950 CLOUDY (SCALE 8-10) 0
DPTR FM NORMAL -150
[CDD (BASE 65) ]
TOTAL THIS MO. 2
DPTR FM NORMAL -2 [PRESSURE DATA]
TOTAL FM JAN 1 2 HIGHEST SLP 30.30 ON 14
DPTR FM NORMAL -2 LOWEST SLP 29.26 ON 12
[REMARKS]
#FINAL-04-20#