000
CXUS52 KTBW 012045
CF6SPG
PRELIMINARY LOCAL CLIMATOLOGICAL DATA (WS FORM: F-6)
STATION: SAINT PETERSBURG
MONTH: NOVEMBER
YEAR: 2023
LATITUDE: 27 46 N
LONGITUDE: 82 38 W
TEMPERATURE IN F: :PCPN: SNOW: WIND :SUNSHINE: SKY :PK WND
================================================================================
1 2 3 4 5 6A 6B 7 8 9 10 11 12 13 14 15 16 17 18
12Z AVG MX 2MIN
DY MAX MIN AVG DEP HDD CDD WTR SNW DPTH SPD SPD DIR MIN PSBL S-S WX SPD DR
================================================================================
1 74 61 68 -6 0 3 0.00 0.0 0 16.2 32 50 M M 1 40 50
2 77 58 68 -6 0 3 0.00 0.0 0 17.6 24 70 M M 1 33 30
3 78 62 70 -3 0 5 0.00 0.0 0 12.8 22 60 M M 1 26 50
4 79 65 72 -1 0 7 0.00 0.0 0 12.7 20 30 M M 1 24 30
5 79 65 72 -1 0 7 0.00 0.0 0 10.5 18 10 M M 0 23 350
6 81 62 72 -1 0 7 0.00 0.0 0 5.8 12 340 M M 0 17 320
7 81 64 73 1 0 8 0.00 0.0 0 5.8 10 330 M M 0 17 300
8 84 66 75 3 0 10 0.00 0.0 0 3.5 10 330 M M 0 12 330
9 85 71 78 6 0 13 0.00 0.0 0 4.9 7 110 M M 4 12 80
10 85 72 79 7 0 14 0.00 0.0 0 4.8 12 180 M M 2 16 250
11 87 73 80 8 0 15 0.00 0.0 0 4.5 12 330 M M 1 17 340
12 84 71 78 7 0 13 T 0.0 0 8.7 22 60 M M 2 26 50
13 76 69 73 2 0 8 0.00 0.0 0 16.4 22 50 M M 9 29 30
14 75 68 72 1 0 7 0.92 0.0 0 16.1 25 80 M M 10 1 32 90
15 75 70 73 2 0 8 0.16 0.0 0 19.5 33 110 M M 9 45 110
16 77 69 73 3 0 8 0.06 0.0 0 13.9 23 90 M M 9 1 30 110
17 76 66 71 1 0 6 T 0.0 0 6.6 18 40 M M 9 18 23 40
18 76 68 72 2 0 7 0.02 0.0 0 9.5 16 340 M M 6 24 320
19 77 67 72 2 0 7 0.00 0.0 0 5.6 10 340 M M 0 13 350
20 81 66 74 4 0 9 0.00 0.0 0 5.0 17 110 M M 1 20 120
21 82 70 76 6 0 11 0.00 0.0 0 10.2 20 120 M M 1 23 120
22 75 67 71 2 0 6 0.17 0.0 0 8.8 18 160 M M 9 1 22 170
23 68 58 63 -6 2 0 0.00 0.0 0 9.5 17 10 M M 2 23 10
24 64 58 61 -8 4 0 T 0.0 0 8.9 15 20 M M 5 19 70
25 73 61 67 -2 0 2 T 0.0 0 12.2 18 60 M M 6 23 60
26 76 66 71 2 0 6 0.33 0.0 0 9.5 21 180 M M 8 1 28 180
27 69 60 65 -3 0 0 0.00 0.0 0 9.2 23 340 M M 5 32 340
28 60 53 57 -11 8 0 0.00 0.0 0 10.2 17 30 M M 1 24 10
29 65 52 59 -9 6 0 0.00 0.0 0 10.4 17 30 M M 0 22 10
30 73 54 64 -4 1 0 0.00 0.0 0 8.3 17 80 M M 0 21 80
================================================================================
SM 2292 1932 21 190 1.66 0.0 297.6 M 103
================================================================================
AV 76.4 64.4 9.9 FASTST M M 3 MAX(MPH)
MISC ----> 33 110 45 110
================================================================================
NOTES:
# LAST OF SEVERAL OCCURRENCES
COLUMN 17 PEAK WIND IN M.P.H.
PRELIMINARY LOCAL CLIMATOLOGICAL DATA (WS FORM: F-6) , PAGE 2
STATION: SAINT PETERSBURG
MONTH: NOVEMBER
YEAR: 2023
LATITUDE: 27 46 N
LONGITUDE: 82 38 W
[TEMPERATURE DATA] [PRECIPITATION DATA] SYMBOLS USED IN COLUMN 16
AVERAGE MONTHLY: 70.4 TOTAL FOR MONTH: 1.66 1 = FOG OR MIST
DPTR FM NORMAL: -0.2 DPTR FM NORMAL: 0.20 2 = FOG REDUCING VISIBILITY
HIGHEST: 87 ON 11 GRTST 24HR 0.94 ON 14-15 TO 1/4 MILE OR LESS
LOWEST: 52 ON 29 3 = THUNDER
SNOW, ICE PELLETS, HAIL 4 = ICE PELLETS
TOTAL MONTH: 0.0 INCH 5 = HAIL
GRTST 24HR 0.0 6 = FREEZING RAIN OR DRIZZLE
GRTST DEPTH: 0 7 = DUSTSTORM OR SANDSTORM:
VSBY 1/2 MILE OR LESS
8 = SMOKE OR HAZE
[NO. OF DAYS WITH] [WEATHER - DAYS WITH] 9 = BLOWING SNOW
X = TORNADO
MAX 32 OR BELOW: 0 0.01 INCH OR MORE: 6
MAX 90 OR ABOVE: 0 0.10 INCH OR MORE: 4
MIN 32 OR BELOW: 0 0.50 INCH OR MORE: 1
MIN 0 OR BELOW: 0 1.00 INCH OR MORE: 0
[HDD (BASE 65) ]
TOTAL THIS MO. 21 CLEAR (SCALE 0-3) 18
DPTR FM NORMAL 1 PTCLDY (SCALE 4-7) 6
TOTAL FM JUL 1 21 CLOUDY (SCALE 8-10) 6
DPTR FM NORMAL 2
[CDD (BASE 65) ]
TOTAL THIS MO. 190
DPTR FM NORMAL 1 [PRESSURE DATA]
TOTAL FM JAN 1 4350 HIGHEST SLP 30.24 ON 29
DPTR FM NORMAL 528 LOWEST SLP 29.74 ON 18
[REMARKS]
#FINAL-11-23#