000
CXUS54 KOUN 011257
CF6SPS
PRELIMINARY LOCAL CLIMATOLOGICAL DATA (WS FORM: F-6)
STATION: WICHITA FALLS
MONTH: FEBRUARY
YEAR: 2022
LATITUDE: 33 58 N
LONGITUDE: 98 29 W
TEMPERATURE IN F: :PCPN: SNOW: WIND :SUNSHINE: SKY :PK WND
================================================================================
1 2 3 4 5 6A 6B 7 8 9 10 11 12 13 14 15 16 17 18
12Z AVG MX 2MIN
DY MAX MIN AVG DEP HDD CDD WTR SNW DPTH SPD SPD DIR MIN PSBL S-S WX SPD DR
================================================================================
1 71 46 59 15 6 0 0.00 0.0 0 13.7 23 160 M M 4 29 190
2 47 19 33 -11 32 0 0.47 2.0 0 22.7 32 10 M M 9 1469 38 10
3 19 16 18 -26 47 0 0.04 1.0 3 21.6 31 20 M M 10 1 37 10
4 33 13 23 -21 42 0 0.00 0.0 3 10.8 20 360 M M 3 23 350
5 47 15 31 -13 34 0 0.00 0.0 2 9.2 18 170 M M 0 22 160
6 52 24 38 -6 27 0 0.00 0.0 1 8.6 13 40 M M 0 16 180
7 57 29 43 -2 22 0 0.00 0.0 0 9.5 14 220 M M 0 17 220
8 68 33 51 6 14 0 0.00 0.0 0 12.8 23 220 M M 0 28 220
9 69 27 48 3 17 0 0.00 0.0 0 6.5 12 320 M M 0 14 280
10 69 34 52 7 13 0 0.00 0.0 0 6.3 13 360 M M 2 15 340
11 71 36 54 9 11 0 0.00 0.0 0 15.7 31 20 M M 1 39 20
12 50 26 38 -8 27 0 0.00 0.0 0 16.3 37 30 M M 4 44 10
13 63 26 45 -1 20 0 0.00 0.0 0 8.4 15 230 M M 0 18 230
14 73 34 54 8 11 0 0.00 0.0 0 11.5 21 170 M M 0 26 170
15 74 40 57 11 8 0 0.00 0.0 0 18.5 33 180 M M 2 40 190
16 78 56 67 21 0 2 0.00 0.0 0 18.5 31 190 M M 3 38 200
17 63 25 44 -3 21 0 0.26 0.0 0 19.7 36 350 M M 7 13 45 270
18 53 20 37 -10 28 0 0.00 0.0 0 4.6 13 210 M M 0 16 220
19 66 28 47 0 18 0 0.00 0.0 0 7.8 21 140 M M 0 25 140
20 75 42 59 12 6 0 0.00 0.0 0 18.7 30 160 M M 0 35 160
21 77 45 61 13 4 0 0.06 0.0 0 14.7 30 200 M M 2 39 200
22 62 24 43 -5 22 0 0.00 0.0 0 17.7 29 20 M M 3 33 360
23 24 16 20 -28 45 0 0.32 0.9 T 17.4 31 20 M M 8 3469 40 20
24 28 17 23 -25 42 0 0.00 0.0 1 9.4 15 340 M M 8 18 350
25 34 14 24 -25 41 0 0.00 0.0 0 9.1 17 20 M M 1 22 10
26 37 25 31 -18 34 0 0.00 0.0 0 6.1 14 40 M M 8 16 30
27 58 24 41 -8 24 0 0.00 0.0 0 8.0 15 10 M M 0 18 30
28 66 24 45 -5 20 0 0.00 0.0 0 6.7 15 240 M M 4 18 240
================================================================================
SM 1584 778 636 2 1.15 3.9 350.5 M 79
================================================================================
AV 56.6 27.8 12.5 FASTST M M 3 MAX(MPH)
MISC ----> 37 30 45 270
================================================================================
NOTES:
# LAST OF SEVERAL OCCURRENCES
COLUMN 17 PEAK WIND IN M.P.H.
PRELIMINARY LOCAL CLIMATOLOGICAL DATA (WS FORM: F-6) , PAGE 2
STATION: WICHITA FALLS
MONTH: FEBRUARY
YEAR: 2022
LATITUDE: 33 58 N
LONGITUDE: 98 29 W
[TEMPERATURE DATA] [PRECIPITATION DATA] SYMBOLS USED IN COLUMN 16
AVERAGE MONTHLY: 42.2 TOTAL FOR MONTH: 1.15 1 = FOG OR MIST
DPTR FM NORMAL: -4.1 DPTR FM NORMAL: -0.25 2 = FOG REDUCING VISIBILITY
HIGHEST: 78 ON 16 GRTST 24HR 0.50 ON 2- 3 TO 1/4 MILE OR LESS
LOWEST: 13 ON 4 3 = THUNDER
SNOW, ICE PELLETS, HAIL 4 = ICE PELLETS
TOTAL MONTH: 3.9 INCHES 5 = HAIL
GRTST 24HR 2.0 ON 2- 2 6 = FREEZING RAIN OR DRIZZLE
GRTST DEPTH: 3 ON 3, 4 7 = DUSTSTORM OR SANDSTORM:
VSBY 1/2 MILE OR LESS
8 = SMOKE OR HAZE
[NO. OF DAYS WITH] [WEATHER - DAYS WITH] 9 = BLOWING SNOW
X = TORNADO
MAX 32 OR BELOW: 3 0.01 INCH OR MORE: 5
MAX 90 OR ABOVE: 0 0.10 INCH OR MORE: 3
MIN 32 OR BELOW: 19 0.50 INCH OR MORE: 0
MIN 0 OR BELOW: 0 1.00 INCH OR MORE: 0
[HDD (BASE 65) ]
TOTAL THIS MO. 636 CLEAR (SCALE 0-3) 19
DPTR FM NORMAL 109 PTCLDY (SCALE 4-7) 4
TOTAL FM JUL 1 2010 CLOUDY (SCALE 8-10) 5
DPTR FM NORMAL -386
[CDD (BASE 65) ]
TOTAL THIS MO. 2
DPTR FM NORMAL -1 [PRESSURE DATA]
TOTAL FM JAN 1 2 HIGHEST SLP 30.70 ON 4
DPTR FM NORMAL 1 LOWEST SLP 29.59 ON 17
[REMARKS]
#FINAL-02-22#